{"id":61617,"date":"2026-08-31T08:25:45","date_gmt":"2026-08-31T06:25:45","guid":{"rendered":"https:\/\/czk-cakovec.hr\/hr\/?post_type=tribe_events&#038;p=61617"},"modified":"2026-08-31T08:26:52","modified_gmt":"2026-08-31T06:26:52","slug":"61617","status":"publish","type":"tribe_events","link":"https:\/\/czk-cakovec.hr\/hr\/event\/61617\/","title":{"rendered":"LIDIJA BAJUK \u2013 40 godina umjetni\u010dkog rada | ETO, ETNO! festival"},"content":{"rendered":"<p>\u010detvrtak, 24. rujna 2026. u 20.00 sati<\/p>\n<p>Tribina <em>\u010cakovec \u010detvrtkom<\/em><\/p>\n<p><strong>LIDIJA BAJUK \u2013<\/strong> <em>40 godina umjetni\u010dkog rada<\/em><\/p>\n<p>U sklopu festivala <em>Eto, etno!<\/em> ro\u0111ena \u010cakov\u010danka Lidija Bajuk priredit \u0107e nam koncert kojim \u0107e proslaviti \u010detiri desetlje\u0107a svog umjetni\u010dkog djelovanja.<\/p>\n<p>Bajuk je danas jedno od najprepoznatljivijih imena suvremene hrvatske etno glazbe. Svoje je glazbeno putovanje zapo\u010dela s violinom, no gitara \u2013 ona koju je prona\u0161la u o\u010devu podrumu i svirala \u010dak i tijekom oporavka u bolnici \u2013 postala je njezin do\u017eivotni pratitelj i alat umjetni\u010dkog izraza.<\/p>\n<p>Karijeru je gradila nastupaju\u0107i kao predizvo\u0111a\u010dica velikana svjetske glazbene scene, me\u0111u kojima su John Mayall i Joan Baez, a s vremenom je izgradila prepoznatljiv autorski izri\u010daj koji tradicijsko naslje\u0111e Me\u0111imurja spaja sa suvremenim glazbenim senzibilitetom. Njezin je rad prepoznala i cijenila i legendarna me\u0111imurska pjeva\u010dica Elizabeta Toplek, Teta Liza.<\/p>\n<p>Osim bogate diskografije od pet samostalnih albuma i brojnih gostovanja na kompilacijskim izdanjima, Lidija Bajuk ostavila je zna\u010dajan trag i u pisanoj rije\u010di \u2013 kao pjesnikinja, kantautorica i autorica etnolo\u0161kih djela poput knjige <em>Kneja<\/em>. \u010clanica je Dru\u0161tva hrvatskih knji\u017eevnika i Hrvatske zajednice samostalnih umjetnika.<\/p>\n<p>&nbsp;<\/p>\n<p>o festivalu:<\/p>\n<p><strong><em>ETO, ETNO!<\/em><\/strong><\/p>\n<p><strong>etno festival<\/strong><\/p>\n<ol start=\"23\">\n<li>\u2013 24. rujna 2026.<\/li>\n<\/ol>\n<p>uz Me\u0111unarodni dan kulturne ba\u0161tine<\/p>\n<p>Ove jeseni otvaramo vrata novom zvuku \u2013 festivalu etno glazbe <em>Eto, etno!<\/em><\/p>\n<p>Neke stvari zaslu\u017euju da ih \u010dujemo, ne samo da ih pamtimo. Ba\u0161tina nije ne\u0161to \u0161to stoji zaklju\u010dano u vitrini \u2013 ona di\u0161e, pjeva, mijenja se s nama, a mi smo je odlu\u010dili pustiti da progovori kroz glazbu.<\/p>\n<p>Festival smo povezali s 23. rujna, Me\u0111unarodnim danom kulturne ba\u0161tine, koji se ove godine poklapa i s Danima europske ba\u0161tine. U dvije ve\u010deri, srijedu, 23. i \u010detvrtak, 24. rujna \u2013 posvetit \u0107emo se onome \u0161to nas \u010dini onime \u0161to jesmo: izvornim zvukovima koji su pre\u017eivjeli generacije, i suvremenim glazbenicima koji im daju novi dah.<\/p>\n<p><em>Eto, etno! <\/em>nije samo naziv \u2013 to je poziv, poziv da se vratimo korijenima, ali u\u0161iju otvorenih za sve \u0161to dolazi poslije njih.<\/p>\n","protected":false},"excerpt":{"rendered":"<p>\u010detvrtak, 24. rujna 2026. u 20.00 sati Tribina \u010cakovec \u010detvrtkom LIDIJA BAJUK \u2013 40 godina umjetni\u010dkog rada U sklopu festivala Eto, etno! ro\u0111ena \u010cakov\u010danka Lidija Bajuk priredit \u0107e nam koncert&hellip;<\/p>\n","protected":false},"author":1,"featured_media":61618,"template":"","meta":{"_EventStartDate":"2026-09-24 20:00:00","_EventURL":""},"tags":[],"tribe_events_cat":[373,219],"class_list":["post-61617","tribe_events","type-tribe_events","status-publish","has-post-thumbnail","hentry","tribe_events_cat-glazba","tribe_events_cat-tribina-cc","cat_glazba","cat_tribina-cc"],"_links":{"self":[{"href":"https:\/\/czk-cakovec.hr\/hr\/wp-json\/wp\/v2\/tribe_events\/61617","targetHints":{"allow":["GET"]}}],"collection":[{"href":"https:\/\/czk-cakovec.hr\/hr\/wp-json\/wp\/v2\/tribe_events"}],"about":[{"href":"https:\/\/czk-cakovec.hr\/hr\/wp-json\/wp\/v2\/types\/tribe_events"}],"author":[{"embeddable":true,"href":"https:\/\/czk-cakovec.hr\/hr\/wp-json\/wp\/v2\/users\/1"}],"version-history":[{"count":4,"href":"https:\/\/czk-cakovec.hr\/hr\/wp-json\/wp\/v2\/tribe_events\/61617\/revisions"}],"predecessor-version":[{"id":61622,"href":"https:\/\/czk-cakovec.hr\/hr\/wp-json\/wp\/v2\/tribe_events\/61617\/revisions\/61622"}],"wp:featuredmedia":[{"embeddable":true,"href":"https:\/\/czk-cakovec.hr\/hr\/wp-json\/wp\/v2\/media\/61618"}],"wp:attachment":[{"href":"https:\/\/czk-cakovec.hr\/hr\/wp-json\/wp\/v2\/media?parent=61617"}],"wp:term":[{"taxonomy":"post_tag","embeddable":true,"href":"https:\/\/czk-cakovec.hr\/hr\/wp-json\/wp\/v2\/tags?post=61617"},{"taxonomy":"tribe_events_cat","embeddable":true,"href":"https:\/\/czk-cakovec.hr\/hr\/wp-json\/wp\/v2\/tribe_events_cat?post=61617"}],"curies":[{"name":"wp","href":"https:\/\/api.w.org\/{rel}","templated":true}]}}

LIDIJA BAJUK – 40 godina umjetničkog rada | ETO, ETNO! festival

<p>četvrtak, 24. rujna 2026. u 20.00 sati</p>
<p>Tribina <em>Čakovec četvrtkom</em></p>
<p><strong>LIDIJA BAJUK –</strong> <em>40 godina umjetničkog rada</em></p>
<p>U sklopu festivala <em>Eto, etno!</em> rođena Čakovčanka Lidija Bajuk priredit će nam koncert kojim će proslaviti četiri desetljeća svog umjetničkog djelovanja.</p>
<p>Bajuk je danas jedno od najprepoznatljivijih imena suvremene hrvatske etno glazbe. Svoje je glazbeno putovanje započela s violinom, no gitara – ona koju je pronašla u očevu podrumu i svirala čak i tijekom oporavka u bolnici – postala je njezin doživotni pratitelj i alat umjetničkog izraza.</p>
<p>Karijeru je gradila nastupajući kao predizvođačica velikana svjetske glazbene scene, među kojima su John Mayall i Joan Baez, a s vremenom je izgradila prepoznatljiv autorski izričaj koji tradicijsko nasljeđe Međimurja spaja sa suvremenim glazbenim senzibilitetom. Njezin je rad prepoznala i cijenila i legendarna međimurska pjevačica Elizabeta Toplek, Teta Liza.</p>
<p>Osim bogate diskografije od pet samostalnih albuma i brojnih gostovanja na kompilacijskim izdanjima, Lidija Bajuk ostavila je značajan trag i u pisanoj riječi – kao pjesnikinja, kantautorica i autorica etnoloških djela poput knjige <em>Kneja</em>. Članica je Društva hrvatskih književnika i Hrvatske zajednice samostalnih umjetnika.</p>
<p>&nbsp;</p>
<p>o festivalu:</p>
<p><strong><em>ETO, ETNO!</em></strong></p>
<p><strong>etno festival</strong></p>
<ol start="23">
<li>– 24. rujna 2026.</li>
</ol>
<p>uz Međunarodni dan kulturne baštine</p>
<p>Ove jeseni otvaramo vrata novom zvuku – festivalu etno glazbe <em>Eto, etno!</em></p>
<p>Neke stvari zaslužuju da ih čujemo, ne samo da ih pamtimo. Baština nije nešto što stoji zaključano u vitrini – ona diše, pjeva, mijenja se s nama, a mi smo je odlučili pustiti da progovori kroz glazbu.</p>
<p>Festival smo povezali s 23. rujna, Međunarodnim danom kulturne baštine, koji se ove godine poklapa i s Danima europske baštine. U dvije večeri, srijedu, 23. i četvrtak, 24. rujna – posvetit ćemo se onome što nas čini onime što jesmo: izvornim zvukovima koji su preživjeli generacije, i suvremenim glazbenicima koji im daju novi dah.</p>
<p><em>Eto, etno! </em>nije samo naziv – to je poziv, poziv da se vratimo korijenima, ali ušiju otvorenih za sve što dolazi poslije njih.</p>

<p>četvrtak, 24. rujna 2026. u 20.00 sati Tribina Čakovec četvrtkom LIDIJA BAJUK – 40 godina umjetničkog rada U sklopu festivala Eto, etno! rođena Čakovčanka Lidija Bajuk priredit će nam koncert&hellip;</p>
