{"id":46003,"date":"2024-11-27T09:26:06","date_gmt":"2024-11-27T08:26:06","guid":{"rendered":"https:\/\/czk-cakovec.hr\/?post_type=class&#038;p=46003"},"modified":"2024-12-05T08:02:17","modified_gmt":"2024-12-05T07:02:17","slug":"4-vecer-amatera-da-nam-pak-dojde-to-vreme","status":"publish","type":"class","link":"https:\/\/czk-cakovec.hr\/saturn\/class\/4-vecer-amatera-da-nam-pak-dojde-to-vreme\/","title":{"rendered":"4. ve\u010der amatera \/ DA NAM PAK DOJDE TO VREME"},"content":{"rendered":"\n<p>srijeda, 4. prosinca 2024. u 19.00 sati<\/p>\n\n\n\n<p><strong>4. VE\u010cER AMATERA<\/strong><\/p>\n\n\n\n<p><strong>Da nam pak dojde to vreme<\/strong><\/p>\n\n\n\n<p>Me\u0111u prvim prosina\u010dkim doga\u0111anjima u Centru za kulturu je i 4. Ve\u010der amatera, folklorna ve\u010der pod nazivom \u201eDa nam pak dojde to vreme.\u201c<\/p>\n\n\n\n<p>I ove \u0107e se godine na na\u0161oj pozornici susresti \u0161est kulturno umjetni\u010dkih udruga i dru\u0161tava s podru\u010dja Grada \u010cakovca, a pridru\u017eit \u0107e im se gosti iz susjednog Nedeli\u0161\u0107a.<\/p>\n\n\n\n<p>Bogatim programom koji \u0107e nas lagano uvesti u predblagdansko ozra\u010dje, predstavit \u0107e se KUD \u0160andorovec, KUD \u201eKatru\u017ee\u201c Ivanovec, KUU Veseli Me\u0111imurci, KUD \u017di\u0161kovec, KUD Mihovljan Kalinka, Udruga ruskog govornog podru\u010dja u Me\u0111imurju \u201eKalinka\u201c te KUU \u201eSelja\u010dka sloga\u201c Nedeli\u0161\u0107e.<\/p>\n\n\n\n<p><\/p>\n\n\n\n<p>Ulaznica: 5,00 \u20ac<a href=\"https:\/\/czk-cakovec.hr\/wp-content\/uploads\/2024\/10\/CHMR_R4_20.tif\"><img loading=\"lazy\" decoding=\"async\" width=\"1\" height=\"1\" src=\"https:\/\/czk-cakovec.hr\/wp-content\/uploads\/2024\/10\/CHMR_R4_20.tif\" alt=\"\"><\/a>\u00a0<a href=\"https:\/\/czk-cakovec.hr\/wp-content\/uploads\/2024\/10\/CHMR_R4_21.tif\"><img loading=\"lazy\" decoding=\"async\" width=\"1\" height=\"1\" src=\"https:\/\/czk-cakovec.hr\/wp-content\/uploads\/2024\/10\/CHMR_R4_21.tif\" alt=\"\"><\/a><\/p>\n","protected":false},"excerpt":{"rendered":"<p>srijeda, 4. prosinca 2024. u 19.00 sati<\/p>\n","protected":false},"featured_media":46032,"template":"","meta":{"inline_featured_image":false},"wcs-type":[25],"wcs-room":[10],"wcs-instructor":[],"class_list":["post-46003","class","type-class","status-publish","has-post-thumbnail","hentry","wcs-type-koncert","wcs-room-dvorana-czk"],"ulaznica_data":null,"_links":{"self":[{"href":"https:\/\/czk-cakovec.hr\/saturn\/wp-json\/wp\/v2\/class\/46003","targetHints":{"allow":["GET"]}}],"collection":[{"href":"https:\/\/czk-cakovec.hr\/saturn\/wp-json\/wp\/v2\/class"}],"about":[{"href":"https:\/\/czk-cakovec.hr\/saturn\/wp-json\/wp\/v2\/types\/class"}],"wp:featuredmedia":[{"embeddable":true,"href":"https:\/\/czk-cakovec.hr\/saturn\/wp-json\/wp\/v2\/media\/46032"}],"wp:attachment":[{"href":"https:\/\/czk-cakovec.hr\/saturn\/wp-json\/wp\/v2\/media?parent=46003"}],"wp:term":[{"taxonomy":"wcs-type","embeddable":true,"href":"https:\/\/czk-cakovec.hr\/saturn\/wp-json\/wp\/v2\/wcs-type?post=46003"},{"taxonomy":"wcs-room","embeddable":true,"href":"https:\/\/czk-cakovec.hr\/saturn\/wp-json\/wp\/v2\/wcs-room?post=46003"},{"taxonomy":"wcs-instructor","embeddable":true,"href":"https:\/\/czk-cakovec.hr\/saturn\/wp-json\/wp\/v2\/wcs-instructor?post=46003"}],"curies":[{"name":"wp","href":"https:\/\/api.w.org\/{rel}","templated":true}]}}

4. večer amatera / DA NAM PAK DOJDE TO VREME

<p>srijeda, 4. prosinca 2024. u 19.00 sati</p>



<p><strong>4. VEČER AMATERA</strong></p>



<p><strong>Da nam pak dojde to vreme</strong></p>



<p>Među prvim prosinačkim događanjima u Centru za kulturu je i 4. Večer amatera, folklorna večer pod nazivom „Da nam pak dojde to vreme.“</p>



<p>I ove će se godine na našoj pozornici susresti šest kulturno umjetničkih udruga i društava s područja Grada Čakovca, a pridružit će im se gosti iz susjednog Nedelišća.</p>



<p>Bogatim programom koji će nas lagano uvesti u predblagdansko ozračje, predstavit će se KUD Šandorovec, KUD „Katruže“ Ivanovec, KUU Veseli Međimurci, KUD Žiškovec, KUD Mihovljan Kalinka, Udruga ruskog govornog područja u Međimurju „Kalinka“ te KUU „Seljačka sloga“ Nedelišće.</p>



<p></p>



<p>Ulaznica: 5,00 €<a href="https://czk-cakovec.hr/wp-content/uploads/2024/10/CHMR_R4_20.tif"><img loading="lazy" decoding="async" width="1" height="1" src="https://czk-cakovec.hr/wp-content/uploads/2024/10/CHMR_R4_20.tif" alt=""></a> <a href="https://czk-cakovec.hr/wp-content/uploads/2024/10/CHMR_R4_21.tif"><img loading="lazy" decoding="async" width="1" height="1" src="https://czk-cakovec.hr/wp-content/uploads/2024/10/CHMR_R4_21.tif" alt=""></a></p>
