{"id":46772,"date":"2025-04-01T08:55:03","date_gmt":"2025-04-01T06:55:03","guid":{"rendered":"https:\/\/czk-cakovec.hr\/?post_type=class&#038;p=46772"},"modified":"2025-04-17T08:41:18","modified_gmt":"2025-04-17T06:41:18","slug":"medunarodno-gudacko-natjecanje-rudolf-matz-zatvaranje-natjecanja-tribina-cc","status":"publish","type":"class","link":"https:\/\/czk-cakovec.hr\/saturn\/class\/medunarodno-gudacko-natjecanje-rudolf-matz-zatvaranje-natjecanja-tribina-cc\/","title":{"rendered":"Me\u0111unarodno guda\u010dko natjecanje \u201eRudolf Matz\u201c \/ Zatvaranje natjecanja \/ Tribina \u010c\u010c"},"content":{"rendered":"\n<p>Me\u0111unarodno guda\u010dko natjecanje \u201eRudolf Matz\u201c glazbena je manifestacija koja se odr\u017eava bijenalno, sa sudionicima iz \u010ditavog svijeta te najuglednijim svjetskim i hrvatskim glazbenicima i glazbenim pedagozima kao \u010dlanovima ocjenjiva\u010dkog suda. Ovo je natjecanje jedinstveno zahvaljuju\u0107i specifi\u010dnim propozicijama \u2013 namijenjeno je violinistima, violistima, violon\u010delistima i kontrabasistima koji se natje\u010du u istoj konkurenciji \u010dime je naglasak pri ocjenjivanju stavljen prvenstveno na kvalitetu izvedbe, muziciranje i talent. Jo\u0161 jedna specifi\u010dnost je to \u0161to nema dobnih kategorija, ve\u0107 je kategorizacija prema godinama u\u010denja instrumenta.<\/p>\n\n\n\n<p>Natjecanje ove godine traje od 22. do 24. travnja. U utorak, 22. travnja u 20 sati, recital \u0107e odr\u017eati Ana Labazan Braj\u0161a, koja je 2023. godine na 19. Me\u0111unarodnom guda\u010dkom natjecanju \u201eRudolf Matz\u201c primila Nagradu Grada \u010cakovca i bila progla\u0161ena apsolutnom pobjednicom natjecanja.<\/p>\n\n\n\n<p><strong>U \u010detvrtak, 24. travnja u 20 sati, na Tribini \u201e\u010cakovec \u010detvrtkom\u201c<\/strong>, prisustvovat \u0107emo zatvaranju natjecanja. Nastupit \u0107e ovogodi\u0161nji laureati iz svih kategorija, a proglasit \u0107e se i nagraditi apsolutni pobjednik ovogodi\u0161njeg natjecanja.<\/p>\n\n\n\n<p><strong>Ulaz slobodan!<\/strong><\/p>\n","protected":false},"excerpt":{"rendered":"<p>Me\u0111unarodno guda\u010dko natjecanje \u201eRudolf Matz\u201c glazbena je manifestacija koja se odr\u017eava bijenalno, sa sudionicima iz \u010ditavog svijeta te najuglednijim svjetskim i hrvatskim glazbenicima i glazbenim pedagozima kao \u010dlanovima ocjenjiva\u010dkog suda. Ovo je natjecanje jedinstveno zahvaljuju\u0107i specifi\u010dnim propozicijama \u2013 namijenjeno je violinistima, violistima, violon\u010delistima i kontrabasistima koji se natje\u010du u istoj konkurenciji \u010dime je naglasak pri ocjenjivanju stavljen prvenstveno na kvalitetu [&hellip;]<\/p>\n","protected":false},"featured_media":46774,"template":"","meta":{"inline_featured_image":false},"wcs-type":[25,23],"wcs-room":[10],"wcs-instructor":[],"class_list":["post-46772","class","type-class","status-publish","has-post-thumbnail","hentry","wcs-type-koncert","wcs-type-tribina-cc","wcs-room-dvorana-czk"],"ulaznica_data":null,"_links":{"self":[{"href":"https:\/\/czk-cakovec.hr\/saturn\/wp-json\/wp\/v2\/class\/46772","targetHints":{"allow":["GET"]}}],"collection":[{"href":"https:\/\/czk-cakovec.hr\/saturn\/wp-json\/wp\/v2\/class"}],"about":[{"href":"https:\/\/czk-cakovec.hr\/saturn\/wp-json\/wp\/v2\/types\/class"}],"wp:featuredmedia":[{"embeddable":true,"href":"https:\/\/czk-cakovec.hr\/saturn\/wp-json\/wp\/v2\/media\/46774"}],"wp:attachment":[{"href":"https:\/\/czk-cakovec.hr\/saturn\/wp-json\/wp\/v2\/media?parent=46772"}],"wp:term":[{"taxonomy":"wcs-type","embeddable":true,"href":"https:\/\/czk-cakovec.hr\/saturn\/wp-json\/wp\/v2\/wcs-type?post=46772"},{"taxonomy":"wcs-room","embeddable":true,"href":"https:\/\/czk-cakovec.hr\/saturn\/wp-json\/wp\/v2\/wcs-room?post=46772"},{"taxonomy":"wcs-instructor","embeddable":true,"href":"https:\/\/czk-cakovec.hr\/saturn\/wp-json\/wp\/v2\/wcs-instructor?post=46772"}],"curies":[{"name":"wp","href":"https:\/\/api.w.org\/{rel}","templated":true}]}}

Međunarodno gudačko natjecanje „Rudolf Matz“ / Zatvaranje natjecanja / Tribina ČČ

<p>Međunarodno gudačko natjecanje „Rudolf Matz“ glazbena je manifestacija koja se održava bijenalno, sa sudionicima iz čitavog svijeta te najuglednijim svjetskim i hrvatskim glazbenicima i glazbenim pedagozima kao članovima ocjenjivačkog suda. Ovo je natjecanje jedinstveno zahvaljujući specifičnim propozicijama – namijenjeno je violinistima, violistima, violončelistima i kontrabasistima koji se natječu u istoj konkurenciji čime je naglasak pri ocjenjivanju stavljen prvenstveno na kvalitetu izvedbe, muziciranje i talent. Još jedna specifičnost je to što nema dobnih kategorija, već je kategorizacija prema godinama učenja instrumenta.</p>



<p>Natjecanje ove godine traje od 22. do 24. travnja. U utorak, 22. travnja u 20 sati, recital će održati Ana Labazan Brajša, koja je 2023. godine na 19. Međunarodnom gudačkom natjecanju „Rudolf Matz“ primila Nagradu Grada Čakovca i bila proglašena apsolutnom pobjednicom natjecanja.</p>



<p><strong>U četvrtak, 24. travnja u 20 sati, na Tribini „Čakovec četvrtkom“</strong>, prisustvovat ćemo zatvaranju natjecanja. Nastupit će ovogodišnji laureati iz svih kategorija, a proglasit će se i nagraditi apsolutni pobjednik ovogodišnjeg natjecanja.</p>



<p><strong>Ulaz slobodan!</strong></p>

<p>Međunarodno gudačko natjecanje „Rudolf Matz“ glazbena je manifestacija koja se održava bijenalno, sa sudionicima iz čitavog svijeta te najuglednijim svjetskim i hrvatskim glazbenicima i glazbenim pedagozima kao članovima ocjenjivačkog suda. Ovo je natjecanje jedinstveno zahvaljujući specifičnim propozicijama – namijenjeno je violinistima, violistima, violončelistima i kontrabasistima koji se natječu u istoj konkurenciji čime je naglasak pri ocjenjivanju stavljen prvenstveno na kvalitetu [&hellip;]</p>
