{"id":46831,"date":"2025-04-25T11:42:18","date_gmt":"2025-04-25T09:42:18","guid":{"rendered":"https:\/\/czk-cakovec.hr\/?post_type=class&#038;p=46831"},"modified":"2025-05-12T09:36:16","modified_gmt":"2025-05-12T07:36:16","slug":"52-majski-muzicki-memorijal-josip-stolcer-slavenski-otvorenje-izlozbe-milo-sakac-zemla-moja-medimurska","status":"publish","type":"class","link":"https:\/\/czk-cakovec.hr\/saturn\/class\/52-majski-muzicki-memorijal-josip-stolcer-slavenski-otvorenje-izlozbe-milo-sakac-zemla-moja-medimurska\/","title":{"rendered":"52. Majski muzi\u010dki memorijal \u201eJosip \u0160tolcer Slavenski\u201c \/ IZLO\u017dBA MILO SAKA\u010c: Zemla moja me\u0111imurska"},"content":{"rendered":"\n<p><strong>Izlo\u017eba uz Majski muzi\u010dki memorijal \u201eJosip \u0160tolcer Slavenski\u201c<\/strong><\/p>\n\n\n\n<p>otvorenje izlo\u017ebe: \u010detvrtak, 8. svibnja 2025. u 19.00 sati<\/p>\n\n\n\n<p><strong>Milo Saka\u010d: Zemla moja me\u0111imurska<\/strong><\/p>\n\n\n\n<p>BIOGRAFIJA:<\/p>\n\n\n\n<p>Ro\u0111en 1963. godine u \u010cakovcu, \u0161kolu poha\u0111ao u Lendavi i Mariboru, diplomirao na Arhitektonskom fakultetu Sveu\u010dili\u0161ta u Zagrebu 1988.. Radi kao arhitekt i paralelno slika,<\/p>\n\n\n\n<p>2017.\/18. otvara slikarski atelijer u Be\u010du, ljeti boravi i radi u Omi\u0161u u atelijeru i galeriji.<\/p>\n\n\n\n<p>\u010clan je udru\u017eenja likovnih umjetnika: grupe Q202 Leopoldstadt Wien, te Produzentengalerie Wien i Hungarian visual artist Worldwide, HDLU Vara\u017edin. Ove godine obilje\u017eava 37 godina od svoje prve samostalne izlo\u017ebe. Slikarske tehnike: akvarel, akril, kombinirane tehnike, tu\u0161, ugljen, kola\u017e, ..<\/p>\n\n\n\n<p><strong>O IZLO\u017dBI<\/strong>:<\/p>\n\n\n\n<p>U nizu slika koje pulsiraju bojama, teksturama i unutarnjom ritmikom, postupno se razotkriva narativ o umjetnicima razdvojenima vremenom, ali povezanima zajedni\u010dkim prostorom \u2013 kako geografskim, tako i duhovnim. S jedne strane stoji Josip \u0160tolcer Slavenski, skladatelj iz \u010cakovca, glazbeni vizionar koji je jo\u0161 u prvoj polovici 20. stolje\u0107a kro\u010dio stazama izvan zadanih normi, eksperimentiraju\u0107i s folklornim impulsima, akusti\u010dkim zakonitostima i duhovnim horizontima Orijenta. S druge strane Kristian Novak, suvremeni knji\u017eevnik \u010dije nas djelo \u010crna mati zemla odvodi u srce me\u0111imurske zemlje, kroz mit, tjeskobu, traumu i nje\u017enost djetinjstva. S tre\u0107e strane izlo\u017eba slika Mile Saka\u010da \u2013 koji ne tra\u017ei granicu izme\u0111u njih, ve\u0107 mjesto susreta. Slike koje gledamo proiza\u0161le su iz procesa duboke intermedijalne inspiracije, gdje su se zvuk i rije\u010d stopili u vizualni izraz. One ne ilustriraju glazbu \u0160tolcera Slavenskog niti roman Kristiana Novaka \u2013 umjesto toga, Saka\u010d je posegnuo za njihovom unutarnjom sr\u017ei: za atmosferom, za vibracijom, za emocionalnom istinom koja se ne mo\u017ee prevesti, ali mo\u017ee osjetiti. Tekst: iz predgovora kataloga: dr. sc. Magdalena Getaldi\u0107<\/p>\n\n\n\n<p>Trajanje izlo\u017ebe: <strong>8. 5. &#8211; 25. 5. 2025.<\/strong><\/p>\n\n\n\n<p><\/p>\n","protected":false},"excerpt":{"rendered":"<p>otvorenje izlo\u017ebe: \u010detvrtak, 8. svibnja 2025. u 19.00 sati<\/p>\n","protected":false},"featured_media":46830,"template":"","meta":{"inline_featured_image":false},"wcs-type":[13,25,184],"wcs-room":[15],"wcs-instructor":[],"class_list":["post-46831","class","type-class","status-publish","has-post-thumbnail","hentry","wcs-type-izlozbe","wcs-type-koncert","wcs-type-mmmjs-slavenski","wcs-room-galerija-czk"],"ulaznica_data":null,"_links":{"self":[{"href":"https:\/\/czk-cakovec.hr\/saturn\/wp-json\/wp\/v2\/class\/46831","targetHints":{"allow":["GET"]}}],"collection":[{"href":"https:\/\/czk-cakovec.hr\/saturn\/wp-json\/wp\/v2\/class"}],"about":[{"href":"https:\/\/czk-cakovec.hr\/saturn\/wp-json\/wp\/v2\/types\/class"}],"wp:featuredmedia":[{"embeddable":true,"href":"https:\/\/czk-cakovec.hr\/saturn\/wp-json\/wp\/v2\/media\/46830"}],"wp:attachment":[{"href":"https:\/\/czk-cakovec.hr\/saturn\/wp-json\/wp\/v2\/media?parent=46831"}],"wp:term":[{"taxonomy":"wcs-type","embeddable":true,"href":"https:\/\/czk-cakovec.hr\/saturn\/wp-json\/wp\/v2\/wcs-type?post=46831"},{"taxonomy":"wcs-room","embeddable":true,"href":"https:\/\/czk-cakovec.hr\/saturn\/wp-json\/wp\/v2\/wcs-room?post=46831"},{"taxonomy":"wcs-instructor","embeddable":true,"href":"https:\/\/czk-cakovec.hr\/saturn\/wp-json\/wp\/v2\/wcs-instructor?post=46831"}],"curies":[{"name":"wp","href":"https:\/\/api.w.org\/{rel}","templated":true}]}}

52. Majski muzički memorijal „Josip Štolcer Slavenski“ / IZLOŽBA MILO SAKAČ: Zemla moja međimurska

<p><strong>Izložba uz Majski muzički memorijal „Josip Štolcer Slavenski“</strong></p>



<p>otvorenje izložbe: četvrtak, 8. svibnja 2025. u 19.00 sati</p>



<p><strong>Milo Sakač: Zemla moja međimurska</strong></p>



<p>BIOGRAFIJA:</p>



<p>Rođen 1963. godine u Čakovcu, školu pohađao u Lendavi i Mariboru, diplomirao na Arhitektonskom fakultetu Sveučilišta u Zagrebu 1988.. Radi kao arhitekt i paralelno slika,</p>



<p>2017./18. otvara slikarski atelijer u Beču, ljeti boravi i radi u Omišu u atelijeru i galeriji.</p>



<p>Član je udruženja likovnih umjetnika: grupe Q202 Leopoldstadt Wien, te Produzentengalerie Wien i Hungarian visual artist Worldwide, HDLU Varaždin. Ove godine obilježava 37 godina od svoje prve samostalne izložbe. Slikarske tehnike: akvarel, akril, kombinirane tehnike, tuš, ugljen, kolaž, ..</p>



<p><strong>O IZLOŽBI</strong>:</p>



<p>U nizu slika koje pulsiraju bojama, teksturama i unutarnjom ritmikom, postupno se razotkriva narativ o umjetnicima razdvojenima vremenom, ali povezanima zajedničkim prostorom – kako geografskim, tako i duhovnim. S jedne strane stoji Josip Štolcer Slavenski, skladatelj iz Čakovca, glazbeni vizionar koji je još u prvoj polovici 20. stoljeća kročio stazama izvan zadanih normi, eksperimentirajući s folklornim impulsima, akustičkim zakonitostima i duhovnim horizontima Orijenta. S druge strane Kristian Novak, suvremeni književnik čije nas djelo Črna mati zemla odvodi u srce međimurske zemlje, kroz mit, tjeskobu, traumu i nježnost djetinjstva. S treće strane izložba slika Mile Sakača – koji ne traži granicu između njih, već mjesto susreta. Slike koje gledamo proizašle su iz procesa duboke intermedijalne inspiracije, gdje su se zvuk i riječ stopili u vizualni izraz. One ne ilustriraju glazbu Štolcera Slavenskog niti roman Kristiana Novaka – umjesto toga, Sakač je posegnuo za njihovom unutarnjom srži: za atmosferom, za vibracijom, za emocionalnom istinom koja se ne može prevesti, ali može osjetiti. Tekst: iz predgovora kataloga: dr. sc. Magdalena Getaldić</p>



<p>Trajanje izložbe: <strong>8. 5. &#8211; 25. 5. 2025.</strong></p>



<p></p>

<p>otvorenje izložbe: četvrtak, 8. svibnja 2025. u 19.00 sati</p>
