{"id":46833,"date":"2025-04-25T11:51:29","date_gmt":"2025-04-25T09:51:29","guid":{"rendered":"https:\/\/czk-cakovec.hr\/?post_type=class&#038;p=46833"},"modified":"2025-05-09T07:52:00","modified_gmt":"2025-05-09T05:52:00","slug":"52-majski-muzicki-memorijal-josip-stolcer-slavenski-vecer-laureata","status":"publish","type":"class","link":"https:\/\/czk-cakovec.hr\/saturn\/class\/52-majski-muzicki-memorijal-josip-stolcer-slavenski-vecer-laureata\/","title":{"rendered":"52. MMM \u201eJosip \u0160tolcer Slavenski\u201c \/ Ve\u010der laureata"},"content":{"rendered":"\n<p>\u010detvrtak, 8. svibnja 2025. u 20.00 sati<\/p>\n\n\n\n<p><strong>Ve\u010der laureata<\/strong><\/p>\n\n\n\n<p>Nakon otvorenja izlo\u017ebe slijedi Ve\u010der laureata u Dvorani Zrinski\/Scheier na kojoj \u0107e se sve\u010dano dodijeliti Nagrada grada \u010cakovca \u201eJosip \u0160tolcer Slavenski\u201c ovogodi\u0161njoj laureatkinji i skladateljici zaslu\u017enoj za najbolje glazbeno djelo 2024. godine \u2013 Ani Horvat. Nakon dodjele Nagrade imat \u0107emo priliku \u010duti nagra\u0111enu skladbu Nestajanje, jo\u0161 nekoliko skladbi nagra\u0111ene autorice, a za kraj ve\u010deri, Zagreba\u010dki kvartet izvest \u0107e nam Slavenskog.<\/p>\n\n\n\n<p><\/p>\n\n\n\n<p>Ulaz je slobodan!<\/p>\n","protected":false},"excerpt":{"rendered":"<p>\u010detvrtak, 8. svibnja 2025. u 20.00 sati Ve\u010der laureata Nakon otvorenja izlo\u017ebe slijedi Ve\u010der laureata u Dvorani Zrinski\/Scheier na kojoj \u0107e se sve\u010dano dodijeliti Nagrada grada \u010cakovca \u201eJosip \u0160tolcer Slavenski\u201c ovogodi\u0161njoj laureatkinji i skladateljici zaslu\u017enoj za najbolje glazbeno djelo 2024. godine \u2013 Ani Horvat. Nakon dodjele Nagrade imat \u0107emo priliku \u010duti nagra\u0111enu skladbu Nestajanje, jo\u0161 nekoliko skladbi nagra\u0111ene autorice, a [&hellip;]<\/p>\n","protected":false},"featured_media":46834,"template":"","meta":{"inline_featured_image":false},"wcs-type":[25,184],"wcs-room":[196,197],"wcs-instructor":[],"class_list":["post-46833","class","type-class","status-publish","has-post-thumbnail","hentry","wcs-type-koncert","wcs-type-mmmjs-slavenski","wcs-room-dvorana-zrinski","wcs-room-scheier"],"ulaznica_data":null,"_links":{"self":[{"href":"https:\/\/czk-cakovec.hr\/saturn\/wp-json\/wp\/v2\/class\/46833","targetHints":{"allow":["GET"]}}],"collection":[{"href":"https:\/\/czk-cakovec.hr\/saturn\/wp-json\/wp\/v2\/class"}],"about":[{"href":"https:\/\/czk-cakovec.hr\/saturn\/wp-json\/wp\/v2\/types\/class"}],"wp:featuredmedia":[{"embeddable":true,"href":"https:\/\/czk-cakovec.hr\/saturn\/wp-json\/wp\/v2\/media\/46834"}],"wp:attachment":[{"href":"https:\/\/czk-cakovec.hr\/saturn\/wp-json\/wp\/v2\/media?parent=46833"}],"wp:term":[{"taxonomy":"wcs-type","embeddable":true,"href":"https:\/\/czk-cakovec.hr\/saturn\/wp-json\/wp\/v2\/wcs-type?post=46833"},{"taxonomy":"wcs-room","embeddable":true,"href":"https:\/\/czk-cakovec.hr\/saturn\/wp-json\/wp\/v2\/wcs-room?post=46833"},{"taxonomy":"wcs-instructor","embeddable":true,"href":"https:\/\/czk-cakovec.hr\/saturn\/wp-json\/wp\/v2\/wcs-instructor?post=46833"}],"curies":[{"name":"wp","href":"https:\/\/api.w.org\/{rel}","templated":true}]}}

52. MMM „Josip Štolcer Slavenski“ / Večer laureata

<p>četvrtak, 8. svibnja 2025. u 20.00 sati</p>



<p><strong>Večer laureata</strong></p>



<p>Nakon otvorenja izložbe slijedi Večer laureata u Dvorani Zrinski/Scheier na kojoj će se svečano dodijeliti Nagrada grada Čakovca „Josip Štolcer Slavenski“ ovogodišnjoj laureatkinji i skladateljici zaslužnoj za najbolje glazbeno djelo 2024. godine – Ani Horvat. Nakon dodjele Nagrade imat ćemo priliku čuti nagrađenu skladbu Nestajanje, još nekoliko skladbi nagrađene autorice, a za kraj večeri, Zagrebački kvartet izvest će nam Slavenskog.</p>



<p></p>



<p>Ulaz je slobodan!</p>

<p>četvrtak, 8. svibnja 2025. u 20.00 sati Večer laureata Nakon otvorenja izložbe slijedi Večer laureata u Dvorani Zrinski/Scheier na kojoj će se svečano dodijeliti Nagrada grada Čakovca „Josip Štolcer Slavenski“ ovogodišnjoj laureatkinji i skladateljici zaslužnoj za najbolje glazbeno djelo 2024. godine – Ani Horvat. Nakon dodjele Nagrade imat ćemo priliku čuti nagrađenu skladbu Nestajanje, još nekoliko skladbi nagrađene autorice, a [&hellip;]</p>
