{"id":47216,"date":"2025-07-01T13:35:30","date_gmt":"2025-07-01T11:35:30","guid":{"rendered":"https:\/\/czk-cakovec.hr\/?post_type=class&#038;p=47216"},"modified":"2025-07-21T09:16:04","modified_gmt":"2025-07-21T07:16:04","slug":"ansambl-alma-del-viento","status":"publish","type":"class","link":"https:\/\/czk-cakovec.hr\/saturn\/class\/ansambl-alma-del-viento\/","title":{"rendered":"Ansambl ALMA DEL VIENTO"},"content":{"rendered":"\n<p>subota, 19.7. u 20.30 sati \/ Deklina oaza by Mamas &amp; Tapas<\/p>\n\n\n\n<p>Ansambl ALMA DEL VIENTO<\/p>\n\n\n\n<p>Ansambl Alma del viento, \u0161to u prijevodu zna\u010di du\u0161a vjetra, njeguje tradicionalnu ju\u017enoameri\u010dku glazbu Argentine, Bolivije, Perua i \u010cilea, te dru\u0161tveno anga\u017eirane pjesme imenom Nueva cancion (Nova pjesma). Tako\u0111er na jedinstven na\u010din obra\u0111uju me\u0111imurske tradicijske pjesme u folklornom stilu i ritmovima Ju\u017ene Amerike. Uz ritmove huay\u00f1a, cuece, chacarere, takiraria, zambe, vidale, chamamea vodimo publiku na sasvim posebno glazbeno putovanje kakvo se rijetko \u010duje na ovim prostorima.<br>Ansambl su osnovali akademski glazbenici i dugogod\u0161nji poznavatelji ju\u017enoameri\u010dke glazbe Zrinka Bo\u017ei\u010devi\u0107 Plavec (umjetni\u010dka voditeljica ansambla), gitarist Darko Horvat i vokalistica Ivana Gali\u0107.<\/p>\n\n\n\n<p>Ansambl s kojim \u0107e nam se predstaviti u \u010cakovcu:<br>Ivana Gali\u0107, (vokal, bombo, maracas)<br>Zrinka Bo\u017ei\u010devi\u0107 Plavec (kena, sikusi, charango, bombo)<br>Darko Horvat (gitara, charango)<br>Francisco Soto (charango, mandolina, gitara, sikusi, kena)<br>Emanuel Romero (perkusije, bombo, cajon)<br>Branko Ranogajec (violina)<\/p>\n\n\n\n<p>U nastavku vi\u0161e na:&nbsp;<a href=\"https:\/\/l.facebook.com\/l.php?u=https%3A%2F%2Fwww.ivanagalic.com%2Fprojects%3Ffbclid%3DIwZXh0bgNhZW0CMTAAYnJpZBExbW9TVVdVWjVwVDZkRE9ldQEeSaLgNfN6dx41QBl4WhTc3_0HFactIAFhdUACazx1WtF3JRAWoOdMy_Qcocs_aem_pT-YDgqCcAbHlMUPA4c_RA&amp;h=AT1jKGOMNhZ-_qK3461LlZO8U-xyULD-Xwp3d_nrKUT6RNReWi-mRs79_3UL-gGnGSzqAH_2qRR_euWFGCcx4nEMfFa-e0Te8JlFFEnMwIGSzLeKhcG14Gb9NLLF_cRyd3VxlJP0DqiRwA&amp;__tn__=q&amp;c[0]=AT1Ajo5ohUriyepDBmDTGKVZ4Au4xdzLYstXqlHhJIVjL9A_hJhtjAtCAaOUd2MDTgWV0YcHDycff8QJhCyTyes-1_oro9CAgtFnLM0-mAEEoR5qcVCChrnhr8Z5JvbtpmqDITeVvWg5oPffHA82SEhjebio77pJgwlDRg\" rel=\"noreferrer noopener\" target=\"_blank\">https:\/\/www.ivanagalic.com\/projects<\/a><\/p>\n\n\n\n<p>Suorganizatori: Turisti\u010dka zajednica Grada \u010cakovca i Mamas&amp;Tapas<\/p>\n\n\n\n<p>Ulaz je slobodan!<\/p>\n","protected":false},"excerpt":{"rendered":"<p>subota, 19.7. u 20.30 sati \/ Deklina oaza by Mamas &#038; Tapas<\/p>\n","protected":false},"featured_media":47218,"template":"","meta":{"inline_featured_image":false},"wcs-type":[25],"wcs-room":[201],"wcs-instructor":[],"class_list":["post-47216","class","type-class","status-publish","has-post-thumbnail","hentry","wcs-type-koncert","wcs-room-mamastapas"],"ulaznica_data":null,"_links":{"self":[{"href":"https:\/\/czk-cakovec.hr\/saturn\/wp-json\/wp\/v2\/class\/47216","targetHints":{"allow":["GET"]}}],"collection":[{"href":"https:\/\/czk-cakovec.hr\/saturn\/wp-json\/wp\/v2\/class"}],"about":[{"href":"https:\/\/czk-cakovec.hr\/saturn\/wp-json\/wp\/v2\/types\/class"}],"wp:featuredmedia":[{"embeddable":true,"href":"https:\/\/czk-cakovec.hr\/saturn\/wp-json\/wp\/v2\/media\/47218"}],"wp:attachment":[{"href":"https:\/\/czk-cakovec.hr\/saturn\/wp-json\/wp\/v2\/media?parent=47216"}],"wp:term":[{"taxonomy":"wcs-type","embeddable":true,"href":"https:\/\/czk-cakovec.hr\/saturn\/wp-json\/wp\/v2\/wcs-type?post=47216"},{"taxonomy":"wcs-room","embeddable":true,"href":"https:\/\/czk-cakovec.hr\/saturn\/wp-json\/wp\/v2\/wcs-room?post=47216"},{"taxonomy":"wcs-instructor","embeddable":true,"href":"https:\/\/czk-cakovec.hr\/saturn\/wp-json\/wp\/v2\/wcs-instructor?post=47216"}],"curies":[{"name":"wp","href":"https:\/\/api.w.org\/{rel}","templated":true}]}}

<p>subota, 19.7. u 20.30 sati / Deklina oaza by Mamas &amp; Tapas</p>



<p>Ansambl ALMA DEL VIENTO</p>



<p>Ansambl Alma del viento, što u prijevodu znači duša vjetra, njeguje tradicionalnu južnoameričku glazbu Argentine, Bolivije, Perua i Čilea, te društveno angažirane pjesme imenom Nueva cancion (Nova pjesma). Također na jedinstven način obrađuju međimurske tradicijske pjesme u folklornom stilu i ritmovima Južne Amerike. Uz ritmove huayña, cuece, chacarere, takiraria, zambe, vidale, chamamea vodimo publiku na sasvim posebno glazbeno putovanje kakvo se rijetko čuje na ovim prostorima.<br>Ansambl su osnovali akademski glazbenici i dugogodšnji poznavatelji južnoameričke glazbe Zrinka Božičević Plavec (umjetnička voditeljica ansambla), gitarist Darko Horvat i vokalistica Ivana Galić.</p>



<p>Ansambl s kojim će nam se predstaviti u Čakovcu:<br>Ivana Galić, (vokal, bombo, maracas)<br>Zrinka Božičević Plavec (kena, sikusi, charango, bombo)<br>Darko Horvat (gitara, charango)<br>Francisco Soto (charango, mandolina, gitara, sikusi, kena)<br>Emanuel Romero (perkusije, bombo, cajon)<br>Branko Ranogajec (violina)</p>



<p>U nastavku više na:&nbsp;<a href="https://l.facebook.com/l.php?u=https%3A%2F%2Fwww.ivanagalic.com%2Fprojects%3Ffbclid%3DIwZXh0bgNhZW0CMTAAYnJpZBExbW9TVVdVWjVwVDZkRE9ldQEeSaLgNfN6dx41QBl4WhTc3_0HFactIAFhdUACazx1WtF3JRAWoOdMy_Qcocs_aem_pT-YDgqCcAbHlMUPA4c_RA&amp;h=AT1jKGOMNhZ-_qK3461LlZO8U-xyULD-Xwp3d_nrKUT6RNReWi-mRs79_3UL-gGnGSzqAH_2qRR_euWFGCcx4nEMfFa-e0Te8JlFFEnMwIGSzLeKhcG14Gb9NLLF_cRyd3VxlJP0DqiRwA&amp;__tn__=q&amp;c[0]=AT1Ajo5ohUriyepDBmDTGKVZ4Au4xdzLYstXqlHhJIVjL9A_hJhtjAtCAaOUd2MDTgWV0YcHDycff8QJhCyTyes-1_oro9CAgtFnLM0-mAEEoR5qcVCChrnhr8Z5JvbtpmqDITeVvWg5oPffHA82SEhjebio77pJgwlDRg" rel="noreferrer noopener" target="_blank">https://www.ivanagalic.com/projects</a></p>



<p>Suorganizatori: Turistička zajednica Grada Čakovca i Mamas&amp;Tapas</p>



<p>Ulaz je slobodan!</p>
