{"id":50368,"date":"2026-04-22T07:49:15","date_gmt":"2026-04-22T05:49:15","guid":{"rendered":"https:\/\/czk-cakovec.hr\/saturn\/?post_type=class&#038;p=50368"},"modified":"2026-04-22T07:49:16","modified_gmt":"2026-04-22T05:49:16","slug":"zvuk-klasike-dino-deric-baricevic","status":"publish","type":"class","link":"https:\/\/czk-cakovec.hr\/saturn\/class\/zvuk-klasike-dino-deric-baricevic\/","title":{"rendered":"Zvuk klasike: Dino \u0110eri\u0107 Bari\u010devi\u0107"},"content":{"rendered":"\n<p>petak, 12. lipnja 2026. u 19.00 sati | Zvuk klasike<\/p>\n\n\n\n<p><strong>Dino \u0110eri\u0107 Bari\u010devi\u0107, harmonika<\/strong><\/p>\n\n\n\n<p>U sklopu ciklusa Zvuk klasike 12. lipnja u dvorani Zrinski u zgradi Scheier koncert \u0107e odr\u017eati harmonika\u0161 Dino \u0110eri\u0107 Bari\u010devi\u0107. Ro\u0111en u Rijeci 2001. godine, \u0110eri\u0107 Bari\u010devi\u0107 zapo\u010deo je svoje glazbeno obrazovanje u osnovnoj glazbenoj \u0161koli Josipa Ka\u0161mana u Malom Lo\u0161inju i nastavio u Glazbenoj \u0161koli Ivana Mateti\u0107a Ronjgova u Rijeci. Zavr\u0161io je diplomski studij klasi\u010dne harmonike na Sveu\u010dili\u0161tu za glazbu i izvedbene umjetnosti u Grazu u klasama profesora Jannea R\u00e4tty\u00e4 i profesorice Na Song, a trenutno zavr\u0161ava magistarski studij u klasi profesora Matja\u017ea Bala\u017ei\u0107a. Tijekom \u0161kolovanja nastupao je na koncertnim pozornicama diljem Hrvatske te je osvojio vi\u0161e nagrada na dr\u017eavnim i me\u0111unarodnim natjecanjima, od kojih se isti\u010du prve nagrade na natjecanjima Eufonia, HDGPP i Dr\u017eavnom natjecanju za harmoniku u Daruvaru. U \u010cakovcu \u0107e se 12. lipnja predstaviti sa solisti\u010dkim recitalom na kojem \u0107e izvesti prvu i drugu partitu za instrumente s tipkama Johanna Sebastiana Bacha.<\/p>\n","protected":false},"excerpt":{"rendered":"<p>petak, 12. lipnja 2026. u 19.00 sati | Zvuk klasike<\/p>\n","protected":false},"featured_media":50370,"template":"","meta":{"inline_featured_image":false},"wcs-type":[185,25],"wcs-room":[138],"wcs-instructor":[],"class_list":["post-50368","class","type-class","status-publish","has-post-thumbnail","hentry","wcs-type-ciklus-zvuk-klasike","wcs-type-koncert","wcs-room-dvorana-scheier"],"ulaznica_data":null,"_links":{"self":[{"href":"https:\/\/czk-cakovec.hr\/saturn\/wp-json\/wp\/v2\/class\/50368","targetHints":{"allow":["GET"]}}],"collection":[{"href":"https:\/\/czk-cakovec.hr\/saturn\/wp-json\/wp\/v2\/class"}],"about":[{"href":"https:\/\/czk-cakovec.hr\/saturn\/wp-json\/wp\/v2\/types\/class"}],"wp:featuredmedia":[{"embeddable":true,"href":"https:\/\/czk-cakovec.hr\/saturn\/wp-json\/wp\/v2\/media\/50370"}],"wp:attachment":[{"href":"https:\/\/czk-cakovec.hr\/saturn\/wp-json\/wp\/v2\/media?parent=50368"}],"wp:term":[{"taxonomy":"wcs-type","embeddable":true,"href":"https:\/\/czk-cakovec.hr\/saturn\/wp-json\/wp\/v2\/wcs-type?post=50368"},{"taxonomy":"wcs-room","embeddable":true,"href":"https:\/\/czk-cakovec.hr\/saturn\/wp-json\/wp\/v2\/wcs-room?post=50368"},{"taxonomy":"wcs-instructor","embeddable":true,"href":"https:\/\/czk-cakovec.hr\/saturn\/wp-json\/wp\/v2\/wcs-instructor?post=50368"}],"curies":[{"name":"wp","href":"https:\/\/api.w.org\/{rel}","templated":true}]}}

Zvuk klasike: Dino Đerić Baričević

<p>petak, 12. lipnja 2026. u 19.00 sati | Zvuk klasike</p>



<p><strong>Dino Đerić Baričević, harmonika</strong></p>



<p>U sklopu ciklusa Zvuk klasike 12. lipnja u dvorani Zrinski u zgradi Scheier koncert će održati harmonikaš Dino Đerić Baričević. Rođen u Rijeci 2001. godine, Đerić Baričević započeo je svoje glazbeno obrazovanje u osnovnoj glazbenoj školi Josipa Kašmana u Malom Lošinju i nastavio u Glazbenoj školi Ivana Matetića Ronjgova u Rijeci. Završio je diplomski studij klasične harmonike na Sveučilištu za glazbu i izvedbene umjetnosti u Grazu u klasama profesora Jannea Rättyä i profesorice Na Song, a trenutno završava magistarski studij u klasi profesora Matjaža Balažića. Tijekom školovanja nastupao je na koncertnim pozornicama diljem Hrvatske te je osvojio više nagrada na državnim i međunarodnim natjecanjima, od kojih se ističu prve nagrade na natjecanjima Eufonia, HDGPP i Državnom natjecanju za harmoniku u Daruvaru. U Čakovcu će se 12. lipnja predstaviti sa solističkim recitalom na kojem će izvesti prvu i drugu partitu za instrumente s tipkama Johanna Sebastiana Bacha.</p>
