{"id":50395,"date":"2026-04-27T12:16:49","date_gmt":"2026-04-27T10:16:49","guid":{"rendered":"https:\/\/czk-cakovec.hr\/saturn\/?post_type=class&#038;p=50395"},"modified":"2026-04-27T15:19:34","modified_gmt":"2026-04-27T13:19:34","slug":"53-mmm-josip-stolcer-slavenski-okrugli-stol","status":"publish","type":"class","link":"https:\/\/czk-cakovec.hr\/saturn\/class\/53-mmm-josip-stolcer-slavenski-okrugli-stol\/","title":{"rendered":"53. MMM &#8220;Josip \u0160tolcer Slavenski&#8221; | Okrugli stol"},"content":{"rendered":"\n<p>utorak, 12. svibnja 2026. u 18.00 sati<\/p>\n\n\n\n<p>Galerija Centra za kulturu \u010cakovec<\/p>\n\n\n\n<p>53. Majski muzi\u010dki memorijal &#8220;Josip \u0160tolcer Slavenski&#8221;<\/p>\n\n\n\n<p><strong>OKRUGLI STOL<\/strong>, povodom 130 godina ro\u0111enja Josipa \u0160tolcera Slavenskog<\/p>\n\n\n\n<p>U sklopu 53. Majskog muzi\u010dkog memorijala \u201cJosip \u0160tolcer Slavenski\u201d odr\u017eat \u0107e se okrugli stol na temu \u017eivota i djela Josipa \u0160tolcera Slavenskog. Na okruglom stolu sudjelovat \u0107e Ma\u0161a Hrustek Sobo\u010dan, muzejska savjetnica i ravnateljica Muzeja Me\u0111imurja \u010cakovec, Ladislav Varga, dugogodi\u0161nji voditelj glazbene djelatnost i biv\u0161i ravnatelj Centra za kulturu \u010cakovec te Mirjana Lazarevi\u0107 iz Sokoja \u2013 Organizacije muzi\u010dkih autora Srbije koja brine o ostav\u0161tini Josipa \u0160tolcera Slavenskog. Od djetinjstva u Me\u0111imurju preko studentskih dana u Budimpe\u0161ti i Pragu do akademske karijere u Beogradu, na okruglom stolu saznat \u0107emo brojne detalje iz \u017eivota Josipa \u0160tolcera Slavenskog te istra\u017eiti \u0161to je utjecalo na njegov<br>umjetni\u010dki opus.<\/p>\n\n\n\n<p><\/p>\n\n\n\n<p>ULAZ JE SLOBODAN<\/p>\n\n\n\n<p><\/p>\n","protected":false},"excerpt":{"rendered":"<p>utorak, 12. svibnja 2026. u 18.00 sati | Galerija<\/p>\n","protected":false},"featured_media":50384,"template":"","meta":{"inline_featured_image":false},"wcs-type":[25,184],"wcs-room":[15],"wcs-instructor":[],"class_list":["post-50395","class","type-class","status-publish","has-post-thumbnail","hentry","wcs-type-koncert","wcs-type-mmmjs-slavenski","wcs-room-galerija-czk"],"ulaznica_data":null,"_links":{"self":[{"href":"https:\/\/czk-cakovec.hr\/saturn\/wp-json\/wp\/v2\/class\/50395","targetHints":{"allow":["GET"]}}],"collection":[{"href":"https:\/\/czk-cakovec.hr\/saturn\/wp-json\/wp\/v2\/class"}],"about":[{"href":"https:\/\/czk-cakovec.hr\/saturn\/wp-json\/wp\/v2\/types\/class"}],"wp:featuredmedia":[{"embeddable":true,"href":"https:\/\/czk-cakovec.hr\/saturn\/wp-json\/wp\/v2\/media\/50384"}],"wp:attachment":[{"href":"https:\/\/czk-cakovec.hr\/saturn\/wp-json\/wp\/v2\/media?parent=50395"}],"wp:term":[{"taxonomy":"wcs-type","embeddable":true,"href":"https:\/\/czk-cakovec.hr\/saturn\/wp-json\/wp\/v2\/wcs-type?post=50395"},{"taxonomy":"wcs-room","embeddable":true,"href":"https:\/\/czk-cakovec.hr\/saturn\/wp-json\/wp\/v2\/wcs-room?post=50395"},{"taxonomy":"wcs-instructor","embeddable":true,"href":"https:\/\/czk-cakovec.hr\/saturn\/wp-json\/wp\/v2\/wcs-instructor?post=50395"}],"curies":[{"name":"wp","href":"https:\/\/api.w.org\/{rel}","templated":true}]}}

53. MMM &#8220;Josip Štolcer Slavenski&#8221; | Okrugli stol

<p>utorak, 12. svibnja 2026. u 18.00 sati</p>



<p>Galerija Centra za kulturu Čakovec</p>



<p>53. Majski muzički memorijal &#8220;Josip Štolcer Slavenski&#8221;</p>



<p><strong>OKRUGLI STOL</strong>, povodom 130 godina rođenja Josipa Štolcera Slavenskog</p>



<p>U sklopu 53. Majskog muzičkog memorijala “Josip Štolcer Slavenski” održat će se okrugli stol na temu života i djela Josipa Štolcera Slavenskog. Na okruglom stolu sudjelovat će Maša Hrustek Sobočan, muzejska savjetnica i ravnateljica Muzeja Međimurja Čakovec, Ladislav Varga, dugogodišnji voditelj glazbene djelatnost i bivši ravnatelj Centra za kulturu Čakovec te Mirjana Lazarević iz Sokoja – Organizacije muzičkih autora Srbije koja brine o ostavštini Josipa Štolcera Slavenskog. Od djetinjstva u Međimurju preko studentskih dana u Budimpešti i Pragu do akademske karijere u Beogradu, na okruglom stolu saznat ćemo brojne detalje iz života Josipa Štolcera Slavenskog te istražiti što je utjecalo na njegov<br>umjetnički opus.</p>



<p></p>



<p>ULAZ JE SLOBODAN</p>



<p></p>
