{"id":50403,"date":"2026-04-27T14:03:31","date_gmt":"2026-04-27T12:03:31","guid":{"rendered":"https:\/\/czk-cakovec.hr\/saturn\/?post_type=class&#038;p=50403"},"modified":"2026-04-27T15:14:42","modified_gmt":"2026-04-27T13:14:42","slug":"53-mmm-josip-stolcer-slavenski-vecer-laureata","status":"publish","type":"class","link":"https:\/\/czk-cakovec.hr\/saturn\/class\/53-mmm-josip-stolcer-slavenski-vecer-laureata\/","title":{"rendered":"53. MMM &#8220;Josip \u0160tolcer Slavenski&#8221; | Ve\u010der laureata"},"content":{"rendered":"\n<p>\u010detvrtak, 14. svibnja 2026. u 20.00 sati | Dvorana Centra za kulturu \u010cakovec<\/p>\n\n\n\n<p><strong>53. Majski muzi\u010dki memorijal \u201cJosip \u0160tolcer Slavenski\u201d<\/strong> | Tribina \u010cakovec \u010detvrtkom<\/p>\n\n\n\n<p><strong>VE\u010cER LAUREATA<\/strong><br>Ovogodi\u0161nja dobitnica Nagrade Grada \u010cakovca \u201cJosip \u0160tolcer Slavenski\u201d za najbolje glazbeno ostvarenje u 2025. godine je skladateljica Mirela Ivi\u010devi\u0107.<\/p>\n\n\n\n<p>Tim \u0107e povodom na Ve\u010deri laureata 14. svibnja u Centru za kulturu \u010cakovec Cantus Ansambl izvesti djelo \u201cBaby Magnify\u201d Mirele Ivi\u010devi\u0107. Na programu \u0107e biti i \u201cConcertino za klavir i guda\u010dki kvintet\u201d Zorana Jurani\u0107a, tako\u0111er jednog od dosada\u0161njih dobitnika Nagrade Grada \u010cakovca \u201cJosip \u0160tolcer Slavenski\u201d.<br>Ve\u010der laureata ne mo\u017ee pro\u0107i bez Josipa \u0160tolcera Slavenskog, a u povodu 130. obljetnice ro\u0111enja skladatelja Cantus Ansambl izvest \u0107e komorno djelo \u201cMuzika za komorni orkestar\u201d, poznato i pod nazivom \u201cMuzika 38\u201d. Ve\u010der laureata upotpunit \u0107e Pjeva\u010dki zbor \u201cJosip \u0160tolcer Slavenski\u201d koji \u0107e u suradnji s mje\u0161ovitim pjeva\u010dkim zborom KUD-a \u201cRudolf Rajter\u201d iz Ivanca izvesti slavne zborske<br>skladbe \u201cVoda zvira\u201d, \u201cZagorska pesma\u201d i \u201cRugalica\u201d.<\/p>\n\n\n\n<p><\/p>\n\n\n\n<p>ULAZ JE SLOBODAN!<\/p>\n\n\n\n<p><\/p>\n","protected":false},"excerpt":{"rendered":"<p>\u010detvrtak, 14. svibnja 2026. u 20.00 sati | Dvorana Centra za kulturu \u010cakovec 53. Majski muzi\u010dki memorijal \u201cJosip \u0160tolcer Slavenski\u201d | Tribina \u010cakovec \u010detvrtkom VE\u010cER LAUREATAOvogodi\u0161nja dobitnica Nagrade Grada \u010cakovca \u201cJosip \u0160tolcer Slavenski\u201d za najbolje glazbeno ostvarenje u 2025. godine je skladateljica Mirela Ivi\u010devi\u0107. Tim \u0107e povodom na Ve\u010deri laureata 14. svibnja u Centru za kulturu \u010cakovec Cantus Ansambl izvesti [&hellip;]<\/p>\n","protected":false},"featured_media":50405,"template":"","meta":{"inline_featured_image":false},"wcs-type":[25,184,23],"wcs-room":[10],"wcs-instructor":[],"class_list":["post-50403","class","type-class","status-publish","has-post-thumbnail","hentry","wcs-type-koncert","wcs-type-mmmjs-slavenski","wcs-type-tribina-cc","wcs-room-dvorana-czk"],"ulaznica_data":null,"_links":{"self":[{"href":"https:\/\/czk-cakovec.hr\/saturn\/wp-json\/wp\/v2\/class\/50403","targetHints":{"allow":["GET"]}}],"collection":[{"href":"https:\/\/czk-cakovec.hr\/saturn\/wp-json\/wp\/v2\/class"}],"about":[{"href":"https:\/\/czk-cakovec.hr\/saturn\/wp-json\/wp\/v2\/types\/class"}],"wp:featuredmedia":[{"embeddable":true,"href":"https:\/\/czk-cakovec.hr\/saturn\/wp-json\/wp\/v2\/media\/50405"}],"wp:attachment":[{"href":"https:\/\/czk-cakovec.hr\/saturn\/wp-json\/wp\/v2\/media?parent=50403"}],"wp:term":[{"taxonomy":"wcs-type","embeddable":true,"href":"https:\/\/czk-cakovec.hr\/saturn\/wp-json\/wp\/v2\/wcs-type?post=50403"},{"taxonomy":"wcs-room","embeddable":true,"href":"https:\/\/czk-cakovec.hr\/saturn\/wp-json\/wp\/v2\/wcs-room?post=50403"},{"taxonomy":"wcs-instructor","embeddable":true,"href":"https:\/\/czk-cakovec.hr\/saturn\/wp-json\/wp\/v2\/wcs-instructor?post=50403"}],"curies":[{"name":"wp","href":"https:\/\/api.w.org\/{rel}","templated":true}]}}

53. MMM &#8220;Josip Štolcer Slavenski&#8221; | Večer laureata

<p>četvrtak, 14. svibnja 2026. u 20.00 sati | Dvorana Centra za kulturu Čakovec</p>



<p><strong>53. Majski muzički memorijal “Josip Štolcer Slavenski”</strong> | Tribina Čakovec četvrtkom</p>



<p><strong>VEČER LAUREATA</strong><br>Ovogodišnja dobitnica Nagrade Grada Čakovca “Josip Štolcer Slavenski” za najbolje glazbeno ostvarenje u 2025. godine je skladateljica Mirela Ivičević.</p>



<p>Tim će povodom na Večeri laureata 14. svibnja u Centru za kulturu Čakovec Cantus Ansambl izvesti djelo “Baby Magnify” Mirele Ivičević. Na programu će biti i “Concertino za klavir i gudački kvintet” Zorana Juranića, također jednog od dosadašnjih dobitnika Nagrade Grada Čakovca “Josip Štolcer Slavenski”.<br>Večer laureata ne može proći bez Josipa Štolcera Slavenskog, a u povodu 130. obljetnice rođenja skladatelja Cantus Ansambl izvest će komorno djelo “Muzika za komorni orkestar”, poznato i pod nazivom “Muzika 38”. Večer laureata upotpunit će Pjevački zbor “Josip Štolcer Slavenski” koji će u suradnji s mješovitim pjevačkim zborom KUD-a “Rudolf Rajter” iz Ivanca izvesti slavne zborske<br>skladbe “Voda zvira”, “Zagorska pesma” i “Rugalica”.</p>



<p></p>



<p>ULAZ JE SLOBODAN!</p>



<p></p>

<p>četvrtak, 14. svibnja 2026. u 20.00 sati | Dvorana Centra za kulturu Čakovec 53. Majski muzički memorijal “Josip Štolcer Slavenski” | Tribina Čakovec četvrtkom VEČER LAUREATAOvogodišnja dobitnica Nagrade Grada Čakovca “Josip Štolcer Slavenski” za najbolje glazbeno ostvarenje u 2025. godine je skladateljica Mirela Ivičević. Tim će povodom na Večeri laureata 14. svibnja u Centru za kulturu Čakovec Cantus Ansambl izvesti [&hellip;]</p>
