{"id":270,"date":"2011-11-03T19:58:48","date_gmt":"2011-11-03T18:58:48","guid":{"rendered":"http:\/\/czk-cakovec.hr\/?page_id=270"},"modified":"2026-02-27T09:13:34","modified_gmt":"2026-02-27T08:13:34","slug":"impresum","status":"publish","type":"page","link":"https:\/\/czk-cakovec.hr\/saturn\/impresum\/","title":{"rendered":"Impresum"},"content":{"rendered":"\n<p><strong>SLU\u017dBENE WEB STRANICE CENTRA ZA KULTURU \u010cAKOVEC<\/strong><\/p>\n\n\n\n<p><strong>Vodi\u010d kroz djelatnosti i najave programa<\/strong><br><strong>Adresa<\/strong>: http.\/\/www.czk-cakovec.hr<\/p>\n\n\n\n<p><strong>Izdava\u010d<\/strong>:<br>Centar za kulturu \u010cakovec, Trg Republike 3, 40 000 \u010cakovec<br><strong>OIB<\/strong>: 90436584362<br><br><strong>Centrala:<\/strong> 040 311 \u2013 488<br><strong>E-mail<\/strong>: info@czk-cakovec.hr<\/p>\n\n\n\n<p><strong>Blagajna<\/strong>: 040 323 100<br><strong>E-mail<\/strong>: blagajna@czk-cakovec.hr<\/p>\n\n\n\n<p><strong>Za izdava\u010da:<\/strong><br>Helga Lajtman, ravnateljica<\/p>\n\n\n\n<p><strong>E-mail<\/strong>: ravnatelj@czk-cakovec.hr<\/p>\n\n\n\n<p><strong>Zamjenica ravnateljice<\/strong>: Petra Furdi \u0160afari\u0107, voditeljica ra\u010dunovodstva<\/p>\n\n\n\n<p><strong>Uredni\u0161tvo<\/strong>:<br>voditelji djelatnosti CZK<\/p>\n\n\n\n<p><strong>Administracija<\/strong>:<br>Lana Androi\u0107 \u0160ari\u0107<br><strong>E-mail<\/strong>: marketing@czk-cakovec.hr<\/p>\n\n\n\n<p>Ljiljana Mu\u010di\u0107<br><strong>E-mail<\/strong>: info@czk-cakovec.hr<\/p>\n\n\n\n<p><strong>Naziv tvrtke<\/strong>: CENTAR ZA KULTURU \u010cAKOVEC<br><strong>Skra\u0107eni naziv<\/strong>: CZK \u010cAKOVEC<br><strong>Sjedi\u0161te tvrtke<\/strong>: 40 000 \u010cakovec, Trg Republike 3<br>Sud kod kojega je tvrtka upisana u Sudski registar: TRGOVA\u010cKI SUD U VARA\u017dDINU<br>Broj pod kojim je tvrtka upisana u Sudski registar: 070001827<br><strong>IBAN<\/strong>: HR2024070001500027869 \/ OTP banka d.d. Split<br><strong>Ravnateljica<\/strong>: Helga Lajtman<br><strong>Pravni oblik<\/strong>: Ustanova<\/p>\n","protected":false},"excerpt":{"rendered":"<p>SLU\u017dBENE WEB STRANICE CENTRA ZA KULTURU \u010cAKOVEC Vodi\u010d kroz djelatnosti i najave programaAdresa: http.\/\/www.czk-cakovec.hr Izdava\u010d:Centar za kulturu \u010cakovec, Trg Republike 3, 40 000 \u010cakovecOIB: 90436584362 Centrala: 040 311 \u2013 488E-mail: info@czk-cakovec.hr Blagajna: 040 323 100E-mail: blagajna@czk-cakovec.hr Za izdava\u010da:Helga Lajtman, ravnateljica E-mail: ravnatelj@czk-cakovec.hr Zamjenica ravnateljice: Petra Furdi \u0160afari\u0107, voditeljica ra\u010dunovodstva Uredni\u0161tvo:voditelji djelatnosti CZK Administracija:Lana Androi\u0107 \u0160ari\u0107E-mail: marketing@czk-cakovec.hr Ljiljana Mu\u010di\u0107E-mail: info@czk-cakovec.hr Naziv [&hellip;]<\/p>\n","protected":false},"author":1,"featured_media":0,"parent":0,"menu_order":0,"comment_status":"closed","ping_status":"closed","template":"","meta":{"inline_featured_image":false,"footnotes":""},"class_list":["post-270","page","type-page","status-publish","hentry"],"ulaznica_data":null,"_links":{"self":[{"href":"https:\/\/czk-cakovec.hr\/saturn\/wp-json\/wp\/v2\/pages\/270","targetHints":{"allow":["GET"]}}],"collection":[{"href":"https:\/\/czk-cakovec.hr\/saturn\/wp-json\/wp\/v2\/pages"}],"about":[{"href":"https:\/\/czk-cakovec.hr\/saturn\/wp-json\/wp\/v2\/types\/page"}],"author":[{"embeddable":true,"href":"https:\/\/czk-cakovec.hr\/saturn\/wp-json\/wp\/v2\/users\/1"}],"replies":[{"embeddable":true,"href":"https:\/\/czk-cakovec.hr\/saturn\/wp-json\/wp\/v2\/comments?post=270"}],"version-history":[{"count":5,"href":"https:\/\/czk-cakovec.hr\/saturn\/wp-json\/wp\/v2\/pages\/270\/revisions"}],"predecessor-version":[{"id":50068,"href":"https:\/\/czk-cakovec.hr\/saturn\/wp-json\/wp\/v2\/pages\/270\/revisions\/50068"}],"wp:attachment":[{"href":"https:\/\/czk-cakovec.hr\/saturn\/wp-json\/wp\/v2\/media?parent=270"}],"curies":[{"name":"wp","href":"https:\/\/api.w.org\/{rel}","templated":true}]}}