{"id":48749,"date":"2025-12-23T09:17:55","date_gmt":"2025-12-23T08:17:55","guid":{"rendered":"https:\/\/czk-cakovec.hr\/?page_id=48749"},"modified":"2025-12-23T09:18:17","modified_gmt":"2025-12-23T08:18:17","slug":"sjeverni-cvor","status":"publish","type":"page","link":"https:\/\/czk-cakovec.hr\/saturn\/sjeverni-cvor\/","title":{"rendered":"Sjeverni \u010dvor"},"content":{"rendered":"<div class=\"wpb-content-wrapper\">[vc_row equal_height=&#8221;yes&#8221; content_placement=&#8221;middle&#8221;][vc_column width=&#8221;1\/3&#8243;][vc_single_image image=&#8221;48448&#8243; img_size=&#8221;large&#8221; alignment=&#8221;center&#8221; css=&#8221;&#8221;][\/vc_column][vc_column width=&#8221;2\/3&#8243;][vc_custom_heading text=&#8221;Sjeverni \u010dvor (2021.)&#8221; css=&#8221;&#8221;][vc_column_text css=&#8221;&#8221;]1.velja\u010de 2021[\/vc_column_text][\/vc_column][\/vc_row][vc_row][vc_column][vc_column_text css=&#8221;&#8221;]Zamislite svijet koji je ba\u0161 poput na\u0161eg, ali je nekoliko postotaka druga\u010diji, nagnutiji, pomaknutiji. U njemu ptice lete, a ribe plivaju, ali leptiri\u0107i u trbuhu malo ja\u010de ma\u0161u krilima, krijesnice se trude jo\u0161 vi\u0161e svijetliti, a djeca su glavna i uvijek u pravu. Kada takav svijet u\u0111e u sjeverni \u010dvor: 1. na\u0161e male, nevidljive stanice po\u010dnu se kretati u smjerovima u kojima se dotada nisu kretale; 2. na\u0161e se tijelo pona\u0161a nepredvidivo, i ako nismo imali prija\u0161njih iskustava, mo\u017ee nas izbaciti u neke nove, posebno uzbudljive predjele; 3. \u0161ta da vam ka\u017eem! Uhvati nas luna, postanemo \u010duk-\u010duk, poco loco.<br \/>\n\u2018Sjeverni \u010dvor\u2019 predstava je o zajedni\u0161tvu, prijateljstvu i zaljubljivanju u svijetu u kojem vrijede neka druga pravila. A kada jednom u taj svijet stigne Dan i mjesec u\u0111e u sjeverni \u010dvor, stvari vi\u0161e nisu kakve su bile.<\/p>\n<p><strong>Autorski tim:<\/strong><\/p>\n<p>Redateljica:\u00a0Morana Dolenc<br \/>\n<strong>Autorica teksta i dramaturginja:<\/strong>\u00a0Anja Pletikosa<br \/>\n<strong>Kostimografkinja:<\/strong>\u00a0Hana Letica<br \/>\n<strong>Kompozitor:<\/strong>\u00a0Mark Mrakov\u010di\u0107<br \/>\n<strong>Oblikovanje svjetla:<\/strong>\u00a0Neven Taradi<br \/>\n<strong>Scenografija:<\/strong>\u00a0Morana Dolenc<\/p>\n<p><strong>Igraju:<\/strong><\/p>\n<p>Mario Jak\u0161i\u0107 \u2026\u2026\u2026\u2026.. Pero Pjesnik, Gogo Glumac<br \/>\nBruno Kontrec \u2026\u2026\u2026. Dan<br \/>\nSara Ip\u0161a \u2026\u2026\u2026\u2026\u2026\u2026.. Marta, Zorica<br \/>\nDavor Dokleja \u2026\u2026\u2026.. Roki<br \/>\nAnsambl \u2026\u2026\u2026\u2026\u2026\u2026\u2026 Vatroslav[\/vc_column_text][\/vc_column][\/vc_row][vc_row][vc_column][vc_gallery type=&#8221;image_grid&#8221; images=&#8221;48751,48752,48753,48754,48755,48756,48757,48758,48759,48760,48761,48762,48763,48764,48765,48766,48767,48768,48769&#8243; css=&#8221;&#8221;][\/vc_column][\/vc_row]\n<\/div>","protected":false},"excerpt":{"rendered":"<p>[vc_row equal_height=&#8221;yes&#8221; content_placement=&#8221;middle&#8221;][vc_column width=&#8221;1\/3&#8243;][vc_single_image image=&#8221;48448&#8243; img_size=&#8221;large&#8221; alignment=&#8221;center&#8221; css=&#8221;&#8221;][\/vc_column][vc_column width=&#8221;2\/3&#8243;][vc_custom_heading text=&#8221;Sjeverni \u010dvor (2021.)&#8221; css=&#8221;&#8221;][vc_column_text css=&#8221;&#8221;]1.velja\u010de 2021[\/vc_column_text][\/vc_column][\/vc_row][vc_row][vc_column][vc_column_text css=&#8221;&#8221;]Zamislite svijet koji je ba\u0161 poput na\u0161eg, ali je nekoliko postotaka druga\u010diji, nagnutiji, pomaknutiji. U njemu ptice lete, a ribe plivaju, ali leptiri\u0107i u trbuhu malo ja\u010de ma\u0161u krilima, krijesnice se trude jo\u0161 vi\u0161e svijetliti, a djeca su glavna i uvijek u pravu. Kada takav [&hellip;]<\/p>\n","protected":false},"author":2,"featured_media":0,"parent":0,"menu_order":0,"comment_status":"closed","ping_status":"closed","template":"","meta":{"inline_featured_image":false,"footnotes":""},"class_list":["post-48749","page","type-page","status-publish","hentry"],"ulaznica_data":null,"_links":{"self":[{"href":"https:\/\/czk-cakovec.hr\/saturn\/wp-json\/wp\/v2\/pages\/48749","targetHints":{"allow":["GET"]}}],"collection":[{"href":"https:\/\/czk-cakovec.hr\/saturn\/wp-json\/wp\/v2\/pages"}],"about":[{"href":"https:\/\/czk-cakovec.hr\/saturn\/wp-json\/wp\/v2\/types\/page"}],"author":[{"embeddable":true,"href":"https:\/\/czk-cakovec.hr\/saturn\/wp-json\/wp\/v2\/users\/2"}],"replies":[{"embeddable":true,"href":"https:\/\/czk-cakovec.hr\/saturn\/wp-json\/wp\/v2\/comments?post=48749"}],"version-history":[{"count":3,"href":"https:\/\/czk-cakovec.hr\/saturn\/wp-json\/wp\/v2\/pages\/48749\/revisions"}],"predecessor-version":[{"id":48771,"href":"https:\/\/czk-cakovec.hr\/saturn\/wp-json\/wp\/v2\/pages\/48749\/revisions\/48771"}],"wp:attachment":[{"href":"https:\/\/czk-cakovec.hr\/saturn\/wp-json\/wp\/v2\/media?parent=48749"}],"curies":[{"name":"wp","href":"https:\/\/api.w.org\/{rel}","templated":true}]}}