{"id":48773,"date":"2025-12-23T09:29:08","date_gmt":"2025-12-23T08:29:08","guid":{"rendered":"https:\/\/czk-cakovec.hr\/?page_id=48773"},"modified":"2025-12-23T09:35:37","modified_gmt":"2025-12-23T08:35:37","slug":"plavo-sunce-na-zutom-nebu","status":"publish","type":"page","link":"https:\/\/czk-cakovec.hr\/saturn\/plavo-sunce-na-zutom-nebu\/","title":{"rendered":"Plavo sunce na \u017eutom nebu"},"content":{"rendered":"<div class=\"wpb-content-wrapper\">[vc_row equal_height=&#8221;yes&#8221; content_placement=&#8221;middle&#8221;][vc_column width=&#8221;1\/3&#8243;][vc_single_image image=&#8221;48449&#8243; img_size=&#8221;full&#8221; alignment=&#8221;center&#8221; css=&#8221;&#8221;][\/vc_column][vc_column width=&#8221;2\/3&#8243;][vc_custom_heading text=&#8221;Plavo sunce na \u017eutom nebu (2021.)&#8221; css=&#8221;&#8221;][vc_column_text css=&#8221;&#8221;]12.svibnja 2021[\/vc_column_text][\/vc_column][\/vc_row][vc_row][vc_column][vc_column_text css=&#8221;&#8221;]Plavo sunce na \u017eutom nebu donosi nam neobi\u010dnu pri\u010du o onima koji su imali samo 3 razli\u010dite boje, a onda su odlu\u010dili krenuti u avanturu i prona\u0107i ostale. Me\u0111u ribama, u pjevu ptica, zakopane u vru\u0107em pijesku i skrivene u astronautskim odijelima. Oni su trebali ostale boje. Svaku za to\u010dno odre\u0111enu stvar. Naran\u010dastu za naran\u010du. Ali, nisu znali ne\u0161to jako, jako va\u017eno.<\/p>\n<p>Kroz neobi\u010dan i inovativan pristup, vrlo apstraktno i uz minimalno tekstualno sugeriranje, ova predstava bavi se pitanjem ma\u0161te i na\u0161e hrabrosti da presko\u010dimo neke ustaljene obrasce gledanja na svijet. Apstraktna forma predstave temeljena na crte\u017eima, zvukovima, bojama, glazbi i pokretu nastupa vrlo misti\u010dno, otvaraju\u0107i nam neki novi prostor promi\u0161ljanja o kazali\u0161tu koje nije nu\u017eno temeljeno na izgovaranju teksta.<\/p>\n<p>Tko su oni i ho\u0107e li prona\u0107i ostale boje? Ili \u0107e se ope\u0107i na vru\u0107em pijesku i odustati? I \u0161to je to jako, jako va\u017eno \u0161to nisu znali? Gluma\u010dka igra troje glumaca vodi nas u potpuno novi, misti\u010dni svijet ma\u0161te, pokretom nam otkrivaju\u0107i slojeve predstave koja ba\u0161 poput ma\u0161te- u interpretaciji nema granica.<br \/>\n<strong>Dob:\u00a0<\/strong>4+<br \/>\n<strong>Trajanje:\u00a0<\/strong>40 min<\/p>\n<p><strong>Redatelj:\u00a0<\/strong>Romano Bogdan<br \/>\n<strong>Tekst i dramaturgija:\u00a0<\/strong>Ivona Marciu\u0161<br \/>\n<strong>Koreografija:<\/strong>\u00a0Virna Ho\u0161njak<br \/>\n<strong>Likovno oblikovanje:<\/strong>\u00a0Nenad Kern<br \/>\n<strong>Glazba:\u00a0<\/strong>Bojan Miljan\u010di\u0107<br \/>\n<strong>Oblikovanje rasvjete:<\/strong>\u00a0Neven Taradi<\/p>\n<p><strong>Igraju:<\/strong><br \/>\nBruno Kontrec<br \/>\nKarolina Horvat<br \/>\nMario Jak\u0161i\u0107<\/p>\n<p><strong>Glas u offu:\u00a0<\/strong>Davor Dokleja[\/vc_column_text][\/vc_column][\/vc_row][vc_row][vc_column width=&#8221;1\/2&#8243;][vc_video link=&#8221;https:\/\/youtu.be\/KXM6EQ1uXXA&#8221; css=&#8221;&#8221;][\/vc_column][vc_column width=&#8221;1\/2&#8243;][vc_video link=&#8221;https:\/\/youtu.be\/NhtEQbN1ueQ&#8221; css=&#8221;&#8221;][\/vc_column][\/vc_row][vc_row][vc_column][vc_gallery type=&#8221;image_grid&#8221; images=&#8221;48775,48776,48777,48778,48779,48780,48781,48782,48783,48784,48785,48786,48787,48788,48789,48790,48791,48792,48793,48794,48795,48796&#8243; css=&#8221;&#8221;][\/vc_column][\/vc_row]\n<\/div>","protected":false},"excerpt":{"rendered":"<p>[vc_row equal_height=&#8221;yes&#8221; content_placement=&#8221;middle&#8221;][vc_column width=&#8221;1\/3&#8243;][vc_single_image image=&#8221;48449&#8243; img_size=&#8221;full&#8221; alignment=&#8221;center&#8221; css=&#8221;&#8221;][\/vc_column][vc_column width=&#8221;2\/3&#8243;][vc_custom_heading text=&#8221;Plavo sunce na \u017eutom nebu (2021.)&#8221; css=&#8221;&#8221;][vc_column_text css=&#8221;&#8221;]12.svibnja 2021[\/vc_column_text][\/vc_column][\/vc_row][vc_row][vc_column][vc_column_text css=&#8221;&#8221;]Plavo sunce na \u017eutom nebu donosi nam neobi\u010dnu pri\u010du o onima koji su imali samo 3 razli\u010dite boje, a onda su odlu\u010dili krenuti u avanturu i prona\u0107i ostale. Me\u0111u ribama, u pjevu ptica, zakopane u vru\u0107em pijesku i skrivene u astronautskim odijelima. [&hellip;]<\/p>\n","protected":false},"author":2,"featured_media":0,"parent":0,"menu_order":0,"comment_status":"closed","ping_status":"closed","template":"","meta":{"inline_featured_image":false,"footnotes":""},"class_list":["post-48773","page","type-page","status-publish","hentry"],"ulaznica_data":null,"_links":{"self":[{"href":"https:\/\/czk-cakovec.hr\/saturn\/wp-json\/wp\/v2\/pages\/48773","targetHints":{"allow":["GET"]}}],"collection":[{"href":"https:\/\/czk-cakovec.hr\/saturn\/wp-json\/wp\/v2\/pages"}],"about":[{"href":"https:\/\/czk-cakovec.hr\/saturn\/wp-json\/wp\/v2\/types\/page"}],"author":[{"embeddable":true,"href":"https:\/\/czk-cakovec.hr\/saturn\/wp-json\/wp\/v2\/users\/2"}],"replies":[{"embeddable":true,"href":"https:\/\/czk-cakovec.hr\/saturn\/wp-json\/wp\/v2\/comments?post=48773"}],"version-history":[{"count":3,"href":"https:\/\/czk-cakovec.hr\/saturn\/wp-json\/wp\/v2\/pages\/48773\/revisions"}],"predecessor-version":[{"id":48800,"href":"https:\/\/czk-cakovec.hr\/saturn\/wp-json\/wp\/v2\/pages\/48773\/revisions\/48800"}],"wp:attachment":[{"href":"https:\/\/czk-cakovec.hr\/saturn\/wp-json\/wp\/v2\/media?parent=48773"}],"curies":[{"name":"wp","href":"https:\/\/api.w.org\/{rel}","templated":true}]}}