{"id":48802,"date":"2025-12-23T09:51:02","date_gmt":"2025-12-23T08:51:02","guid":{"rendered":"https:\/\/czk-cakovec.hr\/?page_id=48802"},"modified":"2025-12-23T09:52:45","modified_gmt":"2025-12-23T08:52:45","slug":"cvrcak-i-mravi","status":"publish","type":"page","link":"https:\/\/czk-cakovec.hr\/saturn\/cvrcak-i-mravi\/","title":{"rendered":"Crv\u010dak i mravi"},"content":{"rendered":"<div class=\"wpb-content-wrapper\">[vc_row equal_height=&#8221;yes&#8221; content_placement=&#8221;middle&#8221;][vc_column width=&#8221;1\/3&#8243;][vc_single_image image=&#8221;48450&#8243; img_size=&#8221;full&#8221; alignment=&#8221;center&#8221; css=&#8221;&#8221;][\/vc_column][vc_column width=&#8221;2\/3&#8243;][vc_custom_heading text=&#8221;Crv\u010dak i mravi (2020.)&#8221; css=&#8221;&#8221;][vc_column_text css=&#8221;&#8221;]15. prosinca 2020.[\/vc_column_text][\/vc_column][\/vc_row][vc_row][vc_column][vc_column_text css=&#8221;&#8221;]Jedna od najpoznatijih Ezopovih basni, donosi\u00a0 nam pri\u010du o lijenom cvr\u010dku koji je dane provodio sviraju\u0107i i poku\u0161avaju\u0107i nagovoriti mrave da mu se pridru\u017ee, i mravima koji su vrijedno stajali u kolonama ispred ku\u0107e i skladi\u0161tili hranu za zimu.<\/p>\n<p>Kroz moderni pristup propitkuju\u0107i posljedice rada i nemara, ova predstava postavlja neka od uvijek aktualnih dru\u0161tvenih pitanja. Kroz kontrast mrava kao radi\u0161nih ljudi kojima je va\u017eno materijalno se osigurati za budu\u0107nost, i cvr\u010dka kao neke vrste boema koji u\u017eiva u trenutku, pred gledatelje se stavlja opreka materijalnih dobara bez kojih nema napretka i umjetnosti \u010dija je va\u017enost tako\u0111er neosporiva.<\/p>\n<p>Ho\u0107e li cvr\u010dak pre\u017eivjeti zimu kad shvati da su mu ostali jedino njegovi instrumenti i ho\u0107e li ba\u0161 svi mravi odoljeti njegovoj pjesmi koja ih prati cijele dane?<\/p>\n<p>Gluma\u010dka igra \u010detvero glumaca vodi nas u svijet malih radoholi\u010dara i jednog boema, ostavljaju\u0107i nam prostora da sami zaklju\u010dimo tko je u ovoj pri\u010di negativac, a tko pozitivac, i postoji li uop\u0107e takva podjela u pri\u010di koja nam osim glavne poruke, u tragovima nosi i onu poznatu koja nas u\u010di da smo svi razli\u010diti?<br \/>\nPredstava je predvi\u0111ena za djecu od 4 godina na vi\u0161e, a traje 40 minuta.<\/p>\n<p><strong>Redatelj:\u00a0<\/strong>Romano Bogdan<\/p>\n<p><strong>Tekst i dramaturgija:\u00a0<\/strong>Ivona Marciu\u0161<\/p>\n<p><strong>Scenografija i kostimi:\u00a0<\/strong>Bruno Kontrec<\/p>\n<p><strong>Glazba:\u00a0<\/strong>Igor Baksa<\/p>\n<p><strong>Oblikovanje rasvjete:\u00a0<\/strong>Neven Taradi<\/p>\n<p><strong>Grafi\u010dko oblikovanje:\u00a0<\/strong>Bruno Kontrec<\/p>\n<p><strong>Igraju:<\/strong><\/p>\n<p>Mario Jak\u0161i\u0107<\/p>\n<p>Karolina Horvat<\/p>\n<p>Davor Dokleja<\/p>\n<p>Bruno Kontrec<\/p>\n<p>Predstava je dio me\u0111unarodnog projekta\u00a0<em>ConnectUp \u2013 The Life of the Others,\u00a0<\/em>financiranog kroz program Creative Europe.<\/p>\n<p><strong>Dob:<\/strong>\u00a04+<br \/>\n<strong>Trajanje:<\/strong>\u00a040 min[\/vc_column_text][\/vc_column][\/vc_row][vc_row][vc_column][vc_video link=&#8221;https:\/\/youtu.be\/QCm2Z9NpRjk&#8221; el_width=&#8221;50&#8243; align=&#8221;center&#8221; css=&#8221;&#8221;][vc_single_image image=&#8221;48804&#8243; css=&#8221;&#8221;][\/vc_column][\/vc_row]\n<\/div>","protected":false},"excerpt":{"rendered":"<p>[vc_row equal_height=&#8221;yes&#8221; content_placement=&#8221;middle&#8221;][vc_column width=&#8221;1\/3&#8243;][vc_single_image image=&#8221;48450&#8243; img_size=&#8221;full&#8221; alignment=&#8221;center&#8221; css=&#8221;&#8221;][\/vc_column][vc_column width=&#8221;2\/3&#8243;][vc_custom_heading text=&#8221;Crv\u010dak i mravi (2020.)&#8221; css=&#8221;&#8221;][vc_column_text css=&#8221;&#8221;]15. prosinca 2020.[\/vc_column_text][\/vc_column][\/vc_row][vc_row][vc_column][vc_column_text css=&#8221;&#8221;]Jedna od najpoznatijih Ezopovih basni, donosi\u00a0 nam pri\u010du o lijenom cvr\u010dku koji je dane provodio sviraju\u0107i i poku\u0161avaju\u0107i nagovoriti mrave da mu se pridru\u017ee, i mravima koji su vrijedno stajali u kolonama ispred ku\u0107e i skladi\u0161tili hranu za zimu. Kroz moderni pristup propitkuju\u0107i [&hellip;]<\/p>\n","protected":false},"author":2,"featured_media":0,"parent":0,"menu_order":0,"comment_status":"closed","ping_status":"closed","template":"","meta":{"inline_featured_image":false,"footnotes":""},"class_list":["post-48802","page","type-page","status-publish","hentry"],"ulaznica_data":null,"_links":{"self":[{"href":"https:\/\/czk-cakovec.hr\/saturn\/wp-json\/wp\/v2\/pages\/48802","targetHints":{"allow":["GET"]}}],"collection":[{"href":"https:\/\/czk-cakovec.hr\/saturn\/wp-json\/wp\/v2\/pages"}],"about":[{"href":"https:\/\/czk-cakovec.hr\/saturn\/wp-json\/wp\/v2\/types\/page"}],"author":[{"embeddable":true,"href":"https:\/\/czk-cakovec.hr\/saturn\/wp-json\/wp\/v2\/users\/2"}],"replies":[{"embeddable":true,"href":"https:\/\/czk-cakovec.hr\/saturn\/wp-json\/wp\/v2\/comments?post=48802"}],"version-history":[{"count":3,"href":"https:\/\/czk-cakovec.hr\/saturn\/wp-json\/wp\/v2\/pages\/48802\/revisions"}],"predecessor-version":[{"id":48807,"href":"https:\/\/czk-cakovec.hr\/saturn\/wp-json\/wp\/v2\/pages\/48802\/revisions\/48807"}],"wp:attachment":[{"href":"https:\/\/czk-cakovec.hr\/saturn\/wp-json\/wp\/v2\/media?parent=48802"}],"curies":[{"name":"wp","href":"https:\/\/api.w.org\/{rel}","templated":true}]}}

Crvčak i mravi

<div class="wpb-content-wrapper">[vc_row equal_height=&#8221;yes&#8221; content_placement=&#8221;middle&#8221;][vc_column width=&#8221;1/3&#8243;][vc_single_image image=&#8221;48450&#8243; img_size=&#8221;full&#8221; alignment=&#8221;center&#8221; css=&#8221;&#8221;][/vc_column][vc_column width=&#8221;2/3&#8243;][vc_custom_heading text=&#8221;Crvčak i mravi (2020.)&#8221; css=&#8221;&#8221;][vc_column_text css=&#8221;&#8221;]15. prosinca 2020.[/vc_column_text][/vc_column][/vc_row][vc_row][vc_column][vc_column_text css=&#8221;&#8221;]Jedna od najpoznatijih Ezopovih basni, donosi  nam priču o lijenom cvrčku koji je dane provodio svirajući i pokušavajući nagovoriti mrave da mu se pridruže, i mravima koji su vrijedno stajali u kolonama ispred kuće i skladištili hranu za zimu.</p>
<p>Kroz moderni pristup propitkujući posljedice rada i nemara, ova predstava postavlja neka od uvijek aktualnih društvenih pitanja. Kroz kontrast mrava kao radišnih ljudi kojima je važno materijalno se osigurati za budućnost, i cvrčka kao neke vrste boema koji uživa u trenutku, pred gledatelje se stavlja opreka materijalnih dobara bez kojih nema napretka i umjetnosti čija je važnost također neosporiva.</p>
<p>Hoće li cvrčak preživjeti zimu kad shvati da su mu ostali jedino njegovi instrumenti i hoće li baš svi mravi odoljeti njegovoj pjesmi koja ih prati cijele dane?</p>
<p>Glumačka igra četvero glumaca vodi nas u svijet malih radoholičara i jednog boema, ostavljajući nam prostora da sami zaključimo tko je u ovoj priči negativac, a tko pozitivac, i postoji li uopće takva podjela u priči koja nam osim glavne poruke, u tragovima nosi i onu poznatu koja nas uči da smo svi različiti?<br />
Predstava je predviđena za djecu od 4 godina na više, a traje 40 minuta.</p>
<p><strong>Redatelj: </strong>Romano Bogdan</p>
<p><strong>Tekst i dramaturgija: </strong>Ivona Marciuš</p>
<p><strong>Scenografija i kostimi: </strong>Bruno Kontrec</p>
<p><strong>Glazba: </strong>Igor Baksa</p>
<p><strong>Oblikovanje rasvjete: </strong>Neven Taradi</p>
<p><strong>Grafičko oblikovanje: </strong>Bruno Kontrec</p>
<p><strong>Igraju:</strong></p>
<p>Mario Jakšić</p>
<p>Karolina Horvat</p>
<p>Davor Dokleja</p>
<p>Bruno Kontrec</p>
<p>Predstava je dio međunarodnog projekta <em>ConnectUp – The Life of the Others, </em>financiranog kroz program Creative Europe.</p>
<p><strong>Dob:</strong> 4+<br />
<strong>Trajanje:</strong> 40 min[/vc_column_text][/vc_column][/vc_row][vc_row][vc_column][vc_video link=&#8221;https://youtu.be/QCm2Z9NpRjk&#8221; el_width=&#8221;50&#8243; align=&#8221;center&#8221; css=&#8221;&#8221;][vc_single_image image=&#8221;48804&#8243; css=&#8221;&#8221;][/vc_column][/vc_row]
</div>

<p>[vc_row equal_height=&#8221;yes&#8221; content_placement=&#8221;middle&#8221;][vc_column width=&#8221;1/3&#8243;][vc_single_image image=&#8221;48450&#8243; img_size=&#8221;full&#8221; alignment=&#8221;center&#8221; css=&#8221;&#8221;][/vc_column][vc_column width=&#8221;2/3&#8243;][vc_custom_heading text=&#8221;Crvčak i mravi (2020.)&#8221; css=&#8221;&#8221;][vc_column_text css=&#8221;&#8221;]15. prosinca 2020.[/vc_column_text][/vc_column][/vc_row][vc_row][vc_column][vc_column_text css=&#8221;&#8221;]Jedna od najpoznatijih Ezopovih basni, donosi  nam priču o lijenom cvrčku koji je dane provodio svirajući i pokušavajući nagovoriti mrave da mu se pridruže, i mravima koji su vrijedno stajali u kolonama ispred kuće i skladištili hranu za zimu. Kroz moderni pristup propitkujući [&hellip;]</p>
