{"id":48828,"date":"2025-12-23T10:04:38","date_gmt":"2025-12-23T09:04:38","guid":{"rendered":"https:\/\/czk-cakovec.hr\/?page_id=48828"},"modified":"2025-12-23T10:04:56","modified_gmt":"2025-12-23T09:04:56","slug":"kao-voda","status":"publish","type":"page","link":"https:\/\/czk-cakovec.hr\/saturn\/kao-voda\/","title":{"rendered":"Kao voda"},"content":{"rendered":"<div class=\"wpb-content-wrapper\">[vc_row equal_height=&#8221;yes&#8221; content_placement=&#8221;middle&#8221;][vc_column width=&#8221;1\/3&#8243;][vc_single_image image=&#8221;48452&#8243; img_size=&#8221;full&#8221; alignment=&#8221;center&#8221; css=&#8221;&#8221;][\/vc_column][vc_column width=&#8221;2\/3&#8243;][vc_custom_heading text=&#8221;Kao voda (2019.)&#8221; css=&#8221;&#8221;][vc_column_text css=&#8221;&#8221;]24.rujna 2019[\/vc_column_text][\/vc_column][\/vc_row][vc_row][vc_column][vc_column_text css=&#8221;&#8221;]Kazali\u0161na dru\u017eina Pinklec &amp; Hrvatsko narodno kazali\u0161te u Vara\u017edinu<\/p>\n<p><strong>KAO VODA<br \/>\n<\/strong>Ana Proli\u0107<br \/>\n(dramsko lutkarska predstava)<\/p>\n<p><strong>O predstavi:<\/strong>\u00a0Kap ki\u0161e prelazi u kap jezera, oblak u jezero. Dan postaje no\u0107, gusjenica leptir. List no\u0161en vjetrom postaje riba, do\u017eivljen putem dodira pauk postaje meko klupko bar\u0161una. Tuga se preta\u010de u radost, \u017eivot u smrt.<\/p>\n<p>Kroz narativno jednostavnu pri\u010du u \u010dijem su sredi\u0161tu Djevoj\u010dica s pletenicom u kosi i Dje\u010dak u \u017eutim \u010dizmicama,\u00a0<em>Kao voda\u00a0\u00a0<\/em>tematizira sveprisutnost i neminovnost neprestane mijene. Pou\u010deni dinamikom zbivanja u okolini, u njihovom odnosu, u vlastitim percepcijama i do\u017eivljajima \u2013 u kojima ni\u0161ta ne nestaje, samo mijenja oblik \u2013 Djevoj\u010dica Dje\u010dak prihvatit \u0107e mijenu kao integralni dio \u017eivota. No nas \u0107e nau\u010diti da se ne poistovje\u0107ujemo s prolaznim, ali i da, svaki trenutak pro\u017eivimo u njegovoj punini, otkrivaju\u0107i njegovu jedinstvenost i \u010dudesnost.<\/p>\n<p><em>Kao voda<\/em>\u00a0 nema za cilj stvoriti jednozna\u010dne slike i zatvorene narative, ve\u0107 rastvoriti svijet imaginacije, o\u010duditi ono svakodnevno, intenzivirati percepciju, otvoriti jedan druga\u010diji, mogu\u0107, poetski na\u010din do\u017eivljaja u kojem doga\u0111ajnost zadobiva novu definiciju.<br \/>\n<em>Ana Proli\u0107<\/em><\/p>\n<p><strong>Redatelj:<\/strong>\u00a0Romano Bogdan<br \/>\n<strong>Tekst i dramaturgija:<\/strong>\u00a0Ana Proli\u0107<br \/>\n<strong>Scenografija, oblikovanje lutki i kostimografija:<\/strong>\u00a0Leo Vukeli\u0107<br \/>\n<strong>Glazba:<\/strong>\u00a0Nenad Kova\u010di\u0107<br \/>\n<strong>Oblikovanje rasvjete:<\/strong>\u00a0Neven Taradi<\/p>\n<p><strong>Igraju:\u00a0\u00a0<\/strong><br \/>\nDje\u010dak: Mario Jak\u0161i\u0107<br \/>\nDjevoj\u010dica: Karolina Horvat<br \/>\nPripovjeda\u010dica: Tena Antonija Torjanac<\/p>\n<p><strong>Trajanje:<\/strong>\u00a045 min.<br \/>\n<strong>Dob:<\/strong>\u00a05+ (vrti\u0107i i ni\u017ei razredi osnovne \u0161kole)<br \/>\n<strong>Premijera:<\/strong><br \/>\nCentar za kulturu \u010cakovec \u2013 6. listopada 2019.\u00a0 u 16:00 sati<br \/>\nHNK u Vara\u017edinu \u2013 12. listopada 2019. u 18:00 sati<\/p>\n<p><strong>NAGRADE:<\/strong><br \/>\n<strong>6. FEDU, Sarajevo<\/strong><br \/>\n\u2013 Nagrada za najbolju scenografiju i vizualni dojam\u00a0Leo Vukeli\u0107[\/vc_column_text][\/vc_column][\/vc_row][vc_row][vc_column][vc_video link=&#8221;https:\/\/youtu.be\/BkKmbYqtdlY&#8221; el_width=&#8221;50&#8243; align=&#8221;center&#8221; css=&#8221;&#8221;][vc_gallery type=&#8221;image_grid&#8221; images=&#8221;48830,48831,48832,48833,48834,48835,48836,48837,48838,48839,48840,48841&#8243; css=&#8221;&#8221;][\/vc_column][\/vc_row]\n<\/div>","protected":false},"excerpt":{"rendered":"<p>[vc_row equal_height=&#8221;yes&#8221; content_placement=&#8221;middle&#8221;][vc_column width=&#8221;1\/3&#8243;][vc_single_image image=&#8221;48452&#8243; img_size=&#8221;full&#8221; alignment=&#8221;center&#8221; css=&#8221;&#8221;][\/vc_column][vc_column width=&#8221;2\/3&#8243;][vc_custom_heading text=&#8221;Kao voda (2019.)&#8221; css=&#8221;&#8221;][vc_column_text css=&#8221;&#8221;]24.rujna 2019[\/vc_column_text][\/vc_column][\/vc_row][vc_row][vc_column][vc_column_text css=&#8221;&#8221;]Kazali\u0161na dru\u017eina Pinklec &amp; Hrvatsko narodno kazali\u0161te u Vara\u017edinu KAO VODA Ana Proli\u0107 (dramsko lutkarska predstava) O predstavi:\u00a0Kap ki\u0161e prelazi u kap jezera, oblak u jezero. Dan postaje no\u0107, gusjenica leptir. List no\u0161en vjetrom postaje riba, do\u017eivljen putem dodira pauk postaje meko klupko bar\u0161una. Tuga [&hellip;]<\/p>\n","protected":false},"author":2,"featured_media":0,"parent":0,"menu_order":0,"comment_status":"closed","ping_status":"closed","template":"","meta":{"inline_featured_image":false,"footnotes":""},"class_list":["post-48828","page","type-page","status-publish","hentry"],"ulaznica_data":null,"_links":{"self":[{"href":"https:\/\/czk-cakovec.hr\/saturn\/wp-json\/wp\/v2\/pages\/48828","targetHints":{"allow":["GET"]}}],"collection":[{"href":"https:\/\/czk-cakovec.hr\/saturn\/wp-json\/wp\/v2\/pages"}],"about":[{"href":"https:\/\/czk-cakovec.hr\/saturn\/wp-json\/wp\/v2\/types\/page"}],"author":[{"embeddable":true,"href":"https:\/\/czk-cakovec.hr\/saturn\/wp-json\/wp\/v2\/users\/2"}],"replies":[{"embeddable":true,"href":"https:\/\/czk-cakovec.hr\/saturn\/wp-json\/wp\/v2\/comments?post=48828"}],"version-history":[{"count":3,"href":"https:\/\/czk-cakovec.hr\/saturn\/wp-json\/wp\/v2\/pages\/48828\/revisions"}],"predecessor-version":[{"id":48844,"href":"https:\/\/czk-cakovec.hr\/saturn\/wp-json\/wp\/v2\/pages\/48828\/revisions\/48844"}],"wp:attachment":[{"href":"https:\/\/czk-cakovec.hr\/saturn\/wp-json\/wp\/v2\/media?parent=48828"}],"curies":[{"name":"wp","href":"https:\/\/api.w.org\/{rel}","templated":true}]}}