{"id":48980,"date":"2025-12-23T11:11:00","date_gmt":"2025-12-23T10:11:00","guid":{"rendered":"https:\/\/czk-cakovec.hr\/?page_id=48980"},"modified":"2025-12-23T13:56:43","modified_gmt":"2025-12-23T12:56:43","slug":"s-razlogom","status":"publish","type":"page","link":"https:\/\/czk-cakovec.hr\/saturn\/s-razlogom\/","title":{"rendered":"S razlogom"},"content":{"rendered":"<div class=\"wpb-content-wrapper\">[vc_row equal_height=&#8221;yes&#8221; content_placement=&#8221;middle&#8221;][vc_column width=&#8221;1\/3&#8243;][vc_single_image image=&#8221;48465&#8243; img_size=&#8221;full&#8221; alignment=&#8221;center&#8221; css=&#8221;&#8221;][\/vc_column][vc_column width=&#8221;2\/3&#8243;][vc_custom_heading text=&#8221;S razlogom (2016.)&#8221; css=&#8221;&#8221;][vc_column_text css=&#8221;&#8221;]26. kolovoza 2016[\/vc_column_text][\/vc_column][\/vc_row][vc_row][vc_column][vc_column_text css=&#8221;&#8221;]<strong>KAZALI\u0160NA DRU\u017dINA PINKLEC U KOPRODUKCIJI S LOFT<br \/>\nS RAZLOGOM<br \/>\n<\/strong><em>Premijera 18. rujna 2016. u Centru za kulturu \u010cakovec<\/em><br \/>\n<em>(dramsko-lutkarska predstava)<\/em><br \/>\n<strong><br \/>\nRe\u017eija<\/strong>: Morana Dolenc<br \/>\n<strong>Igraju<\/strong>: Petar Atanasoski, Mario Jak\u0161i\u0107 , Bruno Kontrec<br \/>\n<strong>Glazba<\/strong>: Meri Jaman i Anita Valo<br \/>\n<strong>Scenografija<\/strong>: Bruno Kontrec<br \/>\n<strong>Lutka zeca:<\/strong>\u00a0Jasmina Kosanovi\u0107<br \/>\n<strong>Izrada<\/strong>\u00a0<strong>scenografije<\/strong>: Davor Tkalec<br \/>\n<strong>Crte\u017ei<\/strong>: Ivan Tomasovi\u0107<br \/>\n<strong>Kostimi<\/strong>: Dunja Vukovi\u0107 i Patrik Dolenc<br \/>\n<strong>Dizajn rasvjete:<\/strong>\u00a0Neven Taradi<br \/>\n<strong>Grafi\u010dki<\/strong>\u00a0<strong>dizajn<\/strong>: Bruno Kontrec<br \/>\n<strong>Fotografija<\/strong>: Mario Jak\u0161i\u0107<\/p>\n<p><strong>\u00a0<\/strong><strong>O predstavi:\u00a0<\/strong>Ka\u017eu da se u \u017eivotu sve doga\u0111a s razlogom. Mi smo odlu\u010dili provjeriti je li to uistinu tako. I onda smo krenuli na put, put \u017eivota. Prvo su do\u0161li neki ljudi i mi smo odmah znali da je njihova uloga da budu tu, uz nas. A onda je do\u0161ao Veljko, junak na\u0161e predstave. Veljko je bio i dobar i \u201dzlo\u010dkast\u201d, i ozbiljan i zaigran, i pametan i \u201dglupkast\u201d, i srame\u017eljiv i hrabar, i crn i bijel ba\u0161 kao svatko od nas. Za\u0161to onda junak? Zato \u0161to u trenutku ro\u0111enja svi postajemo junaci koji se bore s neda\u0107ama, slave uspjehe, oplakuju izgubljeno, vesele se, ljube i grle, tuguju i boluju, ple\u0161u i vole i hodaju puteljkom koji je pun prepreka i izazova, a zove se \u017dIVOT. Ponekad nam se doga\u0111aju stvari koje izgledaju stra\u0161no, bolno i nepo\u0161teno, ali razmi\u0161ljaju\u0107i, shvatimo da bez savladavanja takvih prepreka nikad ne bismo otkrili svoje pravo JA i svoju svrhu na ovom svijetu. Crno i bijelo polako bojimo na\u0161om nijansom crvene boje koja nam daje \u017eivot, snagu, borbenost, mo\u0107, sjaj i kola na\u0161im tijelom jer je ona unutarnji motor. I tako na na\u0161em putu koji se ve\u0107 poprili\u010dno crveni cijenimo svaki trenutak, uzimamo sve \u0161to nam se pru\u017ea, di\u0161emo punim plu\u0107ima i putujemo bez tereta, sretno i s razlogom.<\/p>\n<p><strong>Trajanje:\u00a0<\/strong>50 minuta<br \/>\n<strong>Dob:\u00a06<\/strong>\u00a0+ (ni\u017ei i vi\u0161i\u00a0razredi osnovne \u0161kole)<\/p>\n<p><strong>Sponzori predstave su:<\/strong>\u00a0Borovo i Iverpan<br \/>\n<strong>KRITIKA:<br \/>\n<a href=\"http:\/\/kritikaz.com\/vijesti\/kritike\/26438\/%C5%A0armantna-neverbalnost-koja-ru%C5%A1i-granice\">\u0160armantna neverbalnost koja ru\u0161i granice \u2013 KRITIKAZ<\/a><br \/>\n<\/strong><\/p>\n<p><strong>NAGRADE:<\/strong><\/p>\n<p><strong>15. Dje\u010dji kazali\u0161ni festival Pozori\u0161te Zvezdari\u0161te, Beograd<\/strong><br \/>\n<strong>Prva nagrada dje\u010djeg \u017eirija<\/strong>\u00a0za predstavu \u201cS RAZLOGOM\u201d u izvedbi Kazali\u0161ne dru\u017eine Pinklec u koprodukciji s LOFT Zagreb, a u re\u017eiji Morane Dolenc<br \/>\n<strong><br \/>\n18. Naj, naj, naj festival \u201d\u017dar Ptica\u201d, Zagreb (2018.)<br \/>\n<\/strong><strong>Nagrada za promicanje neverbalnog kazali\u0161nog izraza:<\/strong>\u00a0Morana Dolenc za predstavu \u201dS RAZLOGOM\u201d u izvedbi Kazali\u0161ne dru\u017eine Pinklec \u010cakovec i LOFT-a.<\/p>\n<p><strong>28. Me\u0111unarodni lutkarski festival Poletni lutkovni Pristan, Maribor \u2013 Slovenija (2017.)<br \/>\nNagrada dje\u010djeg \u017eirija \u201d25 zlatih zvezdic\u201d:\u00a0<\/strong>\u201dS RAZLOGOM\u201d u izvedbi Kazali\u0161ne dru\u017eine Pinklec u koprodukciji s LOFT-om iz Zagreba u re\u017eiji Morane Dolenc<\/p>\n<p><strong>20. ASSITEJ, \u010cakovec (2017.)<\/strong><br \/>\n<strong>Nagrada za najbolju predstavu\u00a0u cjelini<\/strong>\u00a0\u2013\u00a0S RAZLOGOM Kazali\u0161ne dru\u017eine Pinklec i Lutkarske organizacije koju fakat trebamo \u2013 LOFT Zagreb.<strong><br \/>\nNagrada za re\u017eiju<\/strong>\u00a0\u2013 MORANA DOLENC za predstavu S RAZLOGOM Kazali\u0161ne dru\u017eine Pinklec i Lutkarske organizacije koju fakat trebamo \u2013 LOFT Zagreb<strong><br \/>\nNagrada za izvedbeni tekst\u00a0\u2013\u00a0<\/strong>autorski tim predstave S RAZLOGOM Kazali\u0161ne dru\u017eine Pinklec i Lutkarske organizacije koju fakat trebamo \u2013 LOFT Zagreb.\u00a0<strong><br \/>\n<\/strong><\/p>\n<p><strong><u>SLUK, Zadar (2017.)<br \/>\n<\/u><\/strong><strong>Nagrada za najbolju kostimografiju:<\/strong>\u00a0Dunja Vukovi\u0107 za predstavu \u201dS RAZLOGOM\u201d u izvedbi Kazali\u0161ne dru\u017eine Pinklec iz \u010cakovca u re\u017eiji Morane Dolenc<br \/>\n<strong>Nagrada za najbolju glumu\/animaciju:<\/strong>\u00a0Mario Jak\u0161i\u0107, Bruno Kontrec i Petar Atanasoski za predstavu \u201dS RAZLOGOM\u201d u izvedbi Kazali\u0161ne dru\u017eine Pinklec iz \u010cakovca u re\u017eiji Morane Dolenc[\/vc_column_text][\/vc_column][\/vc_row][vc_row][vc_column][vc_gallery type=&#8221;image_grid&#8221; images=&#8221;48983,48984,48985,48986,48987,48988,48989,48990,48991,48992,48993,48994,48995,48996,48997&#8243; css=&#8221;&#8221;][\/vc_column][\/vc_row]\n<\/div>","protected":false},"excerpt":{"rendered":"<p>[vc_row equal_height=&#8221;yes&#8221; content_placement=&#8221;middle&#8221;][vc_column width=&#8221;1\/3&#8243;][vc_single_image image=&#8221;48465&#8243; img_size=&#8221;full&#8221; alignment=&#8221;center&#8221; css=&#8221;&#8221;][\/vc_column][vc_column width=&#8221;2\/3&#8243;][vc_custom_heading text=&#8221;S razlogom (2016.)&#8221; css=&#8221;&#8221;][vc_column_text css=&#8221;&#8221;]26. kolovoza 2016[\/vc_column_text][\/vc_column][\/vc_row][vc_row][vc_column][vc_column_text css=&#8221;&#8221;]KAZALI\u0160NA DRU\u017dINA PINKLEC U KOPRODUKCIJI S LOFT S RAZLOGOM Premijera 18. rujna 2016. u Centru za kulturu \u010cakovec (dramsko-lutkarska predstava) Re\u017eija: Morana Dolenc Igraju: Petar Atanasoski, Mario Jak\u0161i\u0107 , Bruno Kontrec Glazba: Meri Jaman i Anita Valo Scenografija: Bruno Kontrec Lutka zeca:\u00a0Jasmina Kosanovi\u0107 Izrada\u00a0scenografije: [&hellip;]<\/p>\n","protected":false},"author":2,"featured_media":0,"parent":0,"menu_order":0,"comment_status":"closed","ping_status":"closed","template":"","meta":{"inline_featured_image":false,"footnotes":""},"class_list":["post-48980","page","type-page","status-publish","hentry"],"ulaznica_data":null,"_links":{"self":[{"href":"https:\/\/czk-cakovec.hr\/saturn\/wp-json\/wp\/v2\/pages\/48980","targetHints":{"allow":["GET"]}}],"collection":[{"href":"https:\/\/czk-cakovec.hr\/saturn\/wp-json\/wp\/v2\/pages"}],"about":[{"href":"https:\/\/czk-cakovec.hr\/saturn\/wp-json\/wp\/v2\/types\/page"}],"author":[{"embeddable":true,"href":"https:\/\/czk-cakovec.hr\/saturn\/wp-json\/wp\/v2\/users\/2"}],"replies":[{"embeddable":true,"href":"https:\/\/czk-cakovec.hr\/saturn\/wp-json\/wp\/v2\/comments?post=48980"}],"version-history":[{"count":4,"href":"https:\/\/czk-cakovec.hr\/saturn\/wp-json\/wp\/v2\/pages\/48980\/revisions"}],"predecessor-version":[{"id":49266,"href":"https:\/\/czk-cakovec.hr\/saturn\/wp-json\/wp\/v2\/pages\/48980\/revisions\/49266"}],"wp:attachment":[{"href":"https:\/\/czk-cakovec.hr\/saturn\/wp-json\/wp\/v2\/media?parent=48980"}],"curies":[{"name":"wp","href":"https:\/\/api.w.org\/{rel}","templated":true}]}}

<div class="wpb-content-wrapper">[vc_row equal_height=&#8221;yes&#8221; content_placement=&#8221;middle&#8221;][vc_column width=&#8221;1/3&#8243;][vc_single_image image=&#8221;48465&#8243; img_size=&#8221;full&#8221; alignment=&#8221;center&#8221; css=&#8221;&#8221;][/vc_column][vc_column width=&#8221;2/3&#8243;][vc_custom_heading text=&#8221;S razlogom (2016.)&#8221; css=&#8221;&#8221;][vc_column_text css=&#8221;&#8221;]26. kolovoza 2016[/vc_column_text][/vc_column][/vc_row][vc_row][vc_column][vc_column_text css=&#8221;&#8221;]<strong>KAZALIŠNA DRUŽINA PINKLEC U KOPRODUKCIJI S LOFT<br />
S RAZLOGOM<br />
</strong><em>Premijera 18. rujna 2016. u Centru za kulturu Čakovec</em><br />
<em>(dramsko-lutkarska predstava)</em><br />
<strong><br />
Režija</strong>: Morana Dolenc<br />
<strong>Igraju</strong>: Petar Atanasoski, Mario Jakšić , Bruno Kontrec<br />
<strong>Glazba</strong>: Meri Jaman i Anita Valo<br />
<strong>Scenografija</strong>: Bruno Kontrec<br />
<strong>Lutka zeca:</strong> Jasmina Kosanović<br />
<strong>Izrada</strong> <strong>scenografije</strong>: Davor Tkalec<br />
<strong>Crteži</strong>: Ivan Tomasović<br />
<strong>Kostimi</strong>: Dunja Vuković i Patrik Dolenc<br />
<strong>Dizajn rasvjete:</strong> Neven Taradi<br />
<strong>Grafički</strong> <strong>dizajn</strong>: Bruno Kontrec<br />
<strong>Fotografija</strong>: Mario Jakšić</p>
<p><strong> </strong><strong>O predstavi: </strong>Kažu da se u životu sve događa s razlogom. Mi smo odlučili provjeriti je li to uistinu tako. I onda smo krenuli na put, put života. Prvo su došli neki ljudi i mi smo odmah znali da je njihova uloga da budu tu, uz nas. A onda je došao Veljko, junak naše predstave. Veljko je bio i dobar i ”zločkast”, i ozbiljan i zaigran, i pametan i ”glupkast”, i sramežljiv i hrabar, i crn i bijel baš kao svatko od nas. Zašto onda junak? Zato što u trenutku rođenja svi postajemo junaci koji se bore s nedaćama, slave uspjehe, oplakuju izgubljeno, vesele se, ljube i grle, tuguju i boluju, plešu i vole i hodaju puteljkom koji je pun prepreka i izazova, a zove se ŽIVOT. Ponekad nam se događaju stvari koje izgledaju strašno, bolno i nepošteno, ali razmišljajući, shvatimo da bez savladavanja takvih prepreka nikad ne bismo otkrili svoje pravo JA i svoju svrhu na ovom svijetu. Crno i bijelo polako bojimo našom nijansom crvene boje koja nam daje život, snagu, borbenost, moć, sjaj i kola našim tijelom jer je ona unutarnji motor. I tako na našem putu koji se već poprilično crveni cijenimo svaki trenutak, uzimamo sve što nam se pruža, dišemo punim plućima i putujemo bez tereta, sretno i s razlogom.</p>
<p><strong>Trajanje: </strong>50 minuta<br />
<strong>Dob: 6</strong> + (niži i viši razredi osnovne škole)</p>
<p><strong>Sponzori predstave su:</strong> Borovo i Iverpan<br />
<strong>KRITIKA:<br />
<a href="http://kritikaz.com/vijesti/kritike/26438/%C5%A0armantna-neverbalnost-koja-ru%C5%A1i-granice">Šarmantna neverbalnost koja ruši granice – KRITIKAZ</a><br />
</strong></p>
<p><strong>NAGRADE:</strong></p>
<p><strong>15. Dječji kazališni festival Pozorište Zvezdarište, Beograd</strong><br />
<strong>Prva nagrada dječjeg žirija</strong> za predstavu “S RAZLOGOM” u izvedbi Kazališne družine Pinklec u koprodukciji s LOFT Zagreb, a u režiji Morane Dolenc<br />
<strong><br />
18. Naj, naj, naj festival ”Žar Ptica”, Zagreb (2018.)<br />
</strong><strong>Nagrada za promicanje neverbalnog kazališnog izraza:</strong> Morana Dolenc za predstavu ”S RAZLOGOM” u izvedbi Kazališne družine Pinklec Čakovec i LOFT-a.</p>
<p><strong>28. Međunarodni lutkarski festival Poletni lutkovni Pristan, Maribor – Slovenija (2017.)<br />
Nagrada dječjeg žirija ”25 zlatih zvezdic”: </strong>”S RAZLOGOM” u izvedbi Kazališne družine Pinklec u koprodukciji s LOFT-om iz Zagreba u režiji Morane Dolenc</p>
<p><strong>20. ASSITEJ, Čakovec (2017.)</strong><br />
<strong>Nagrada za najbolju predstavu u cjelini</strong> – S RAZLOGOM Kazališne družine Pinklec i Lutkarske organizacije koju fakat trebamo – LOFT Zagreb.<strong><br />
Nagrada za režiju</strong> – MORANA DOLENC za predstavu S RAZLOGOM Kazališne družine Pinklec i Lutkarske organizacije koju fakat trebamo – LOFT Zagreb<strong><br />
Nagrada za izvedbeni tekst – </strong>autorski tim predstave S RAZLOGOM Kazališne družine Pinklec i Lutkarske organizacije koju fakat trebamo – LOFT Zagreb. <strong><br />
</strong></p>
<p><strong><u>SLUK, Zadar (2017.)<br />
</u></strong><strong>Nagrada za najbolju kostimografiju:</strong> Dunja Vuković za predstavu ”S RAZLOGOM” u izvedbi Kazališne družine Pinklec iz Čakovca u režiji Morane Dolenc<br />
<strong>Nagrada za najbolju glumu/animaciju:</strong> Mario Jakšić, Bruno Kontrec i Petar Atanasoski za predstavu ”S RAZLOGOM” u izvedbi Kazališne družine Pinklec iz Čakovca u režiji Morane Dolenc[/vc_column_text][/vc_column][/vc_row][vc_row][vc_column][vc_gallery type=&#8221;image_grid&#8221; images=&#8221;48983,48984,48985,48986,48987,48988,48989,48990,48991,48992,48993,48994,48995,48996,48997&#8243; css=&#8221;&#8221;][/vc_column][/vc_row]
</div>

<p>[vc_row equal_height=&#8221;yes&#8221; content_placement=&#8221;middle&#8221;][vc_column width=&#8221;1/3&#8243;][vc_single_image image=&#8221;48465&#8243; img_size=&#8221;full&#8221; alignment=&#8221;center&#8221; css=&#8221;&#8221;][/vc_column][vc_column width=&#8221;2/3&#8243;][vc_custom_heading text=&#8221;S razlogom (2016.)&#8221; css=&#8221;&#8221;][vc_column_text css=&#8221;&#8221;]26. kolovoza 2016[/vc_column_text][/vc_column][/vc_row][vc_row][vc_column][vc_column_text css=&#8221;&#8221;]KAZALIŠNA DRUŽINA PINKLEC U KOPRODUKCIJI S LOFT S RAZLOGOM Premijera 18. rujna 2016. u Centru za kulturu Čakovec (dramsko-lutkarska predstava) Režija: Morana Dolenc Igraju: Petar Atanasoski, Mario Jakšić , Bruno Kontrec Glazba: Meri Jaman i Anita Valo Scenografija: Bruno Kontrec Lutka zeca: Jasmina Kosanović Izrada scenografije: [&hellip;]</p>
