{"id":49191,"date":"2025-12-23T12:48:23","date_gmt":"2025-12-23T11:48:23","guid":{"rendered":"https:\/\/czk-cakovec.hr\/?page_id=49191"},"modified":"2025-12-23T12:48:56","modified_gmt":"2025-12-23T11:48:56","slug":"kucni-duhovi-i-nevidljivi-recept-za-srecu","status":"publish","type":"page","link":"https:\/\/czk-cakovec.hr\/saturn\/kucni-duhovi-i-nevidljivi-recept-za-srecu\/","title":{"rendered":"Ku\u0107ni duhovi i nevidljivi recept za sre\u0107u"},"content":{"rendered":"<div class=\"wpb-content-wrapper\">[vc_row equal_height=&#8221;yes&#8221; content_placement=&#8221;middle&#8221;][vc_column width=&#8221;1\/3&#8243;][vc_single_image image=&#8221;48475&#8243; img_size=&#8221;large&#8221; alignment=&#8221;center&#8221; css=&#8221;&#8221;][\/vc_column][vc_column width=&#8221;2\/3&#8243;][vc_custom_heading text=&#8221;Ku\u0107ni duhovi i nevidljivi recept za sre\u0107u (2013.)&#8221; css=&#8221;&#8221;][vc_column_text css=&#8221;&#8221;]4. travnja 2013.[\/vc_column_text][\/vc_column][\/vc_row][vc_row][vc_column][vc_column_text css=&#8221;&#8221;]\n<p style=\"font-weight: 400;\">Ku\u0107ni duhovi ili nevidljivi recept za sre\u0107u<br \/>\n(lutkarska komedija u 5 scena)<\/p>\n<p style=\"font-weight: 400;\">Dje\u010dje kazali\u0161te Dubrava &amp; Kazali\u0161na dru\u017eina Pinklec<br \/>\nsve\u010dane premijere \/ 14.4.2013. u CZK \u010cakovec i 18.4.2013. u DKD-u Zagreb<\/p>\n<p style=\"font-weight: 400;\">dramatizacija i re\u017eija \/ Tamara Ku\u010dinovi\u0107<br \/>\nlikovno oblikovanje (scenografija, lutke, ilustracija) \/ Gulnaz Fatikhova<br \/>\nautor glazbe \/ Hrvoje Radni\u0107<br \/>\noblikovanje svjetla \/ Tamara Ku\u010dinovi\u0107<\/p>\n<p style=\"font-weight: 400;\">uloge:<\/p>\n<p style=\"font-weight: 400;\">Eva \u0106utkovi\u0107 \/ Marija Kolb<br \/>\nDjed Dobri\u0161a \u0106utkovi\u0107 \/ Matija Kezele<br \/>\nDragica Pri\u0161talo \/ Mario Jak\u0161i\u0107<br \/>\nBuco Cajzek \/ Davor Dokleja<br \/>\nKu\u0107ni duhovi \/ Marija Kolb, Matija Kezele, Mario Jak\u0161i\u0107, Davor Dokleja<\/p>\n<p style=\"font-weight: 400;\">izrada scenografije i lutaka \/ Gulnaz Fatikhova, Domagoj Klasi\u0107 i Tamara Ku\u010dinovi\u0107<br \/>\nton-majstor \/ Dino \u010cosi\u0107 \/ Mario Zelenbaba<br \/>\nscenska tehnika \/ Domagoj Klasi\u0107 \/ Neven Taradi<\/p>\n<p style=\"font-weight: 400;\">O predstavi: Op\u0107e je poznato da svi ljudi ovog svijeta \u017eele biti sretni. No, i op\u0107e je poznato da sre\u0107u mnogi tra\u017ee na vrlo \u010dudan na\u010din \u2013 \u010dekaju\u0107i da sama samcata padne s neba. To \u010dekanje je najuspje\u0161nije ako po pitanju vlastite sre\u0107e ne \u010dinimo ba\u0161 ni\u0161ta. To ni\u0161ta se pak vrlo uspje\u0161no mo\u017ee \u010diniti na razne na\u010dine, ovisno o vlastitim predispozicijama.<br \/>\nU jednoj staroj zgradi \u017eive ba\u0161 takvi ljudi i ve\u0107 dugo \u010dine to jedno veliko NI\u0160TA na putu do sre\u0107e. Jedan puna\u0161ni kojem je plesna partnerica kranjska kobasica, jedna usamljena \u017eena koja se tje\u0161i sapunicama, jedna djevoj\u010dica koja se boji mraka i jedan djed koji se bavi tu\u0111im problemima. No, ako k njima uselimo ku\u0107ne duhove koji \u0107e ih izluditi svojim malim slatkim spa\u010dkama i dovesti ih do krajnjih granica razuma o\u017eivljavaju\u0107i predmete koji im smetaju na putu do sre\u0107e, natjerat \u0107emo ih da izbace iz \u017eivota sve \u0161to im ne treba i kona\u010dno prestanu \u010dekati da im sre\u0107a padne s neba, a sami u\u010dine korak k njoj.<\/p>\n<p style=\"font-weight: 400;\">Trajanje: 45 minuta<br \/>\nDob: 4+ (pred\u0161kolci i ni\u017ei razredi osnoven \u0161kole)<\/p>\n<p style=\"font-weight: 400;\"><strong style=\"font-style: inherit; font-weight: 600;\"><span style=\"font-style: inherit; font-weight: inherit;\">FESTIVALI:<\/span><\/strong><\/p>\n<ol start=\"46\">\n<li style=\"font-weight: 400;\"><strong style=\"font-style: inherit; font-weight: 600;\"> PIF, Zagreb 2013.<br \/>\nASSITEJ, \u010cakovec 2013.<\/strong><\/li>\n<\/ol>\n<p style=\"font-weight: 400;\">NAGRADE:<\/p>\n<p style=\"font-weight: 400;\"><strong style=\"font-style: inherit; font-weight: 600;\"><span style=\"font-style: inherit; font-weight: inherit;\">ASSITEJ, \u010cakovec 2013. \u2013\u00a0Najbolja scenska glazba \u2013 Hrvoje Radni\u0107<\/span><\/strong><\/p>\n[\/vc_column_text][\/vc_column][\/vc_row]\n<\/div>","protected":false},"excerpt":{"rendered":"<p>[vc_row equal_height=&#8221;yes&#8221; content_placement=&#8221;middle&#8221;][vc_column width=&#8221;1\/3&#8243;][vc_single_image image=&#8221;48475&#8243; img_size=&#8221;large&#8221; alignment=&#8221;center&#8221; css=&#8221;&#8221;][\/vc_column][vc_column width=&#8221;2\/3&#8243;][vc_custom_heading text=&#8221;Ku\u0107ni duhovi i nevidljivi recept za sre\u0107u (2013.)&#8221; css=&#8221;&#8221;][vc_column_text css=&#8221;&#8221;]4. travnja 2013.[\/vc_column_text][\/vc_column][\/vc_row][vc_row][vc_column][vc_column_text css=&#8221;&#8221;] Ku\u0107ni duhovi ili nevidljivi recept za sre\u0107u (lutkarska komedija u 5 scena) Dje\u010dje kazali\u0161te Dubrava &amp; Kazali\u0161na dru\u017eina Pinklec sve\u010dane premijere \/ 14.4.2013. u CZK \u010cakovec i 18.4.2013. u DKD-u Zagreb dramatizacija i re\u017eija \/ Tamara Ku\u010dinovi\u0107 likovno [&hellip;]<\/p>\n","protected":false},"author":2,"featured_media":0,"parent":0,"menu_order":0,"comment_status":"closed","ping_status":"closed","template":"","meta":{"inline_featured_image":false,"footnotes":""},"class_list":["post-49191","page","type-page","status-publish","hentry"],"ulaznica_data":null,"_links":{"self":[{"href":"https:\/\/czk-cakovec.hr\/saturn\/wp-json\/wp\/v2\/pages\/49191","targetHints":{"allow":["GET"]}}],"collection":[{"href":"https:\/\/czk-cakovec.hr\/saturn\/wp-json\/wp\/v2\/pages"}],"about":[{"href":"https:\/\/czk-cakovec.hr\/saturn\/wp-json\/wp\/v2\/types\/page"}],"author":[{"embeddable":true,"href":"https:\/\/czk-cakovec.hr\/saturn\/wp-json\/wp\/v2\/users\/2"}],"replies":[{"embeddable":true,"href":"https:\/\/czk-cakovec.hr\/saturn\/wp-json\/wp\/v2\/comments?post=49191"}],"version-history":[{"count":3,"href":"https:\/\/czk-cakovec.hr\/saturn\/wp-json\/wp\/v2\/pages\/49191\/revisions"}],"predecessor-version":[{"id":49194,"href":"https:\/\/czk-cakovec.hr\/saturn\/wp-json\/wp\/v2\/pages\/49191\/revisions\/49194"}],"wp:attachment":[{"href":"https:\/\/czk-cakovec.hr\/saturn\/wp-json\/wp\/v2\/media?parent=49191"}],"curies":[{"name":"wp","href":"https:\/\/api.w.org\/{rel}","templated":true}]}}