{"id":49223,"date":"2025-12-23T13:12:47","date_gmt":"2025-12-23T12:12:47","guid":{"rendered":"https:\/\/czk-cakovec.hr\/?page_id=49223"},"modified":"2025-12-23T13:13:11","modified_gmt":"2025-12-23T12:13:11","slug":"klupica","status":"publish","type":"page","link":"https:\/\/czk-cakovec.hr\/saturn\/klupica\/","title":{"rendered":"Klupica"},"content":{"rendered":"<div class=\"wpb-content-wrapper\">[vc_row equal_height=&#8221;yes&#8221; content_placement=&#8221;middle&#8221;][vc_column width=&#8221;1\/3&#8243;][vc_single_image image=&#8221;48479&#8243; img_size=&#8221;large&#8221; alignment=&#8221;center&#8221; css=&#8221;&#8221;][\/vc_column][vc_column width=&#8221;2\/3&#8243;][vc_custom_heading text=&#8221;Klupica (2011.)&#8221; css=&#8221;&#8221;][vc_column_text css=&#8221;&#8221;]5. studenoga 2011.[\/vc_column_text][\/vc_column][\/vc_row][vc_row][vc_column][vc_column_text css=&#8221;&#8221;]\n<p style=\"font-weight: 400;\"><strong style=\"font-style: inherit; font-weight: 600;\">KLUPICA<br \/>\n<span style=\"font-style: inherit; font-weight: inherit;\"><a style=\"font-style: inherit; font-weight: inherit;\" href=\"http:\/\/www.mala-scena.hr\/home\/biografije\/j\/jelena-kovacic.aspx\">Jelena Kova\u010di\u0107<\/a><\/span><\/strong><\/p>\n<p style=\"font-weight: 400;\"><strong style=\"font-style: inherit; font-weight: 600;\">Re\u017eija:\u00a0<span style=\"font-style: inherit; font-weight: inherit;\"><a style=\"font-style: inherit; font-weight: inherit;\" href=\"http:\/\/hr.wikipedia.org\/wiki\/Mario_Kova%C4%8D\">Mario Kova\u010d<\/a><\/span><\/strong><br \/>\n<strong style=\"font-style: inherit; font-weight: 600;\">Glazba:<\/strong>\u00a0Igor Baksa<br \/>\n<strong style=\"font-style: inherit; font-weight: 600;\">Scenografija:<\/strong>\u00a0<span style=\"font-style: inherit; font-weight: inherit;\"><strong style=\"font-style: inherit; font-weight: 600;\"><a style=\"font-style: inherit; font-weight: inherit;\" href=\"http:\/\/kdpinklec.com\/2009\/05\/02\/bogdan-romano\/\">Romano Bogdan<\/a><\/strong><\/span><br \/>\n<strong style=\"font-style: inherit; font-weight: 600;\">Oblikovanje rasvjete:<\/strong>\u00a0Neven Taradi<\/p>\n<p style=\"font-weight: 400;\"><strong style=\"font-style: inherit; font-weight: 600;\">Igraju:\u00a0<span style=\"font-style: inherit; font-weight: inherit;\"><a style=\"font-style: inherit; font-weight: inherit;\" href=\"http:\/\/kazalistedubrava.hr\/maja-kovac\/\">Maja Kova\u010d<\/a><\/span><\/strong>,\u00a0<span style=\"font-style: inherit; font-weight: inherit;\"><strong style=\"font-style: inherit; font-weight: 600;\"><a style=\"font-style: inherit; font-weight: inherit;\" href=\"http:\/\/kdpinklec.com\/2009\/05\/02\/horvat-karolina\/\">Karolina Horvat<\/a><\/strong><\/span>,\u00a0<span style=\"font-style: inherit; font-weight: inherit;\"><strong style=\"font-style: inherit; font-weight: 600;\"><a style=\"font-style: inherit; font-weight: inherit;\" href=\"http:\/\/kdpinklec.com\/2009\/05\/02\/dokleja-davor\/\">Davor Dokleja<\/a><\/strong><\/span>,\u00a0<span style=\"font-style: inherit; font-weight: inherit;\"><strong style=\"font-style: inherit; font-weight: 600;\"><a style=\"font-style: inherit; font-weight: inherit;\" href=\"http:\/\/kdpinklec.com\/2009\/05\/02\/baksa-igor\/\">Igor Baksa<\/a><\/strong><\/span>,\u00a0<strong style=\"font-style: inherit; font-weight: 600;\"><span style=\"font-style: inherit; font-weight: inherit;\"><a style=\"font-style: inherit; font-weight: inherit;\" href=\"http:\/\/www.hnkvz.hr\/index.php?p=detail&amp;article=481\">Matija Kezele<\/a><\/span><\/strong>\u00a0i\u00a0<strong style=\"font-style: inherit; font-weight: 600;\"><span style=\"font-style: inherit; font-weight: inherit;\"><a style=\"font-style: inherit; font-weight: inherit;\" href=\"http:\/\/kdpinklec.com\/2009\/05\/02\/jaksic-mario\/\">Mario Jak\u0161i\u0107<\/a><\/span><\/strong><\/p>\n<p style=\"font-weight: 400;\">13.7. sasvim je obi\u010dan datum. Ve\u010der je topla, ljeto je ve\u0107 odavno po\u010delo. Ivana zove Franku, Franka zove Filipa, Filip zove Marka i Kre\u0161u. Netko \u0107e pozvati i Davora. Zajedno su ve\u0107 godinama. Sastat \u0107e se na klupici, skupit \u0107e lovu i kupiti alkohola. Vi\u0161e nego \u0161to mogu popiti. I onda \u0107e nazdraviti, puno puta \u0107e nazdraviti. Za ono \u0161to je bilo i ono \u0161to tek dolazi. Srednja \u0161kola je iza njih i sada su odrasli ljudi. Tako su im rekli. Iako ih mo\u017eda nisu ba\u0161 dobro pripremili za ono \u0161to dolazi. Ali oni \u0107e nazdraviti i za nespremnost i za strah i za budu\u0107nost. Iako im budu\u0107nost ne izgleda obe\u0107avaju\u0107e. Bit \u0107e to ve\u010der za pam\u0107enje, mo\u017eda \u010dak i ljeto za pam\u0107enje, nakon kojeg vi\u0161e ni\u0161ta ne\u0107e biti kao prije. Neki \u0107e oti\u0107i, neki \u0107e ostati, neki se vi\u0161e nikada ne\u0107e vratiti. Jednog dana mo\u017eda \u0107e se sje\u0107ati samo klupice, a svoje pri\u010de ne\u0107e mo\u0107i ispri\u010dati bez pri\u010de o satima provedenim u gradskom parku, pod vedrim nebom na toj klupici u koju su upisali svoje tinej\u0111erske povijesti.<\/p>\n<p style=\"font-weight: 400;\">Trajanje: 60 min<br \/>\nUzrast: 14+ godina<\/p>\n<p style=\"font-weight: 400;\"><strong style=\"font-style: inherit; font-weight: 600;\"><span style=\"font-style: inherit; font-weight: inherit;\">FESTIVALI:<\/span><\/strong><\/p>\n<p style=\"font-weight: 400;\"><strong style=\"font-style: inherit; font-weight: 600;\"><span style=\"font-style: inherit; font-weight: inherit;\">No\u0107 kazali\u0161ta, 2011.<\/span><\/strong><\/p>\n<p style=\"font-weight: 400;\"><strong style=\"font-style: inherit; font-weight: 600;\"><span style=\"font-style: inherit; font-weight: inherit;\">Kotar fest, Delnice 2012.<\/span><\/strong><\/p>\n<p style=\"font-weight: 400;\"><strong style=\"font-style: inherit; font-weight: 600;\"><span style=\"font-style: inherit; font-weight: inherit;\">Ljeto u gradu Zrinskih, \u010cakovec 2013.<\/span><\/strong><\/p>\n<p style=\"font-weight: 400;\"><strong style=\"font-style: inherit; font-weight: 600;\"><span style=\"font-style: inherit; font-weight: inherit;\">Patosoffiranje, Smederevo 2014.<\/span><\/strong><\/p>\n<p style=\"font-weight: 400;\">NAGRADE:<\/p>\n<p style=\"font-weight: 400;\"><strong style=\"font-style: inherit; font-weight: 600;\">Patosoffiranje, Smederevo 2014.<\/strong>\u00a0\u2013\u00a0<strong style=\"font-style: inherit; font-weight: 600;\">Nagrada publike za najbolju predstavu<\/strong><\/p>\n<p style=\"font-weight: 400;\"><a style=\"font-style: inherit; font-weight: inherit;\" href=\"http:\/\/kazaliste.hr\/index.php?p=article&amp;id=2006\"><strong style=\"font-style: inherit; font-weight: 600;\">PRO\u010cITAJTE KRITIKU<\/strong><\/a><\/p>\n[\/vc_column_text][\/vc_column][\/vc_row]\n<\/div>","protected":false},"excerpt":{"rendered":"<p>[vc_row equal_height=&#8221;yes&#8221; content_placement=&#8221;middle&#8221;][vc_column width=&#8221;1\/3&#8243;][vc_single_image image=&#8221;48479&#8243; img_size=&#8221;large&#8221; alignment=&#8221;center&#8221; css=&#8221;&#8221;][\/vc_column][vc_column width=&#8221;2\/3&#8243;][vc_custom_heading text=&#8221;Klupica (2011.)&#8221; css=&#8221;&#8221;][vc_column_text css=&#8221;&#8221;]5. studenoga 2011.[\/vc_column_text][\/vc_column][\/vc_row][vc_row][vc_column][vc_column_text css=&#8221;&#8221;] KLUPICA Jelena Kova\u010di\u0107 Re\u017eija:\u00a0Mario Kova\u010d Glazba:\u00a0Igor Baksa Scenografija:\u00a0Romano Bogdan Oblikovanje rasvjete:\u00a0Neven Taradi Igraju:\u00a0Maja Kova\u010d,\u00a0Karolina Horvat,\u00a0Davor Dokleja,\u00a0Igor Baksa,\u00a0Matija Kezele\u00a0i\u00a0Mario Jak\u0161i\u0107 13.7. sasvim je obi\u010dan datum. Ve\u010der je topla, ljeto je ve\u0107 odavno po\u010delo. Ivana zove Franku, Franka zove Filipa, Filip zove Marka i Kre\u0161u. Netko [&hellip;]<\/p>\n","protected":false},"author":2,"featured_media":0,"parent":0,"menu_order":0,"comment_status":"closed","ping_status":"closed","template":"","meta":{"inline_featured_image":false,"footnotes":""},"class_list":["post-49223","page","type-page","status-publish","hentry"],"ulaznica_data":null,"_links":{"self":[{"href":"https:\/\/czk-cakovec.hr\/saturn\/wp-json\/wp\/v2\/pages\/49223","targetHints":{"allow":["GET"]}}],"collection":[{"href":"https:\/\/czk-cakovec.hr\/saturn\/wp-json\/wp\/v2\/pages"}],"about":[{"href":"https:\/\/czk-cakovec.hr\/saturn\/wp-json\/wp\/v2\/types\/page"}],"author":[{"embeddable":true,"href":"https:\/\/czk-cakovec.hr\/saturn\/wp-json\/wp\/v2\/users\/2"}],"replies":[{"embeddable":true,"href":"https:\/\/czk-cakovec.hr\/saturn\/wp-json\/wp\/v2\/comments?post=49223"}],"version-history":[{"count":3,"href":"https:\/\/czk-cakovec.hr\/saturn\/wp-json\/wp\/v2\/pages\/49223\/revisions"}],"predecessor-version":[{"id":49226,"href":"https:\/\/czk-cakovec.hr\/saturn\/wp-json\/wp\/v2\/pages\/49223\/revisions\/49226"}],"wp:attachment":[{"href":"https:\/\/czk-cakovec.hr\/saturn\/wp-json\/wp\/v2\/media?parent=49223"}],"curies":[{"name":"wp","href":"https:\/\/api.w.org\/{rel}","templated":true}]}}

<div class="wpb-content-wrapper">[vc_row equal_height=&#8221;yes&#8221; content_placement=&#8221;middle&#8221;][vc_column width=&#8221;1/3&#8243;][vc_single_image image=&#8221;48479&#8243; img_size=&#8221;large&#8221; alignment=&#8221;center&#8221; css=&#8221;&#8221;][/vc_column][vc_column width=&#8221;2/3&#8243;][vc_custom_heading text=&#8221;Klupica (2011.)&#8221; css=&#8221;&#8221;][vc_column_text css=&#8221;&#8221;]5. studenoga 2011.[/vc_column_text][/vc_column][/vc_row][vc_row][vc_column][vc_column_text css=&#8221;&#8221;]
<p style="font-weight: 400;"><strong style="font-style: inherit; font-weight: 600;">KLUPICA<br />
<span style="font-style: inherit; font-weight: inherit;"><a style="font-style: inherit; font-weight: inherit;" href="http://www.mala-scena.hr/home/biografije/j/jelena-kovacic.aspx">Jelena Kovačić</a></span></strong></p>
<p style="font-weight: 400;"><strong style="font-style: inherit; font-weight: 600;">Režija: <span style="font-style: inherit; font-weight: inherit;"><a style="font-style: inherit; font-weight: inherit;" href="http://hr.wikipedia.org/wiki/Mario_Kova%C4%8D">Mario Kovač</a></span></strong><br />
<strong style="font-style: inherit; font-weight: 600;">Glazba:</strong> Igor Baksa<br />
<strong style="font-style: inherit; font-weight: 600;">Scenografija:</strong> <span style="font-style: inherit; font-weight: inherit;"><strong style="font-style: inherit; font-weight: 600;"><a style="font-style: inherit; font-weight: inherit;" href="http://kdpinklec.com/2009/05/02/bogdan-romano/">Romano Bogdan</a></strong></span><br />
<strong style="font-style: inherit; font-weight: 600;">Oblikovanje rasvjete:</strong> Neven Taradi</p>
<p style="font-weight: 400;"><strong style="font-style: inherit; font-weight: 600;">Igraju: <span style="font-style: inherit; font-weight: inherit;"><a style="font-style: inherit; font-weight: inherit;" href="http://kazalistedubrava.hr/maja-kovac/">Maja Kovač</a></span></strong>, <span style="font-style: inherit; font-weight: inherit;"><strong style="font-style: inherit; font-weight: 600;"><a style="font-style: inherit; font-weight: inherit;" href="http://kdpinklec.com/2009/05/02/horvat-karolina/">Karolina Horvat</a></strong></span>, <span style="font-style: inherit; font-weight: inherit;"><strong style="font-style: inherit; font-weight: 600;"><a style="font-style: inherit; font-weight: inherit;" href="http://kdpinklec.com/2009/05/02/dokleja-davor/">Davor Dokleja</a></strong></span>, <span style="font-style: inherit; font-weight: inherit;"><strong style="font-style: inherit; font-weight: 600;"><a style="font-style: inherit; font-weight: inherit;" href="http://kdpinklec.com/2009/05/02/baksa-igor/">Igor Baksa</a></strong></span>, <strong style="font-style: inherit; font-weight: 600;"><span style="font-style: inherit; font-weight: inherit;"><a style="font-style: inherit; font-weight: inherit;" href="http://www.hnkvz.hr/index.php?p=detail&amp;article=481">Matija Kezele</a></span></strong> i <strong style="font-style: inherit; font-weight: 600;"><span style="font-style: inherit; font-weight: inherit;"><a style="font-style: inherit; font-weight: inherit;" href="http://kdpinklec.com/2009/05/02/jaksic-mario/">Mario Jakšić</a></span></strong></p>
<p style="font-weight: 400;">13.7. sasvim je običan datum. Večer je topla, ljeto je već odavno počelo. Ivana zove Franku, Franka zove Filipa, Filip zove Marka i Krešu. Netko će pozvati i Davora. Zajedno su već godinama. Sastat će se na klupici, skupit će lovu i kupiti alkohola. Više nego što mogu popiti. I onda će nazdraviti, puno puta će nazdraviti. Za ono što je bilo i ono što tek dolazi. Srednja škola je iza njih i sada su odrasli ljudi. Tako su im rekli. Iako ih možda nisu baš dobro pripremili za ono što dolazi. Ali oni će nazdraviti i za nespremnost i za strah i za budućnost. Iako im budućnost ne izgleda obećavajuće. Bit će to večer za pamćenje, možda čak i ljeto za pamćenje, nakon kojeg više ništa neće biti kao prije. Neki će otići, neki će ostati, neki se više nikada neće vratiti. Jednog dana možda će se sjećati samo klupice, a svoje priče neće moći ispričati bez priče o satima provedenim u gradskom parku, pod vedrim nebom na toj klupici u koju su upisali svoje tinejđerske povijesti.</p>
<p style="font-weight: 400;">Trajanje: 60 min<br />
Uzrast: 14+ godina</p>
<p style="font-weight: 400;"><strong style="font-style: inherit; font-weight: 600;"><span style="font-style: inherit; font-weight: inherit;">FESTIVALI:</span></strong></p>
<p style="font-weight: 400;"><strong style="font-style: inherit; font-weight: 600;"><span style="font-style: inherit; font-weight: inherit;">Noć kazališta, 2011.</span></strong></p>
<p style="font-weight: 400;"><strong style="font-style: inherit; font-weight: 600;"><span style="font-style: inherit; font-weight: inherit;">Kotar fest, Delnice 2012.</span></strong></p>
<p style="font-weight: 400;"><strong style="font-style: inherit; font-weight: 600;"><span style="font-style: inherit; font-weight: inherit;">Ljeto u gradu Zrinskih, Čakovec 2013.</span></strong></p>
<p style="font-weight: 400;"><strong style="font-style: inherit; font-weight: 600;"><span style="font-style: inherit; font-weight: inherit;">Patosoffiranje, Smederevo 2014.</span></strong></p>
<p style="font-weight: 400;">NAGRADE:</p>
<p style="font-weight: 400;"><strong style="font-style: inherit; font-weight: 600;">Patosoffiranje, Smederevo 2014.</strong> – <strong style="font-style: inherit; font-weight: 600;">Nagrada publike za najbolju predstavu</strong></p>
<p style="font-weight: 400;"><a style="font-style: inherit; font-weight: inherit;" href="http://kazaliste.hr/index.php?p=article&amp;id=2006"><strong style="font-style: inherit; font-weight: 600;">PROČITAJTE KRITIKU</strong></a></p>
[/vc_column_text][/vc_column][/vc_row]
</div>

<p>[vc_row equal_height=&#8221;yes&#8221; content_placement=&#8221;middle&#8221;][vc_column width=&#8221;1/3&#8243;][vc_single_image image=&#8221;48479&#8243; img_size=&#8221;large&#8221; alignment=&#8221;center&#8221; css=&#8221;&#8221;][/vc_column][vc_column width=&#8221;2/3&#8243;][vc_custom_heading text=&#8221;Klupica (2011.)&#8221; css=&#8221;&#8221;][vc_column_text css=&#8221;&#8221;]5. studenoga 2011.[/vc_column_text][/vc_column][/vc_row][vc_row][vc_column][vc_column_text css=&#8221;&#8221;] KLUPICA Jelena Kovačić Režija: Mario Kovač Glazba: Igor Baksa Scenografija: Romano Bogdan Oblikovanje rasvjete: Neven Taradi Igraju: Maja Kovač, Karolina Horvat, Davor Dokleja, Igor Baksa, Matija Kezele i Mario Jakšić 13.7. sasvim je običan datum. Večer je topla, ljeto je već odavno počelo. Ivana zove Franku, Franka zove Filipa, Filip zove Marka i Krešu. Netko [&hellip;]</p>
