{"id":49233,"date":"2025-12-23T13:20:55","date_gmt":"2025-12-23T12:20:55","guid":{"rendered":"https:\/\/czk-cakovec.hr\/?page_id=49233"},"modified":"2025-12-23T13:21:22","modified_gmt":"2025-12-23T12:21:22","slug":"pticica","status":"publish","type":"page","link":"https:\/\/czk-cakovec.hr\/saturn\/pticica\/","title":{"rendered":"Pti\u010dica"},"content":{"rendered":"<div class=\"wpb-content-wrapper\">[vc_row equal_height=&#8221;yes&#8221; content_placement=&#8221;middle&#8221;][vc_column width=&#8221;1\/3&#8243;][vc_single_image image=&#8221;48483&#8243; img_size=&#8221;large&#8221; alignment=&#8221;center&#8221; css=&#8221;&#8221;][\/vc_column][vc_column width=&#8221;2\/3&#8243;][vc_custom_heading text=&#8221;Pti\u010dica (2010.)&#8221; css=&#8221;&#8221;][vc_column_text css=&#8221;&#8221;]17.studenoga 2009.[\/vc_column_text][\/vc_column][\/vc_row][vc_row][vc_column][vc_column_text css=&#8221;&#8221;]\n<p style=\"font-weight: 400;\"><strong style=\"font-style: inherit; font-weight: 600;\">Koncept, dramatizacija i re\u017eija:<\/strong>\u00a0Romano Bogdan<br \/>\n<strong style=\"font-style: inherit; font-weight: 600;\">Oblikovanje lutaka i scenografija:<\/strong>\u00a0Kristina Horvat-Bla\u017einovi\u0107<br \/>\n<strong style=\"font-style: inherit; font-weight: 600;\">Oblikovanje rasvjete:<\/strong>\u00a0Neven Taradi<br \/>\n<strong style=\"font-style: inherit; font-weight: 600;\">Autor glazbe:<\/strong>\u00a0<a style=\"font-style: inherit; font-weight: inherit;\" href=\"http:\/\/kdpinklec.com\/2009\/05\/02\/baksa-igor\/\"><span style=\"font-style: inherit; font-weight: inherit;\"><strong style=\"font-style: inherit; font-weight: 600;\">Igor Baksa<\/strong><\/span><\/a><br \/>\n<strong style=\"font-style: inherit; font-weight: 600;\">Animatori lutaka:<\/strong>\u00a0<a style=\"font-style: inherit; font-weight: inherit;\" href=\"http:\/\/kdpinklec.com\/2009\/05\/02\/kontrec-bruno\/\"><span style=\"font-style: inherit; font-weight: inherit;\"><strong style=\"font-style: inherit; font-weight: 600;\">Bruno Kontrec<\/strong><\/span><\/a>,\u00a0<a style=\"font-style: inherit; font-weight: inherit;\" href=\"http:\/\/kdpinklec.com\/2009\/05\/02\/jaksic-mario\/\"><span style=\"font-style: inherit; font-weight: inherit;\"><strong style=\"font-style: inherit; font-weight: 600;\">Mario Jak\u0161i\u0107<\/strong><\/span><\/a>,\u00a0<a style=\"font-style: inherit; font-weight: inherit;\" href=\"http:\/\/kdpinklec.com\/2009\/05\/02\/dokleja-davor\/\"><span style=\"font-style: inherit; font-weight: inherit;\"><strong style=\"font-style: inherit; font-weight: 600;\">Davor Dokleja<\/strong><\/span><\/a>,\u00a0<a style=\"font-style: inherit; font-weight: inherit;\" href=\"http:\/\/kdpinklec.com\/2009\/05\/02\/horvat-karolina\/\"><span style=\"font-style: inherit; font-weight: inherit;\"><strong style=\"font-style: inherit; font-weight: 600;\">Karolina\u00a0Horvat<\/strong><\/span><\/a>,\u00a0<a style=\"font-style: inherit; font-weight: inherit;\" href=\"http:\/\/kdpinklec.com\/2009\/05\/02\/bogdan-romano\/\"><span style=\"font-style: inherit; font-weight: inherit;\"><strong style=\"font-style: inherit; font-weight: 600;\">Romano Bogdan<\/strong><\/span><\/a><\/p>\n<p style=\"font-weight: 400;\"><strong style=\"font-style: inherit; font-weight: 600;\">O predstavi:<\/strong>\u00a0Ima jedan park. Na kraju grada. Ili na rubu grada. Nije va\u017eno za pri\u010du. Va\u017ean je grad iako on ostaje kao sporedna \u010dinjenica oko koje se sve zavrtjelo. U gradu svijetle tri no\u0107ne svjetiljke. Starac i dje\u010dak kao crno i bijelo u ovoj su predstavi daleko od bajkovitog i pou\u010dnog. Naoko vrlo jednostavna pri\u010da o starcu i dje\u010daku izgledala bi potpuno banalno kada bismo je rije\u010dima prepri\u010dali. Pinkleci je pri\u010daju lutkama, bojama, glazbom i zvukovima, u maniri svoje kazali\u0161ne estetike. I tu prestaje obi\u010dna pri\u010da, a po\u010dinje za\u010dudni svijet lutkarskog kazali\u0161ta. Svijet u kojem se gradi lirski odnos me\u0111u likovima: ljudima i \u017eivotinjama, pri\u010da o nekada i sada, zaga\u0111enom i \u010distom, dobrom i lo\u0161em. Pri\u010da bez rije\u010di \u010dije naoko nespojive dijelove spaja ljudska toplina koja se osje\u0107a i potpuno je razumljiva u kazali\u0161nom\/lutkarskom \u00a0pripovijedanju do samog zavr\u0161etka.\u00a0Na kraju u gradu ostaje svijetliti jedna svjetiljka. I zato predstava ima sretan zavr\u0161etak. Pogledaj predstavu i znat \u0107e\u0161 o \u010demu ti govorimo!<\/p>\n<p style=\"font-weight: 400;\"><strong style=\"font-style: inherit; font-weight: 600;\">Trajanje:<\/strong>\u00a040 min<\/p>\n<p style=\"font-weight: 400;\"><strong style=\"font-style: inherit; font-weight: 600;\">Dob:<\/strong>\u00a02+ (pred\u0161kolci i ni\u017ei razredi osnovne \u0161kole)<\/p>\n<p style=\"font-weight: 400;\"><strong style=\"font-style: inherit; font-weight: 600;\"><span style=\"font-style: inherit; font-weight: inherit;\">FESTIVALI:<\/span><\/strong><\/p>\n<p style=\"font-weight: 400;\">Vukovarsko lutkarsko prolje\u0107e, Vukovar 2011.<br \/>\nPoletni lutkovni pristan, Maribor 2011.<br \/>\nMe\u0111unarodni dje\u010dji festival u \u0160ibeniku 2011.<br \/>\nIstambul International festival, Istambul 2013.<br \/>\nFestival ekolo\u0161kog pozori\u0161ta, Ba\u010dka Palanka 2014.<\/p>\n<p style=\"font-weight: 400;\"><strong style=\"font-style: inherit; font-weight: 600;\">NAGRADE:<br \/>\n<\/strong>Festival ekolo\u0161kog pozori\u0161ta, Ba\u010dka Palanka 2014. \u2013 Nagrada stru\u010dnog \u017eirija za najbolju predstavu na festivalu<\/p>\n<p style=\"font-weight: 400;\"><a style=\"font-style: inherit; font-weight: inherit;\" href=\"http:\/\/kdpinklec.com\/2013\/05\/31\/pticica-kritika-sa-portala-kazaliste-hr\/\"><strong style=\"font-style: inherit; font-weight: 600;\">PRO\u010cITAJTE KRITIKU<\/strong><\/a><\/p>\n[\/vc_column_text][\/vc_column][\/vc_row]\n<\/div>","protected":false},"excerpt":{"rendered":"<p>[vc_row equal_height=&#8221;yes&#8221; content_placement=&#8221;middle&#8221;][vc_column width=&#8221;1\/3&#8243;][vc_single_image image=&#8221;48483&#8243; img_size=&#8221;large&#8221; alignment=&#8221;center&#8221; css=&#8221;&#8221;][\/vc_column][vc_column width=&#8221;2\/3&#8243;][vc_custom_heading text=&#8221;Pti\u010dica (2010.)&#8221; css=&#8221;&#8221;][vc_column_text css=&#8221;&#8221;]17.studenoga 2009.[\/vc_column_text][\/vc_column][\/vc_row][vc_row][vc_column][vc_column_text css=&#8221;&#8221;] Koncept, dramatizacija i re\u017eija:\u00a0Romano Bogdan Oblikovanje lutaka i scenografija:\u00a0Kristina Horvat-Bla\u017einovi\u0107 Oblikovanje rasvjete:\u00a0Neven Taradi Autor glazbe:\u00a0Igor Baksa Animatori lutaka:\u00a0Bruno Kontrec,\u00a0Mario Jak\u0161i\u0107,\u00a0Davor Dokleja,\u00a0Karolina\u00a0Horvat,\u00a0Romano Bogdan O predstavi:\u00a0Ima jedan park. Na kraju grada. Ili na rubu grada. Nije va\u017eno za pri\u010du. Va\u017ean je grad iako on ostaje kao sporedna [&hellip;]<\/p>\n","protected":false},"author":2,"featured_media":0,"parent":0,"menu_order":0,"comment_status":"closed","ping_status":"closed","template":"","meta":{"inline_featured_image":false,"footnotes":""},"class_list":["post-49233","page","type-page","status-publish","hentry"],"ulaznica_data":null,"_links":{"self":[{"href":"https:\/\/czk-cakovec.hr\/saturn\/wp-json\/wp\/v2\/pages\/49233","targetHints":{"allow":["GET"]}}],"collection":[{"href":"https:\/\/czk-cakovec.hr\/saturn\/wp-json\/wp\/v2\/pages"}],"about":[{"href":"https:\/\/czk-cakovec.hr\/saturn\/wp-json\/wp\/v2\/types\/page"}],"author":[{"embeddable":true,"href":"https:\/\/czk-cakovec.hr\/saturn\/wp-json\/wp\/v2\/users\/2"}],"replies":[{"embeddable":true,"href":"https:\/\/czk-cakovec.hr\/saturn\/wp-json\/wp\/v2\/comments?post=49233"}],"version-history":[{"count":3,"href":"https:\/\/czk-cakovec.hr\/saturn\/wp-json\/wp\/v2\/pages\/49233\/revisions"}],"predecessor-version":[{"id":49236,"href":"https:\/\/czk-cakovec.hr\/saturn\/wp-json\/wp\/v2\/pages\/49233\/revisions\/49236"}],"wp:attachment":[{"href":"https:\/\/czk-cakovec.hr\/saturn\/wp-json\/wp\/v2\/media?parent=49233"}],"curies":[{"name":"wp","href":"https:\/\/api.w.org\/{rel}","templated":true}]}}