{"id":49248,"date":"2025-12-23T13:32:44","date_gmt":"2025-12-23T12:32:44","guid":{"rendered":"https:\/\/czk-cakovec.hr\/?page_id=49248"},"modified":"2025-12-23T13:40:24","modified_gmt":"2025-12-23T12:40:24","slug":"instrukcija","status":"publish","type":"page","link":"https:\/\/czk-cakovec.hr\/saturn\/instrukcija\/","title":{"rendered":"Instrukcija"},"content":{"rendered":"<div class=\"wpb-content-wrapper\">[vc_row equal_height=&#8221;yes&#8221; content_placement=&#8221;middle&#8221;][vc_column width=&#8221;1\/3&#8243;][vc_single_image image=&#8221;48488&#8243; img_size=&#8221;large&#8221; alignment=&#8221;center&#8221; css=&#8221;&#8221;][\/vc_column][vc_column width=&#8221;2\/3&#8243;][vc_custom_heading text=&#8221;Instrukcija (2001.)&#8221; css=&#8221;&#8221;][vc_column_text css=&#8221;&#8221;]18. travnja 2001.[\/vc_column_text][\/vc_column][\/vc_row][vc_row][vc_column][vc_column_text css=&#8221;&#8221;]<strong>\u00a0Trajanje:\u00a040 min.<\/strong><\/p>\n<p>(prema E. Ionescu)<\/p>\n<p><em>Uzrast: 14 +<br \/>\n<\/em><\/p>\n<p><strong>REDATELJ:<\/strong>\u00a0<a href=\"http:\/\/kdpinklec.com\/2009\/05\/02\/dokleja-davor\/\" target=\"_blank\" rel=\"noopener noreferrer\"><strong>Davor Dokleja<\/strong><\/a><\/p>\n<p><strong>IGRAJU:<\/strong>\u00a0<a href=\"http:\/\/kdpinklec.com\/2009\/05\/02\/baksa-igor\/\" target=\"_blank\" rel=\"noopener noreferrer\"><strong>Igor Baksa<\/strong><\/a>, Davor Dokleja, Danka Brumen i Klara Bili\u0107\/Eneja Zadravec<\/p>\n<p><strong>\u00a0O predstavi:<\/strong><\/p>\n<p><em>Izvadak iz kritike o predstavi odigranoj za srednju \u0161kolu Gimnazija \u010cakovec<\/em><\/p>\n<p>\u201e\u010cetvero mladih, talentiranih i perspektivnih glumaca Davor Dokleja, Igor Baksa, Danka Brumen i Klara Bili\u0107\/Eneja Zadravec iz K.D. Pinklec iz \u010cakovca u kazali\u0161nom uprizorenju komada Instrukcija prema djelu Eugenea Ionesca u \u010detrdesetak minuta sublimiraju tragiku svijeta i ljudske egzistencije. Rije\u010d je o tekstu nastalome 1950. godine, podnaslovljenome komi\u010dna drama, no iza komi\u010dne drame zapravo proviruje drama sabla\u017enjivog smijeha grotesknog prizvuka. U svijetu prenatrpanom besmislenim podacima i kvazi\u010dinjenicama, jedan profesor i njegov u\u010denik, postupno se transformiraju otkrivaju\u0107i svoja prava lica te upiru prstom u kobnost svekolikog nasilja, od intelektualnoga do fizi\u010dkog. Jednostavnim tekstom, osebujnom glumom, intrigantnim prizorima, domi\u0161ljatim scenskim rje\u0161enjima, nezahtjevnom scenografijom i nerijetko provokativnim aluzijama, glumci posti\u017eu uvjerljivost, atraktivnost i uigrani sklad, izazivaju\u0107i kod publike smijeh, za\u010du\u0111enost, a katkad i gnu\u0161anje. Izuzetno je sna\u017ean impuls kojim gledatelje tjeraju na promi\u0161ljanje va\u017enih segmenata ljudskoga \u017eivota poput znanja, autoriteta, spoznaje i\/ili komunikacije. Primjerena uzrastu i emocionalno-mentalnom sklopu u\u010denika u \u010dijem se nastavnom planu i programu navedeni autor i obra\u0111uje, drama Instrukcija prikladna je za prikazivanje u sklopu predmeta Hrvatski jezik te predstavlja ugodno osvje\u017eenje u redovnoj nastavi i efektan dramsko-scenski do\u017eivljaj koji mo\u017ee poslu\u017eiti kao polazi\u0161te za daljnje pisano i usmeno izra\u017eavanje.\u201c<\/p>\n<p><em>Sandra Breka-Ov\u010dar, prof. Mentor<br \/>\nGimnazija, \u010cakovec<\/em>[\/vc_column_text][\/vc_column][\/vc_row]\n<\/div>","protected":false},"excerpt":{"rendered":"<p>[vc_row equal_height=&#8221;yes&#8221; content_placement=&#8221;middle&#8221;][vc_column width=&#8221;1\/3&#8243;][vc_single_image image=&#8221;48488&#8243; img_size=&#8221;large&#8221; alignment=&#8221;center&#8221; css=&#8221;&#8221;][\/vc_column][vc_column width=&#8221;2\/3&#8243;][vc_custom_heading text=&#8221;Instrukcija (2001.)&#8221; css=&#8221;&#8221;][vc_column_text css=&#8221;&#8221;]18. travnja 2001.[\/vc_column_text][\/vc_column][\/vc_row][vc_row][vc_column][vc_column_text css=&#8221;&#8221;]\u00a0Trajanje:\u00a040 min. (prema E. Ionescu) Uzrast: 14 + REDATELJ:\u00a0Davor Dokleja IGRAJU:\u00a0Igor Baksa, Davor Dokleja, Danka Brumen i Klara Bili\u0107\/Eneja Zadravec \u00a0O predstavi: Izvadak iz kritike o predstavi odigranoj za srednju \u0161kolu Gimnazija \u010cakovec \u201e\u010cetvero mladih, talentiranih i perspektivnih glumaca Davor Dokleja, Igor Baksa, Danka Brumen [&hellip;]<\/p>\n","protected":false},"author":2,"featured_media":0,"parent":0,"menu_order":0,"comment_status":"closed","ping_status":"closed","template":"","meta":{"inline_featured_image":false,"footnotes":""},"class_list":["post-49248","page","type-page","status-publish","hentry"],"ulaznica_data":null,"_links":{"self":[{"href":"https:\/\/czk-cakovec.hr\/saturn\/wp-json\/wp\/v2\/pages\/49248","targetHints":{"allow":["GET"]}}],"collection":[{"href":"https:\/\/czk-cakovec.hr\/saturn\/wp-json\/wp\/v2\/pages"}],"about":[{"href":"https:\/\/czk-cakovec.hr\/saturn\/wp-json\/wp\/v2\/types\/page"}],"author":[{"embeddable":true,"href":"https:\/\/czk-cakovec.hr\/saturn\/wp-json\/wp\/v2\/users\/2"}],"replies":[{"embeddable":true,"href":"https:\/\/czk-cakovec.hr\/saturn\/wp-json\/wp\/v2\/comments?post=49248"}],"version-history":[{"count":3,"href":"https:\/\/czk-cakovec.hr\/saturn\/wp-json\/wp\/v2\/pages\/49248\/revisions"}],"predecessor-version":[{"id":49251,"href":"https:\/\/czk-cakovec.hr\/saturn\/wp-json\/wp\/v2\/pages\/49248\/revisions\/49251"}],"wp:attachment":[{"href":"https:\/\/czk-cakovec.hr\/saturn\/wp-json\/wp\/v2\/media?parent=49248"}],"curies":[{"name":"wp","href":"https:\/\/api.w.org\/{rel}","templated":true}]}}