{"id":49321,"date":"2025-12-29T13:11:08","date_gmt":"2025-12-29T12:11:08","guid":{"rendered":"https:\/\/czk-cakovec.hr\/?page_id=49321"},"modified":"2025-12-29T13:11:47","modified_gmt":"2025-12-29T12:11:47","slug":"posljednja-pahulja","status":"publish","type":"page","link":"https:\/\/czk-cakovec.hr\/saturn\/posljednja-pahulja\/","title":{"rendered":"Posljednja pahulja"},"content":{"rendered":"<div class=\"wpb-content-wrapper\">[vc_row equal_height=&#8221;yes&#8221; content_placement=&#8221;middle&#8221;][vc_column width=&#8221;1\/3&#8243;][vc_single_image image=&#8221;49286&#8243; img_size=&#8221;medium&#8221; alignment=&#8221;center&#8221; css=&#8221;&#8221;][\/vc_column][vc_column width=&#8221;2\/3&#8243;][vc_custom_heading text=&#8221;Posljednja pahulja&#8221; font_container=&#8221;tag:h1|text_align:left&#8221; css=&#8221;&#8221;][\/vc_column][\/vc_row][vc_row][vc_column][vc_column_text css=&#8221;&#8221;]Nekada davno, u prastara vremena, na kraju svijeta, postojao je oto\u010di\u0107 Midgard. Na sredini tog \u010dudesnog oto\u010di\u0107a uzdizala se ogromna ledena planina Asgard, a sami vrh te planine bio je dom mnogih sjevernih bogova i njihovih sinova. U podno\u017eju planine u jasenovoj \u0161umi \u017eivjela su bi\u0107a radi\u0161na, vesela i draga \u2013 Gnomovi. Po\u0161tovali su Gnomovi svoje bogove, ali i pribojavali se. Imali su razloga. Bogovima se nije smjelo zamjeriti. Bogove je valjalo slu\u0161ati. Slijediti njihova pravila. Najva\u017enije pravilo bilo je \u201c\u010cuvajte i \u0161titite \u0161umu, a iznad svega pazite na sveto stablo Yggdrasil!\u201d<\/p>\n<p><strong>Igraju<\/strong>: Mara Barbi\u0107, Magdalena Pinc, Dora Sr\u0111enovi\u0107, Franka Bene, Sara Hassan, Simon Varo\u0161anec, Martin Zadravec, Vida Ha\u010dek, Eni Vibovi\u0107, Juraj Vi\u010devi\u0107, Zara Nedeljko<\/p>\n<p><strong>Redatelj:<\/strong>\u00a0Davor Dokleja<br \/>\n<strong>Tekst:<\/strong>\u00a0Davor Dokleja i ansambl predstave<br \/>\n<strong>Scenografija i lutke:<\/strong>\u00a0Kaja Resman<br \/>\n<strong>Glazba<\/strong>:Ansambl predstave<strong><br \/>\nOblikovanje rasvjete:<\/strong>\u00a0Mario Zelenbaba<\/p>\n<p><strong>Trajanje<\/strong>:\u00a035 minuta<br \/>\n<strong>Uzrast<\/strong>:\u00a04+ (ni\u017ei razredi osnovne \u0161kole i pred\u0161kolci)[\/vc_column_text][vc_gallery type=&#8221;image_grid&#8221; images=&#8221;49323,49324,49325,49326,49327,49328,49329,49330,49331,49332,49333,49334,49335,49336,49337,49338&#8243; css=&#8221;&#8221;][\/vc_column][\/vc_row]\n<\/div>","protected":false},"excerpt":{"rendered":"<p>[vc_row equal_height=&#8221;yes&#8221; content_placement=&#8221;middle&#8221;][vc_column width=&#8221;1\/3&#8243;][vc_single_image image=&#8221;49286&#8243; img_size=&#8221;medium&#8221; alignment=&#8221;center&#8221; css=&#8221;&#8221;][\/vc_column][vc_column width=&#8221;2\/3&#8243;][vc_custom_heading text=&#8221;Posljednja pahulja&#8221; font_container=&#8221;tag:h1|text_align:left&#8221; css=&#8221;&#8221;][\/vc_column][\/vc_row][vc_row][vc_column][vc_column_text css=&#8221;&#8221;]Nekada davno, u prastara vremena, na kraju svijeta, postojao je oto\u010di\u0107 Midgard. Na sredini tog \u010dudesnog oto\u010di\u0107a uzdizala se ogromna ledena planina Asgard, a sami vrh te planine bio je dom mnogih sjevernih bogova i njihovih sinova. U podno\u017eju planine u jasenovoj \u0161umi \u017eivjela su bi\u0107a radi\u0161na, [&hellip;]<\/p>\n","protected":false},"author":2,"featured_media":0,"parent":0,"menu_order":0,"comment_status":"closed","ping_status":"closed","template":"","meta":{"inline_featured_image":false,"footnotes":""},"class_list":["post-49321","page","type-page","status-publish","hentry"],"ulaznica_data":null,"_links":{"self":[{"href":"https:\/\/czk-cakovec.hr\/saturn\/wp-json\/wp\/v2\/pages\/49321","targetHints":{"allow":["GET"]}}],"collection":[{"href":"https:\/\/czk-cakovec.hr\/saturn\/wp-json\/wp\/v2\/pages"}],"about":[{"href":"https:\/\/czk-cakovec.hr\/saturn\/wp-json\/wp\/v2\/types\/page"}],"author":[{"embeddable":true,"href":"https:\/\/czk-cakovec.hr\/saturn\/wp-json\/wp\/v2\/users\/2"}],"replies":[{"embeddable":true,"href":"https:\/\/czk-cakovec.hr\/saturn\/wp-json\/wp\/v2\/comments?post=49321"}],"version-history":[{"count":3,"href":"https:\/\/czk-cakovec.hr\/saturn\/wp-json\/wp\/v2\/pages\/49321\/revisions"}],"predecessor-version":[{"id":49340,"href":"https:\/\/czk-cakovec.hr\/saturn\/wp-json\/wp\/v2\/pages\/49321\/revisions\/49340"}],"wp:attachment":[{"href":"https:\/\/czk-cakovec.hr\/saturn\/wp-json\/wp\/v2\/media?parent=49321"}],"curies":[{"name":"wp","href":"https:\/\/api.w.org\/{rel}","templated":true}]}}