{"id":49341,"date":"2025-12-29T13:20:10","date_gmt":"2025-12-29T12:20:10","guid":{"rendered":"https:\/\/czk-cakovec.hr\/?page_id=49341"},"modified":"2025-12-29T13:20:47","modified_gmt":"2025-12-29T12:20:47","slug":"mala-seoska-priredba","status":"publish","type":"page","link":"https:\/\/czk-cakovec.hr\/saturn\/mala-seoska-priredba\/","title":{"rendered":"Mala seoska priredba"},"content":{"rendered":"<div class=\"wpb-content-wrapper\">[vc_row equal_height=&#8221;yes&#8221; content_placement=&#8221;middle&#8221;][vc_column width=&#8221;1\/3&#8243;][vc_single_image image=&#8221;49287&#8243; img_size=&#8221;medium&#8221; alignment=&#8221;center&#8221; css=&#8221;&#8221;][\/vc_column][vc_column width=&#8221;2\/3&#8243;][vc_custom_heading text=&#8221;Premijera Mala seoska priredba&#8221; font_container=&#8221;tag:h1|text_align:left&#8221; css=&#8221;&#8221;][\/vc_column][\/vc_row][vc_row][vc_column][vc_column_text css=&#8221;&#8221;]Dramski studio Dada &amp; KD \u0160tolcer<\/p>\n<p>Ovo je pri\u010da o jednom malenom gradu u kojem se obilje\u017eava jedan veliki sve\u010dani dan. Slavi se Dan grada, a jedna malena amaterska dru\u017eina za tu prigodu priprema priredbu gradona\u010delnici u \u010dast. Priredbu je osmislio i napisao sam ravnatelj kulturnog doma. No, dan \u00a0prije same sve\u010danosti glavni glumac je pobjegao glavom bez obzira. Ravnatelj kulturnog doma, snala\u017eljiv kakav je, u pomo\u0107 zove velikog i nadaleko poznatog glumca iz Zagreba. On \u0107e sve\u010danost spasiti i trud ove male dru\u017eine opravdati. Ili mo\u017eda ipak ne\u0107e\u2026<\/p>\n<p><strong>Redatelj:<\/strong>\u00a0Davor Dokleja<br \/>\n<strong>Autor teksta:<\/strong>\u00a0Kristina \u0160tebih (prema L. Smoljak i Z. Sverak)<br \/>\n<strong>Likovno oblikovanje:<\/strong>\u00a0Rusa Trajkova<br \/>\n<strong>Oblikovanje rasvjete:<\/strong>\u00a0Mario Zelenbaba<br \/>\n<strong>Glazba(aran\u017eman):<\/strong>\u00a0Tomislav Cvrtila<br \/>\n<strong>Glazba (sviraju):<\/strong>\u00a0Andrija Gori\u010danec, David Dolenec i Nikola Kralji\u0107<br \/>\n<strong>Glume:<\/strong><br \/>\nNatali Vuru\u0161i\u0107 \u2013 Vladek<br \/>\nDijana Kiri\u0107 \u2013 Vipi\u010dka<br \/>\nMara Barbi\u0107 \u2013 Vrtirepka<br \/>\nJelena Dokleja \u2013 Darinka<br \/>\nAmra Hrlec \u2013 Helga<br \/>\nJakov Feher \u2013 Jakov<br \/>\nNeven Mato\u0161a \u2013 Direktor<br \/>\nSilvio \u0160tefanac \u2013 Dra\u017een<\/p>\n<p><strong>Glume i pjevaju:<\/strong><br \/>\nSini\u0161a Obadi\u0107 \u2013 Dirigent Brava<br \/>\nIvica Mikolaj \u2013 Zbora\u0161 Ivi\u0107<br \/>\nDejan Buva\u010d \u2013 Zbora\u0161 Mali<br \/>\nKristina \u0160tebih \u2013 Zbora\u0161ica Krista<br \/>\nAnja Zanjko \u2013 Zbora\u0161ica Anka<br \/>\nMartina Ro\u017ea \u2013 Zbora\u0161ica Ivka<\/p>\n<p><strong>Dob:<\/strong>\u00a010+<\/p>\n<p><strong>Trajanje:<\/strong>\u00a065 min.[\/vc_column_text][\/vc_column][\/vc_row][vc_row][vc_column][vc_gallery type=&#8221;image_grid&#8221; images=&#8221;49343,49344,49345,49346,49347,49348,49349,49350,49351,49352,49353,49354,49355,49356,49357,49358,49359,49360,49361,49362,49363,49364,49365,49366,49367,49368,49369,49370,49371,49372,49373,49374,49375,49376,49377,49378&#8243; css=&#8221;&#8221;][\/vc_column][\/vc_row]\n<\/div>","protected":false},"excerpt":{"rendered":"<p>[vc_row equal_height=&#8221;yes&#8221; content_placement=&#8221;middle&#8221;][vc_column width=&#8221;1\/3&#8243;][vc_single_image image=&#8221;49287&#8243; img_size=&#8221;medium&#8221; alignment=&#8221;center&#8221; css=&#8221;&#8221;][\/vc_column][vc_column width=&#8221;2\/3&#8243;][vc_custom_heading text=&#8221;Premijera Mala seoska priredba&#8221; font_container=&#8221;tag:h1|text_align:left&#8221; css=&#8221;&#8221;][\/vc_column][\/vc_row][vc_row][vc_column][vc_column_text css=&#8221;&#8221;]Dramski studio Dada &amp; KD \u0160tolcer Ovo je pri\u010da o jednom malenom gradu u kojem se obilje\u017eava jedan veliki sve\u010dani dan. Slavi se Dan grada, a jedna malena amaterska dru\u017eina za tu prigodu priprema priredbu gradona\u010delnici u \u010dast. Priredbu je osmislio i napisao sam ravnatelj [&hellip;]<\/p>\n","protected":false},"author":2,"featured_media":0,"parent":0,"menu_order":0,"comment_status":"closed","ping_status":"closed","template":"","meta":{"inline_featured_image":false,"footnotes":""},"class_list":["post-49341","page","type-page","status-publish","hentry"],"ulaznica_data":null,"_links":{"self":[{"href":"https:\/\/czk-cakovec.hr\/saturn\/wp-json\/wp\/v2\/pages\/49341","targetHints":{"allow":["GET"]}}],"collection":[{"href":"https:\/\/czk-cakovec.hr\/saturn\/wp-json\/wp\/v2\/pages"}],"about":[{"href":"https:\/\/czk-cakovec.hr\/saturn\/wp-json\/wp\/v2\/types\/page"}],"author":[{"embeddable":true,"href":"https:\/\/czk-cakovec.hr\/saturn\/wp-json\/wp\/v2\/users\/2"}],"replies":[{"embeddable":true,"href":"https:\/\/czk-cakovec.hr\/saturn\/wp-json\/wp\/v2\/comments?post=49341"}],"version-history":[{"count":3,"href":"https:\/\/czk-cakovec.hr\/saturn\/wp-json\/wp\/v2\/pages\/49341\/revisions"}],"predecessor-version":[{"id":49380,"href":"https:\/\/czk-cakovec.hr\/saturn\/wp-json\/wp\/v2\/pages\/49341\/revisions\/49380"}],"wp:attachment":[{"href":"https:\/\/czk-cakovec.hr\/saturn\/wp-json\/wp\/v2\/media?parent=49341"}],"curies":[{"name":"wp","href":"https:\/\/api.w.org\/{rel}","templated":true}]}}

<div class="wpb-content-wrapper">[vc_row equal_height=&#8221;yes&#8221; content_placement=&#8221;middle&#8221;][vc_column width=&#8221;1/3&#8243;][vc_single_image image=&#8221;49287&#8243; img_size=&#8221;medium&#8221; alignment=&#8221;center&#8221; css=&#8221;&#8221;][/vc_column][vc_column width=&#8221;2/3&#8243;][vc_custom_heading text=&#8221;Premijera Mala seoska priredba&#8221; font_container=&#8221;tag:h1|text_align:left&#8221; css=&#8221;&#8221;][/vc_column][/vc_row][vc_row][vc_column][vc_column_text css=&#8221;&#8221;]Dramski studio Dada &amp; KD Štolcer</p>
<p>Ovo je priča o jednom malenom gradu u kojem se obilježava jedan veliki svečani dan. Slavi se Dan grada, a jedna malena amaterska družina za tu prigodu priprema priredbu gradonačelnici u čast. Priredbu je osmislio i napisao sam ravnatelj kulturnog doma. No, dan  prije same svečanosti glavni glumac je pobjegao glavom bez obzira. Ravnatelj kulturnog doma, snalažljiv kakav je, u pomoć zove velikog i nadaleko poznatog glumca iz Zagreba. On će svečanost spasiti i trud ove male družine opravdati. Ili možda ipak neće…</p>
<p><strong>Redatelj:</strong> Davor Dokleja<br />
<strong>Autor teksta:</strong> Kristina Štebih (prema L. Smoljak i Z. Sverak)<br />
<strong>Likovno oblikovanje:</strong> Rusa Trajkova<br />
<strong>Oblikovanje rasvjete:</strong> Mario Zelenbaba<br />
<strong>Glazba(aranžman):</strong> Tomislav Cvrtila<br />
<strong>Glazba (sviraju):</strong> Andrija Goričanec, David Dolenec i Nikola Kraljić<br />
<strong>Glume:</strong><br />
Natali Vurušić – Vladek<br />
Dijana Kirić – Vipička<br />
Mara Barbić – Vrtirepka<br />
Jelena Dokleja – Darinka<br />
Amra Hrlec – Helga<br />
Jakov Feher – Jakov<br />
Neven Matoša – Direktor<br />
Silvio Štefanac – Dražen</p>
<p><strong>Glume i pjevaju:</strong><br />
Siniša Obadić – Dirigent Brava<br />
Ivica Mikolaj – Zboraš Ivić<br />
Dejan Buvač – Zboraš Mali<br />
Kristina Štebih – Zborašica Krista<br />
Anja Zanjko – Zborašica Anka<br />
Martina Roža – Zborašica Ivka</p>
<p><strong>Dob:</strong> 10+</p>
<p><strong>Trajanje:</strong> 65 min.[/vc_column_text][/vc_column][/vc_row][vc_row][vc_column][vc_gallery type=&#8221;image_grid&#8221; images=&#8221;49343,49344,49345,49346,49347,49348,49349,49350,49351,49352,49353,49354,49355,49356,49357,49358,49359,49360,49361,49362,49363,49364,49365,49366,49367,49368,49369,49370,49371,49372,49373,49374,49375,49376,49377,49378&#8243; css=&#8221;&#8221;][/vc_column][/vc_row]
</div>

<p>[vc_row equal_height=&#8221;yes&#8221; content_placement=&#8221;middle&#8221;][vc_column width=&#8221;1/3&#8243;][vc_single_image image=&#8221;49287&#8243; img_size=&#8221;medium&#8221; alignment=&#8221;center&#8221; css=&#8221;&#8221;][/vc_column][vc_column width=&#8221;2/3&#8243;][vc_custom_heading text=&#8221;Premijera Mala seoska priredba&#8221; font_container=&#8221;tag:h1|text_align:left&#8221; css=&#8221;&#8221;][/vc_column][/vc_row][vc_row][vc_column][vc_column_text css=&#8221;&#8221;]Dramski studio Dada &amp; KD Štolcer Ovo je priča o jednom malenom gradu u kojem se obilježava jedan veliki svečani dan. Slavi se Dan grada, a jedna malena amaterska družina za tu prigodu priprema priredbu gradonačelnici u čast. Priredbu je osmislio i napisao sam ravnatelj [&hellip;]</p>
