{"id":49444,"date":"2025-12-29T14:01:32","date_gmt":"2025-12-29T13:01:32","guid":{"rendered":"https:\/\/czk-cakovec.hr\/?page_id=49444"},"modified":"2025-12-29T14:02:07","modified_gmt":"2025-12-29T13:02:07","slug":"bijeli-klaun","status":"publish","type":"page","link":"https:\/\/czk-cakovec.hr\/saturn\/bijeli-klaun\/","title":{"rendered":"Bijeli klaun"},"content":{"rendered":"<div class=\"wpb-content-wrapper\">[vc_row][vc_column width=&#8221;2\/3&#8243;][vc_custom_heading text=&#8221;Bijeli klaun&#8221; font_container=&#8221;tag:h1|text_align:center&#8221; css=&#8221;&#8221;][\/vc_column][\/vc_row][vc_row][vc_column][vc_column_text css=&#8221;&#8221;]<strong>DRAMSKI STUDIO DADA KD PINKLEC<br \/>\nBIJELI KLAUN<\/strong><strong><br \/>\n<\/strong><em>(prema romanu Damira Milo\u0161a)<\/em><br \/>\nPremijera 2. prosinca 2018. u Centru za kulturu \u010cakovec<br \/>\nDramsko lutkarska predstava<\/p>\n<p><strong>O predstavi:<br \/>\n<\/strong>Kako je to kada ti je, na primjer, sve na svijetu sivo? Nema crvene, nema \u017eute, nema plave, nema zelene ni ikakve druge boje. Samo sive malo svjetlije, malo tamnije, ali uvijek samo sivo, sivo, sivo\u2026 A ba\u0161 tako izgleda svijet sedmogodi\u0161njem dje\u010daku, sinu tate klauna i mame klaunice, koji \u2013 \u0161areno odjeveni \u2013 rade u cirkusu prepunom boja. Tu dje\u010dakovu tajnu, znaju samo on i njegovi roditelji. Dje\u010dak jednog dana odlu\u010di potra\u017eiti boje. Razo\u010daran svojom nesposobno\u0161\u0107u da prona\u0111e boje, dje\u010dak se uputi tumarati \u0161umom i razmi\u0161ljati \u2013 o bojama. Tamo nai\u0111e na starca, sijeda i slijepa. Ovaj hoda \u0161umom i \u2013 bere gljive! Kako li slijep \u010dovjek uspijeva prona\u0107i gljive, ubrati ih i jo\u0161 znati jesu li otrovne ili nisu?! Mudar starac, malo po malo, po\u010dinje u\u010diti dje\u010daka kako raspoznati boje\u2026<br \/>\nPoznati roman \u201dBijeli klaun\u201d, \u010desto nazivanim hrvatskim \u201dMalim princem\u201d, uz mno\u0161tvo cirkuskih i klaunskih majstorija te pregr\u0161t boja preslikati \u0107emo u kazali\u0161nu predstavu.<\/p>\n<p><strong>Redatelj<\/strong>: Davor Dokleja<br \/>\n<strong>Glazba<\/strong>: Igor Baksa<br \/>\n<strong>Likovno oblikovanje<\/strong>: Jelena Dokleja<br \/>\n<strong>Kostimografija:<\/strong>\u00a0Katarina Rado\u0161evi\u0107 Gali\u0107<\/p>\n<p><strong>Igraju<\/strong>:<br \/>\nNeven Mato\u0161a,\u00a0Eva Marciu\u0161, Asja Vidovi\u0107, Vita Mikuli\u0107, Ivan Mun\u0111ar, Matej \u017derjav, Mia Geren\u010der, Jakov Feher, Ivona Marciu\u0161 i Mihael Pristav<\/p>\n<p><strong>Trajanje<\/strong>: 30 min.<\/p>\n<p><strong>Dob<\/strong>: 4 + (pred\u0161kolski uzrast i ni\u017ei razredi osnovne \u0161kole)[\/vc_column_text][\/vc_column][\/vc_row][vc_row][vc_column][vc_gallery type=&#8221;image_grid&#8221; images=&#8221;49446,49447,49448,49449,49450,49451,49452,49453,49454,49455,49456,49457,49458,49459,49460,49461,49462,49463&#8243; css=&#8221;&#8221;][\/vc_column][\/vc_row]\n<\/div>","protected":false},"excerpt":{"rendered":"<p>[vc_row][vc_column width=&#8221;2\/3&#8243;][vc_custom_heading text=&#8221;Bijeli klaun&#8221; font_container=&#8221;tag:h1|text_align:center&#8221; css=&#8221;&#8221;][\/vc_column][\/vc_row][vc_row][vc_column][vc_column_text css=&#8221;&#8221;]DRAMSKI STUDIO DADA KD PINKLEC BIJELI KLAUN (prema romanu Damira Milo\u0161a) Premijera 2. prosinca 2018. u Centru za kulturu \u010cakovec Dramsko lutkarska predstava O predstavi: Kako je to kada ti je, na primjer, sve na svijetu sivo? Nema crvene, nema \u017eute, nema plave, nema zelene ni ikakve druge boje. Samo sive malo svjetlije, malo [&hellip;]<\/p>\n","protected":false},"author":2,"featured_media":0,"parent":0,"menu_order":0,"comment_status":"closed","ping_status":"closed","template":"","meta":{"inline_featured_image":false,"footnotes":""},"class_list":["post-49444","page","type-page","status-publish","hentry"],"ulaznica_data":null,"_links":{"self":[{"href":"https:\/\/czk-cakovec.hr\/saturn\/wp-json\/wp\/v2\/pages\/49444","targetHints":{"allow":["GET"]}}],"collection":[{"href":"https:\/\/czk-cakovec.hr\/saturn\/wp-json\/wp\/v2\/pages"}],"about":[{"href":"https:\/\/czk-cakovec.hr\/saturn\/wp-json\/wp\/v2\/types\/page"}],"author":[{"embeddable":true,"href":"https:\/\/czk-cakovec.hr\/saturn\/wp-json\/wp\/v2\/users\/2"}],"replies":[{"embeddable":true,"href":"https:\/\/czk-cakovec.hr\/saturn\/wp-json\/wp\/v2\/comments?post=49444"}],"version-history":[{"count":3,"href":"https:\/\/czk-cakovec.hr\/saturn\/wp-json\/wp\/v2\/pages\/49444\/revisions"}],"predecessor-version":[{"id":49465,"href":"https:\/\/czk-cakovec.hr\/saturn\/wp-json\/wp\/v2\/pages\/49444\/revisions\/49465"}],"wp:attachment":[{"href":"https:\/\/czk-cakovec.hr\/saturn\/wp-json\/wp\/v2\/media?parent=49444"}],"curies":[{"name":"wp","href":"https:\/\/api.w.org\/{rel}","templated":true}]}}