{"id":49514,"date":"2025-12-29T14:17:29","date_gmt":"2025-12-29T13:17:29","guid":{"rendered":"https:\/\/czk-cakovec.hr\/?page_id=49514"},"modified":"2025-12-29T14:18:28","modified_gmt":"2025-12-29T13:18:28","slug":"kako-je-jesko-pobijedio-prehladu","status":"publish","type":"page","link":"https:\/\/czk-cakovec.hr\/saturn\/kako-je-jesko-pobijedio-prehladu\/","title":{"rendered":"Kako je Je\u0161ko pobijedio prehladu"},"content":{"rendered":"<div class=\"wpb-content-wrapper\">[vc_row equal_height=&#8221;yes&#8221; content_placement=&#8221;middle&#8221;][vc_column width=&#8221;1\/3&#8243;][vc_single_image image=&#8221;49303&#8243; img_size=&#8221;large&#8221; alignment=&#8221;center&#8221; css=&#8221;&#8221;][\/vc_column][vc_column width=&#8221;2\/3&#8243;][vc_custom_heading text=&#8221;Kako je Je\u0161ko pobijedio prehladu (2013.)&#8221; font_container=&#8221;tag:h1|text_align:left&#8221; css=&#8221;&#8221;][\/vc_column][\/vc_row][vc_row][vc_column][vc_column_text css=&#8221;&#8221;]<em>Premijera 21.02.2013.<\/em><\/p>\n<p><strong>Redatelj:<\/strong>\u00a0Davor Dokleja<strong><br \/>\nAutor teksta:<\/strong>\u00a0Marta Viduka i Sven Pal<strong><br \/>\nDramatizacija:<\/strong>\u00a0Davor Dokleja<strong><br \/>\nGlazba:<\/strong>\u00a0Davor Dokleja<strong><br \/>\nKostimi:<\/strong>\u00a0Migross i studenti MedRi<strong><br \/>\nScenografija:<\/strong>\u00a0Davor Dokleja<strong><br \/>\nOblikovanje rasvjete:<\/strong>\u00a0Neven Taradi, Mario Zelenbaba<\/p>\n<p><strong>Igraju:<\/strong><\/p>\n<p><strong>Je\u0161ko Je\u017ei\u0107\u00a0<\/strong>\u2013 Eneja Zadravec, Ena Jagec<strong><br \/>\n<\/strong><strong>Bo\u0161ko, Je\u0161kov brat<\/strong>\u00a0\u2013 Neven Mato\u0161a<strong><br \/>\nMama Je\u017ei\u0107\u00a0<\/strong>\u2013Antonija Mrla, Hana Marciu\u0161<strong><br \/>\nTata Je\u017ei\u0107<\/strong>\u00a0\u2013 Vilim Ha\u010dek, Karlo \u017dganec<strong><br \/>\n\u017darko, Je\u0161kov prijatelj\u00a0<\/strong>\u2013 Davor Dokleja<\/p>\n<p><strong>O predstavi:<\/strong><\/p>\n<p>U sklopu projekta PREHLADA ILI GRIPA? RECI NE ANTIBIOTICIMA kojeg vodi studentska udruga Fakultetski odbor svih studenata Medicinskog fakulteta u Rijeci, napravili smo edukacijsku predstavu za pred\u0161kolce. Predstava je ra\u0111ena prema slikovnici\u00a0<em>\u201dKAKO JE JE\u0160KO POBIJEDIO PREHLADU\u201d<\/em>\u00a0koju je osmislio, uredio i tekst pripremio Sven Pal (rodom iz \u010cakovca), a govori o Je\u0161ku Je\u017ei\u0107u koji uz pomo\u0107 obitelji i prijatelja pobijedi prehladu, lije\u010de\u0107i se samo toplim \u010dajem, limunom i medom pritom ne koriste\u0107i nikakve lijekove. Kroz pri\u010du o hrabrom Je\u0161ku Je\u017ei\u0107u glumci \u0107e vas voditi pjesmom (pjevaju i sviraju u \u017eivo), plesom i zdravim humorom.<\/p>\n<p><strong>Trajanje:<\/strong>\u00a030 minuta<\/p>\n<p><strong>Uzrast:<\/strong>\u00a03+ (pred\u0161kolski uzrast i ni\u017ei razredi osnovne \u0161kole)<\/p>\n<p><strong>KRITIKA:<\/strong><br \/>\n<strong><a href=\"http:\/\/www.kazaliste.hr\/index.php?p=article&amp;id=1728\" target=\"_blank\" rel=\"noopener\">kazali\u0161te.hr<\/a><\/strong>[\/vc_column_text][\/vc_column][\/vc_row]\n<\/div>","protected":false},"excerpt":{"rendered":"<p>[vc_row equal_height=&#8221;yes&#8221; content_placement=&#8221;middle&#8221;][vc_column width=&#8221;1\/3&#8243;][vc_single_image image=&#8221;49303&#8243; img_size=&#8221;large&#8221; alignment=&#8221;center&#8221; css=&#8221;&#8221;][\/vc_column][vc_column width=&#8221;2\/3&#8243;][vc_custom_heading text=&#8221;Kako je Je\u0161ko pobijedio prehladu (2013.)&#8221; font_container=&#8221;tag:h1|text_align:left&#8221; css=&#8221;&#8221;][\/vc_column][\/vc_row][vc_row][vc_column][vc_column_text css=&#8221;&#8221;]Premijera 21.02.2013. Redatelj:\u00a0Davor Dokleja Autor teksta:\u00a0Marta Viduka i Sven Pal Dramatizacija:\u00a0Davor Dokleja Glazba:\u00a0Davor Dokleja Kostimi:\u00a0Migross i studenti MedRi Scenografija:\u00a0Davor Dokleja Oblikovanje rasvjete:\u00a0Neven Taradi, Mario Zelenbaba Igraju: Je\u0161ko Je\u017ei\u0107\u00a0\u2013 Eneja Zadravec, Ena Jagec Bo\u0161ko, Je\u0161kov brat\u00a0\u2013 Neven Mato\u0161a Mama Je\u017ei\u0107\u00a0\u2013Antonija Mrla, Hana Marciu\u0161 Tata [&hellip;]<\/p>\n","protected":false},"author":2,"featured_media":0,"parent":0,"menu_order":0,"comment_status":"closed","ping_status":"closed","template":"","meta":{"inline_featured_image":false,"footnotes":""},"class_list":["post-49514","page","type-page","status-publish","hentry"],"ulaznica_data":null,"_links":{"self":[{"href":"https:\/\/czk-cakovec.hr\/saturn\/wp-json\/wp\/v2\/pages\/49514","targetHints":{"allow":["GET"]}}],"collection":[{"href":"https:\/\/czk-cakovec.hr\/saturn\/wp-json\/wp\/v2\/pages"}],"about":[{"href":"https:\/\/czk-cakovec.hr\/saturn\/wp-json\/wp\/v2\/types\/page"}],"author":[{"embeddable":true,"href":"https:\/\/czk-cakovec.hr\/saturn\/wp-json\/wp\/v2\/users\/2"}],"replies":[{"embeddable":true,"href":"https:\/\/czk-cakovec.hr\/saturn\/wp-json\/wp\/v2\/comments?post=49514"}],"version-history":[{"count":3,"href":"https:\/\/czk-cakovec.hr\/saturn\/wp-json\/wp\/v2\/pages\/49514\/revisions"}],"predecessor-version":[{"id":49517,"href":"https:\/\/czk-cakovec.hr\/saturn\/wp-json\/wp\/v2\/pages\/49514\/revisions\/49517"}],"wp:attachment":[{"href":"https:\/\/czk-cakovec.hr\/saturn\/wp-json\/wp\/v2\/media?parent=49514"}],"curies":[{"name":"wp","href":"https:\/\/api.w.org\/{rel}","templated":true}]}}

Kako je Ješko pobijedio prehladu

<div class="wpb-content-wrapper">[vc_row equal_height=&#8221;yes&#8221; content_placement=&#8221;middle&#8221;][vc_column width=&#8221;1/3&#8243;][vc_single_image image=&#8221;49303&#8243; img_size=&#8221;large&#8221; alignment=&#8221;center&#8221; css=&#8221;&#8221;][/vc_column][vc_column width=&#8221;2/3&#8243;][vc_custom_heading text=&#8221;Kako je Ješko pobijedio prehladu (2013.)&#8221; font_container=&#8221;tag:h1|text_align:left&#8221; css=&#8221;&#8221;][/vc_column][/vc_row][vc_row][vc_column][vc_column_text css=&#8221;&#8221;]<em>Premijera 21.02.2013.</em></p>
<p><strong>Redatelj:</strong> Davor Dokleja<strong><br />
Autor teksta:</strong> Marta Viduka i Sven Pal<strong><br />
Dramatizacija:</strong> Davor Dokleja<strong><br />
Glazba:</strong> Davor Dokleja<strong><br />
Kostimi:</strong> Migross i studenti MedRi<strong><br />
Scenografija:</strong> Davor Dokleja<strong><br />
Oblikovanje rasvjete:</strong> Neven Taradi, Mario Zelenbaba</p>
<p><strong>Igraju:</strong></p>
<p><strong>Ješko Ježić </strong>– Eneja Zadravec, Ena Jagec<strong><br />
</strong><strong>Boško, Ješkov brat</strong> – Neven Matoša<strong><br />
Mama Ježić </strong>–Antonija Mrla, Hana Marciuš<strong><br />
Tata Ježić</strong> – Vilim Haček, Karlo Žganec<strong><br />
Žarko, Ješkov prijatelj </strong>– Davor Dokleja</p>
<p><strong>O predstavi:</strong></p>
<p>U sklopu projekta PREHLADA ILI GRIPA? RECI NE ANTIBIOTICIMA kojeg vodi studentska udruga Fakultetski odbor svih studenata Medicinskog fakulteta u Rijeci, napravili smo edukacijsku predstavu za predškolce. Predstava je rađena prema slikovnici <em>”KAKO JE JEŠKO POBIJEDIO PREHLADU”</em> koju je osmislio, uredio i tekst pripremio Sven Pal (rodom iz Čakovca), a govori o Ješku Ježiću koji uz pomoć obitelji i prijatelja pobijedi prehladu, liječeći se samo toplim čajem, limunom i medom pritom ne koristeći nikakve lijekove. Kroz priču o hrabrom Ješku Ježiću glumci će vas voditi pjesmom (pjevaju i sviraju u živo), plesom i zdravim humorom.</p>
<p><strong>Trajanje:</strong> 30 minuta</p>
<p><strong>Uzrast:</strong> 3+ (predškolski uzrast i niži razredi osnovne škole)</p>
<p><strong>KRITIKA:</strong><br />
<strong><a href="http://www.kazaliste.hr/index.php?p=article&amp;id=1728" target="_blank" rel="noopener">kazalište.hr</a></strong>[/vc_column_text][/vc_column][/vc_row]
</div>

<p>[vc_row equal_height=&#8221;yes&#8221; content_placement=&#8221;middle&#8221;][vc_column width=&#8221;1/3&#8243;][vc_single_image image=&#8221;49303&#8243; img_size=&#8221;large&#8221; alignment=&#8221;center&#8221; css=&#8221;&#8221;][/vc_column][vc_column width=&#8221;2/3&#8243;][vc_custom_heading text=&#8221;Kako je Ješko pobijedio prehladu (2013.)&#8221; font_container=&#8221;tag:h1|text_align:left&#8221; css=&#8221;&#8221;][/vc_column][/vc_row][vc_row][vc_column][vc_column_text css=&#8221;&#8221;]Premijera 21.02.2013. Redatelj: Davor Dokleja Autor teksta: Marta Viduka i Sven Pal Dramatizacija: Davor Dokleja Glazba: Davor Dokleja Kostimi: Migross i studenti MedRi Scenografija: Davor Dokleja Oblikovanje rasvjete: Neven Taradi, Mario Zelenbaba Igraju: Ješko Ježić – Eneja Zadravec, Ena Jagec Boško, Ješkov brat – Neven Matoša Mama Ježić –Antonija Mrla, Hana Marciuš Tata [&hellip;]</p>
