{"id":49523,"date":"2025-12-29T14:29:15","date_gmt":"2025-12-29T13:29:15","guid":{"rendered":"https:\/\/czk-cakovec.hr\/?page_id=49523"},"modified":"2025-12-29T14:31:23","modified_gmt":"2025-12-29T13:31:23","slug":"zoo","status":"publish","type":"page","link":"https:\/\/czk-cakovec.hr\/saturn\/zoo\/","title":{"rendered":"ZOO!"},"content":{"rendered":"<div class=\"wpb-content-wrapper\">[vc_row equal_height=&#8221;yes&#8221; content_placement=&#8221;middle&#8221;][vc_column width=&#8221;1\/3&#8243;][vc_single_image image=&#8221;49305&#8243; img_size=&#8221;medium&#8221; alignment=&#8221;center&#8221; css=&#8221;&#8221;][\/vc_column][vc_column width=&#8221;2\/3&#8243;][vc_custom_heading text=&#8221;ZOO!&#8221; css=&#8221;&#8221;][\/vc_column][\/vc_row][vc_row][vc_column][vc_column_text css=&#8221;&#8221;]<strong>DRAMSKI STUDIO DADA KAZALI\u0160NE DRU\u017dINE PINKLEC i CENTAR ZA MLADE \u010cAKOVEC<\/strong><\/p>\n<p><strong>\u2018\u2019ZOO!\u2019\u2019<br \/>\n<\/strong><strong>Sa\u0161ka Rakef<br \/>\n<\/strong>(dramska predstava)<\/p>\n<p><em>Premijera: 28.5. 2015. u 20:00 u Centru za kulturu \u010cakovec<\/em><\/p>\n<p><strong>IGRAJU:<br \/>\n<\/strong><strong>Vera<\/strong>: Ena Jagec<br \/>\n<strong>Christiane<\/strong>: Antonija Mrla\/Hana Tisaj<br \/>\n<strong>Bebsi<\/strong>: Ivana \u017duli\u0107\/Asja Vidovi\u0107<br \/>\n<strong>Stella<\/strong>: Hana Marciu\u0161\/Vita Mikuli\u0107<br \/>\n<strong>Nicol<\/strong>: Nina Bo\u010dkaj<br \/>\n<strong>Ana<\/strong>: Tina \u010catlai\u0107<br \/>\n<strong>Vanda<\/strong>: Katarina Pintari\u0107\/Eva Marciu\u0161<br \/>\n<strong>Bernd<\/strong>: Marko Erli\u0107\/Marko Zidari\u0107\/Ivan Mun\u0111ar<br \/>\n<strong>Axel<\/strong>: Vinko Mohari\u0107\/Aleksandar Filo<br \/>\n<strong>Detlef<\/strong>: Neven Mato\u0161a<br \/>\n<strong>Audio izvedba:<\/strong>\u00a0Jelena Dokleja (mama) i Igor Baksa (tata)<\/p>\n<p><strong>Redatelj:<\/strong>\u00a0Davor Dokleja<br \/>\n<strong>Dramaturgija:<\/strong>\u00a0Sa\u0161ka Rakef<br \/>\n<strong>Scenografija:<\/strong>\u00a0Davor Dokleja<br \/>\n<strong>Autor elektronske glazbe:<\/strong>\u00a0Filip Vargek<br \/>\n<strong>Punk rock glazbu izvode:<\/strong>\u00a0Nina Bo\u010dkaj (solo), Vinko Mohari\u0107\/Aleksandar Filo (el. gitara), Ivana \u017duli\u0107\/Asja Vidovi\u0107 (solo), Katarina Pintari\u0107 (el.gitara)<br \/>\n<strong>Autorica poezije u predstavi:<\/strong>\u00a0Tina \u010catlai\u0107<br \/>\n<strong>Kostimografija:<\/strong>\u00a0Ansambl predstave<br \/>\n<strong>Oblikovanje rasvjete:<\/strong>\u00a0Neven Taradi<br \/>\n<strong>Majstor tona:<\/strong>\u00a0Mario Zelenbaba<br \/>\n<strong>Grafi\u010dki dizajn:<\/strong>\u00a0Deni Pigac<br \/>\n<strong>Fotografija:<\/strong>\u00a0Ena Jagec<br \/>\n<strong>Izrada scenografije<\/strong>: Davor Tkalec i Mario Topolnjak<\/p>\n<p><em>Specijalna zahvala Vilimu Ha\u010deku za punk pjesmu \u201dDosta mi je!\u201d<\/em><\/p>\n<p><strong>O predstavi:<br \/>\n<\/strong>Predstava ra\u0111ena prema motivima romana \u201dMi djeca s kolodvora ZOO\u201d progovara o trenuta\u010dnim problemima tinejd\u017eera u dru\u0161tvu koje polako, ali sigurno gubi istinske vrijednosti. Dru\u0161tvo u kojem s jedne strane industrijski, tehnolo\u0161ki i ra\u010dunalni svijet uzima maha i \u010dini \u017eivot sve lak\u0161im, s druge strane dru\u0161tveni, kulturni i zdravi \u017eivot propada. Dru\u0161tvo u kojem zajednica tinejd\u017eera svoje postojanje i ostvarenje tra\u017ei u virtualnom svijetu, u stvarnom ga iskrivljuje konzumiranjem sintetskih droga i alkohola. Dru\u0161tvo u kojem obitelj, \u0161kola, radna okolina i virtualni svijet ima zajedni\u010dki nazivnik \u2013 nasilje. Dru\u0161tvo u kojem su tinejd\u017eeri izgubljena generacija koja svoje prednosti vrlo rijetko pretvara u \u017eivotne mogu\u0107nosti.<br \/>\nPredstavu temeljimo na iskustvima polaznika\/glumaca Dramskog studija Dada i lije\u010dnika \u0161kolske medicine s podru\u010dja maloljetni\u010dke ovisnosti. Zajedni\u010dki je projekt Dramskog studija Dada KD Pinklec, Centra za mlade \u2013 CeZaM \u010cakovec i Koordinacijskog odbora akcije Grad \u010cakovec \u2013 prijatelj djece.<br \/>\n<strong><br \/>\nDob:<\/strong>\u00a012+ (vi\u0161i razredi osnovne \u0161kole i srednjo\u0161kolci)<br \/>\n<strong>Trajanje:<\/strong>\u00a050 min.<\/p>\n<p><strong>NAGRADE:<\/strong><br \/>\n18. Assitej u Bjelovaru \u2013\u00a0<strong>Nagrada \u201dZvjezdana Ladika\u201d<\/strong>\u00a0Davoru Dokleji za najbolje dramsko pedago\u0161ko vodstvo<br \/>\n56. Festival hrvatskih kazali\u0161nih\u00a0amatera Pazin, Vodice \u2013\u00a0<strong>Najbolja predstava u cjelini<\/strong><br \/>\n59. Festival festivala, Trebinje \u2013\u00a0<strong>Najbolja glumica (Ena Jagec)<\/strong><br \/>\n59. Festival festivala, Trebinje \u2013\u00a0<strong>Nagrada za kolektivnu igru<\/strong><br \/>\n4. Juventafest, Sarajevo \u2013\u00a0<strong>Grand Prix festivala<\/strong><br \/>\n2. Me\u0111unarodni festival studentskog pozori\u0161ta, Banja Luka \u2013\u00a0<strong>Specijalna nagrada za re\u017eiju (Davor Dokleja)<\/strong><br \/>\n2. Me\u0111unarodni festival studentskog pozori\u0161ta, Banja Luka (2017.) \u2013\u00a0<strong>Nagrada za najbolju kolektivnu<\/strong>\u00a0igru za predstavu\u00a0<strong>\u201cZOO!<\/strong>\u201c<br \/>\n20. ME\u0110UNARODNI FESTIVAL DJE\u010cJIH KAZALI\u0160TA MASLA\u010cAK, SISAK (2018.) \u2013\u00a0<strong>Nagrada za najbolju \u017eensku ulogu (kolektivna)<\/strong>\u00a0za predstavu<strong>\u00a0\u201dZOO!<\/strong>\u201c<br \/>\n20. ME\u0110UNARODNI FESTIVAL DJE\u010cJIH KAZALI\u0160TA MASLA\u010cAK, SISAK (2018.) \u2013\u00a0<strong>Nagrada za najbolju mu\u0161ku ulogu (kolektivna)<\/strong>\u00a0za predstavu<strong>\u00a0\u201dZOO!\u2019<br \/>\n<\/strong>20. ME\u0110UNARODNI FESTIVAL DJE\u010cJIH KAZALI\u0160TA MASLA\u010cAK, SISAK (2018.) \u2013\u00a0<strong>Nagrada za inovaciju u kazali\u0161tu<\/strong>\u00a0za predstavu<strong>\u00a0\u201dZOO!\u201d<\/strong><\/p>\n<p><strong>O AUTORU:<\/strong><br \/>\nSa\u0161ka Rakef (11. 4. 1980) je studirala Performance Arts na Central School of Speech and Drama, London, UK.\u00a0U nastavku se je\u00a0\u0161kolovala\u00a0u okviru\u00a0kazali\u0161nih laboratorija i seminara\u00a0u Sloveniji, Bosni, Srbiji, Finski i Italiji (Alternativna akademija, Mostar, DAH centar za pozori\u0161na istra\u017eivanja, Beograd, ECS Theatrelaboratory, Tenhola, AzTheatre in New Opera Hero, London, itd.).<br \/>\nNjene drame su bile predstavljene na festivalima (The Camden Fringe Festival, Roundhouse, London, UK, 2009; Festival Patos(off)iranje, Srbija, 2008; The Accidental Festival, London, UK, 2007; Interplay Europe, Liechtenstein , 2006; European Dreams Festival, NY, 2006; Teden Slovenske drame, 2007) in objavljene v revijah Dialogi, Mentor in Sodobnost. Njena drama<span class=\"Apple-converted-space\">\u00a0<\/span><i>Dom<\/i><span class=\"Apple-converted-space\">\u00a0<\/span>je bila 2006\/07 nominirana za Grumovo nagrado i premijerno je uprizorena\u00a0u Pre\u0161ernovom gledali\u0161\u010du Kranj.<br \/>\nSa\u0161kine nedavne re\u017eije uklju\u010duju<span class=\"Apple-converted-space\">\u00a0<\/span><i>No Pass<\/i><span class=\"Apple-converted-space\">\u00a0<\/span>(The Space, London),<span class=\"Apple-converted-space\">\u00a0<\/span><i>Medeja Blossoming<\/i><span class=\"Apple-converted-space\">\u00a0<\/span>(Kulturni center Smederevo, Srbija),\u00a0<i>Poletje s klovnom<\/i><span class=\"Apple-converted-space\">\u00a0<\/span>(Klub Gajo, Ljubljana &amp; Lo\u0161ki oder, \u0160kofja Loka),<span class=\"Apple-converted-space\">\u00a0<\/span><i>Product Medea 4.0<\/i><span class=\"Apple-converted-space\">\u00a0<\/span>(The Cock Tavern Theatre &amp; Roundhouse, London),<span class=\"Apple-converted-space\">\u00a0<\/span><i>Lepo je biti riba dokler nisi na trnku<\/i><span class=\"Apple-converted-space\">\u00a0<\/span>(Kreatorij DIC, Ljubljana),<span class=\"Apple-converted-space\">\u00a0<\/span><i>\u010cas razcveta<\/i><span class=\"Apple-converted-space\">\u00a0<\/span>(Gledali\u0161\u010de GLEJ). Za predstavu<span class=\"Apple-converted-space\">\u00a0<\/span><i>Medeja Blossoming<\/i>\u00a0Sa\u0161ka je\u00a0dobila Veliku nagradu Branislav B. \u010cubrilovi\u0107 za najbolju predstavu na 4. Multimedijskom me\u0111unarodnom festivalu Patos(off)iranje, Srbija.<br \/>\nSa\u0161ka\u00a0stvara tako\u0111er predstave\u00a0za djecu.\u00a0U su-autorstvu\u00a0s Dragicom Poto\u010dnjak napisala je\u00a0radijsku igru<span class=\"Apple-converted-space\">\u00a0<\/span><i>Rde\u010da nogavi\u010dka<\/i>, koja je bila\u00a0izvo\u0111ena na RTV Slovenija;\u00a0u su-autorstvu\u00a0s Zoranom Raj\u0161i\u010dem\u00a0dje\u010dju igru<span class=\"Apple-converted-space\">\u00a0<\/span><i>Vodni bik<\/i>, koja je iza\u0161la\u00a0u kazali\u0161noj\u00a0reviji Tma\u010daArt, BiH i bila uprizorena\u00a0u\u00a0kazali\u0161tu Krsmanac, Beograd, Srbija.<br \/>\nSa\u0161ka je jedna od ustanovitelja me\u0111unarodnoga umjetni\u010dkoga kolektiva Marvelous World Wide, jedna od ustanovitelja\u00a0 nEEd Circuit New Writing Platform\u00a0u Londonu\u00a0te inicijator me\u0111unarodnoga interdisciplinarnog istra\u017eiva\u010dkog projekta Mit kao sudbina.[\/vc_column_text][\/vc_column][\/vc_row][vc_row][vc_column][vc_video link=&#8221;https:\/\/youtu.be\/gwi9wRaAXBg&#8221; el_width=&#8221;50&#8243; align=&#8221;center&#8221; css=&#8221;&#8221;][\/vc_column][\/vc_row][vc_row][vc_column][vc_gallery type=&#8221;image_grid&#8221; images=&#8221;49525,49526,49527,49528,49529,49530,49531,49532,49533,49534,49535,49536,49537,49538,49539,49540,49541,49542,49543&#8243; css=&#8221;&#8221;][\/vc_column][\/vc_row]\n<\/div>","protected":false},"excerpt":{"rendered":"<p>[vc_row equal_height=&#8221;yes&#8221; content_placement=&#8221;middle&#8221;][vc_column width=&#8221;1\/3&#8243;][vc_single_image image=&#8221;49305&#8243; img_size=&#8221;medium&#8221; alignment=&#8221;center&#8221; css=&#8221;&#8221;][\/vc_column][vc_column width=&#8221;2\/3&#8243;][vc_custom_heading text=&#8221;ZOO!&#8221; css=&#8221;&#8221;][\/vc_column][\/vc_row][vc_row][vc_column][vc_column_text css=&#8221;&#8221;]DRAMSKI STUDIO DADA KAZALI\u0160NE DRU\u017dINE PINKLEC i CENTAR ZA MLADE \u010cAKOVEC \u2018\u2019ZOO!\u2019\u2019 Sa\u0161ka Rakef (dramska predstava) Premijera: 28.5. 2015. u 20:00 u Centru za kulturu \u010cakovec IGRAJU: Vera: Ena Jagec Christiane: Antonija Mrla\/Hana Tisaj Bebsi: Ivana \u017duli\u0107\/Asja Vidovi\u0107 Stella: Hana Marciu\u0161\/Vita Mikuli\u0107 Nicol: Nina Bo\u010dkaj Ana: Tina \u010catlai\u0107 Vanda: [&hellip;]<\/p>\n","protected":false},"author":2,"featured_media":0,"parent":0,"menu_order":0,"comment_status":"closed","ping_status":"closed","template":"","meta":{"inline_featured_image":false,"footnotes":""},"class_list":["post-49523","page","type-page","status-publish","hentry"],"ulaznica_data":null,"_links":{"self":[{"href":"https:\/\/czk-cakovec.hr\/saturn\/wp-json\/wp\/v2\/pages\/49523","targetHints":{"allow":["GET"]}}],"collection":[{"href":"https:\/\/czk-cakovec.hr\/saturn\/wp-json\/wp\/v2\/pages"}],"about":[{"href":"https:\/\/czk-cakovec.hr\/saturn\/wp-json\/wp\/v2\/types\/page"}],"author":[{"embeddable":true,"href":"https:\/\/czk-cakovec.hr\/saturn\/wp-json\/wp\/v2\/users\/2"}],"replies":[{"embeddable":true,"href":"https:\/\/czk-cakovec.hr\/saturn\/wp-json\/wp\/v2\/comments?post=49523"}],"version-history":[{"count":3,"href":"https:\/\/czk-cakovec.hr\/saturn\/wp-json\/wp\/v2\/pages\/49523\/revisions"}],"predecessor-version":[{"id":49546,"href":"https:\/\/czk-cakovec.hr\/saturn\/wp-json\/wp\/v2\/pages\/49523\/revisions\/49546"}],"wp:attachment":[{"href":"https:\/\/czk-cakovec.hr\/saturn\/wp-json\/wp\/v2\/media?parent=49523"}],"curies":[{"name":"wp","href":"https:\/\/api.w.org\/{rel}","templated":true}]}}

<div class="wpb-content-wrapper">[vc_row equal_height=&#8221;yes&#8221; content_placement=&#8221;middle&#8221;][vc_column width=&#8221;1/3&#8243;][vc_single_image image=&#8221;49305&#8243; img_size=&#8221;medium&#8221; alignment=&#8221;center&#8221; css=&#8221;&#8221;][/vc_column][vc_column width=&#8221;2/3&#8243;][vc_custom_heading text=&#8221;ZOO!&#8221; css=&#8221;&#8221;][/vc_column][/vc_row][vc_row][vc_column][vc_column_text css=&#8221;&#8221;]<strong>DRAMSKI STUDIO DADA KAZALIŠNE DRUŽINE PINKLEC i CENTAR ZA MLADE ČAKOVEC</strong></p>
<p><strong>‘’ZOO!’’<br />
</strong><strong>Saška Rakef<br />
</strong>(dramska predstava)</p>
<p><em>Premijera: 28.5. 2015. u 20:00 u Centru za kulturu Čakovec</em></p>
<p><strong>IGRAJU:<br />
</strong><strong>Vera</strong>: Ena Jagec<br />
<strong>Christiane</strong>: Antonija Mrla/Hana Tisaj<br />
<strong>Bebsi</strong>: Ivana Žulić/Asja Vidović<br />
<strong>Stella</strong>: Hana Marciuš/Vita Mikulić<br />
<strong>Nicol</strong>: Nina Bočkaj<br />
<strong>Ana</strong>: Tina Čatlaić<br />
<strong>Vanda</strong>: Katarina Pintarić/Eva Marciuš<br />
<strong>Bernd</strong>: Marko Erlić/Marko Zidarić/Ivan Munđar<br />
<strong>Axel</strong>: Vinko Moharić/Aleksandar Filo<br />
<strong>Detlef</strong>: Neven Matoša<br />
<strong>Audio izvedba:</strong> Jelena Dokleja (mama) i Igor Baksa (tata)</p>
<p><strong>Redatelj:</strong> Davor Dokleja<br />
<strong>Dramaturgija:</strong> Saška Rakef<br />
<strong>Scenografija:</strong> Davor Dokleja<br />
<strong>Autor elektronske glazbe:</strong> Filip Vargek<br />
<strong>Punk rock glazbu izvode:</strong> Nina Bočkaj (solo), Vinko Moharić/Aleksandar Filo (el. gitara), Ivana Žulić/Asja Vidović (solo), Katarina Pintarić (el.gitara)<br />
<strong>Autorica poezije u predstavi:</strong> Tina Čatlaić<br />
<strong>Kostimografija:</strong> Ansambl predstave<br />
<strong>Oblikovanje rasvjete:</strong> Neven Taradi<br />
<strong>Majstor tona:</strong> Mario Zelenbaba<br />
<strong>Grafički dizajn:</strong> Deni Pigac<br />
<strong>Fotografija:</strong> Ena Jagec<br />
<strong>Izrada scenografije</strong>: Davor Tkalec i Mario Topolnjak</p>
<p><em>Specijalna zahvala Vilimu Hačeku za punk pjesmu ”Dosta mi je!”</em></p>
<p><strong>O predstavi:<br />
</strong>Predstava rađena prema motivima romana ”Mi djeca s kolodvora ZOO” progovara o trenutačnim problemima tinejdžera u društvu koje polako, ali sigurno gubi istinske vrijednosti. Društvo u kojem s jedne strane industrijski, tehnološki i računalni svijet uzima maha i čini život sve lakšim, s druge strane društveni, kulturni i zdravi život propada. Društvo u kojem zajednica tinejdžera svoje postojanje i ostvarenje traži u virtualnom svijetu, u stvarnom ga iskrivljuje konzumiranjem sintetskih droga i alkohola. Društvo u kojem obitelj, škola, radna okolina i virtualni svijet ima zajednički nazivnik – nasilje. Društvo u kojem su tinejdžeri izgubljena generacija koja svoje prednosti vrlo rijetko pretvara u životne mogućnosti.<br />
Predstavu temeljimo na iskustvima polaznika/glumaca Dramskog studija Dada i liječnika školske medicine s područja maloljetničke ovisnosti. Zajednički je projekt Dramskog studija Dada KD Pinklec, Centra za mlade – CeZaM Čakovec i Koordinacijskog odbora akcije Grad Čakovec – prijatelj djece.<br />
<strong><br />
Dob:</strong> 12+ (viši razredi osnovne škole i srednjoškolci)<br />
<strong>Trajanje:</strong> 50 min.</p>
<p><strong>NAGRADE:</strong><br />
18. Assitej u Bjelovaru – <strong>Nagrada ”Zvjezdana Ladika”</strong> Davoru Dokleji za najbolje dramsko pedagoško vodstvo<br />
56. Festival hrvatskih kazališnih amatera Pazin, Vodice – <strong>Najbolja predstava u cjelini</strong><br />
59. Festival festivala, Trebinje – <strong>Najbolja glumica (Ena Jagec)</strong><br />
59. Festival festivala, Trebinje – <strong>Nagrada za kolektivnu igru</strong><br />
4. Juventafest, Sarajevo – <strong>Grand Prix festivala</strong><br />
2. Međunarodni festival studentskog pozorišta, Banja Luka – <strong>Specijalna nagrada za režiju (Davor Dokleja)</strong><br />
2. Međunarodni festival studentskog pozorišta, Banja Luka (2017.) – <strong>Nagrada za najbolju kolektivnu</strong> igru za predstavu <strong>“ZOO!</strong>“<br />
20. MEĐUNARODNI FESTIVAL DJEČJIH KAZALIŠTA MASLAČAK, SISAK (2018.) – <strong>Nagrada za najbolju žensku ulogu (kolektivna)</strong> za predstavu<strong> ”ZOO!</strong>“<br />
20. MEĐUNARODNI FESTIVAL DJEČJIH KAZALIŠTA MASLAČAK, SISAK (2018.) – <strong>Nagrada za najbolju mušku ulogu (kolektivna)</strong> za predstavu<strong> ”ZOO!’<br />
</strong>20. MEĐUNARODNI FESTIVAL DJEČJIH KAZALIŠTA MASLAČAK, SISAK (2018.) – <strong>Nagrada za inovaciju u kazalištu</strong> za predstavu<strong> ”ZOO!”</strong></p>
<p><strong>O AUTORU:</strong><br />
Saška Rakef (11. 4. 1980) je studirala Performance Arts na Central School of Speech and Drama, London, UK. U nastavku se je školovala u okviru kazališnih laboratorija i seminara u Sloveniji, Bosni, Srbiji, Finski i Italiji (Alternativna akademija, Mostar, DAH centar za pozorišna istraživanja, Beograd, ECS Theatrelaboratory, Tenhola, AzTheatre in New Opera Hero, London, itd.).<br />
Njene drame su bile predstavljene na festivalima (The Camden Fringe Festival, Roundhouse, London, UK, 2009; Festival Patos(off)iranje, Srbija, 2008; The Accidental Festival, London, UK, 2007; Interplay Europe, Liechtenstein , 2006; European Dreams Festival, NY, 2006; Teden Slovenske drame, 2007) in objavljene v revijah Dialogi, Mentor in Sodobnost. Njena drama<span class="Apple-converted-space"> </span><i>Dom</i><span class="Apple-converted-space"> </span>je bila 2006/07 nominirana za Grumovo nagrado i premijerno je uprizorena u Prešernovom gledališču Kranj.<br />
Saškine nedavne režije uključuju<span class="Apple-converted-space"> </span><i>No Pass</i><span class="Apple-converted-space"> </span>(The Space, London),<span class="Apple-converted-space"> </span><i>Medeja Blossoming</i><span class="Apple-converted-space"> </span>(Kulturni center Smederevo, Srbija), <i>Poletje s klovnom</i><span class="Apple-converted-space"> </span>(Klub Gajo, Ljubljana &amp; Loški oder, Škofja Loka),<span class="Apple-converted-space"> </span><i>Product Medea 4.0</i><span class="Apple-converted-space"> </span>(The Cock Tavern Theatre &amp; Roundhouse, London),<span class="Apple-converted-space"> </span><i>Lepo je biti riba dokler nisi na trnku</i><span class="Apple-converted-space"> </span>(Kreatorij DIC, Ljubljana),<span class="Apple-converted-space"> </span><i>Čas razcveta</i><span class="Apple-converted-space"> </span>(Gledališče GLEJ). Za predstavu<span class="Apple-converted-space"> </span><i>Medeja Blossoming</i> Saška je dobila Veliku nagradu Branislav B. Čubrilović za najbolju predstavu na 4. Multimedijskom međunarodnom festivalu Patos(off)iranje, Srbija.<br />
Saška stvara također predstave za djecu. U su-autorstvu s Dragicom Potočnjak napisala je radijsku igru<span class="Apple-converted-space"> </span><i>Rdeča nogavička</i>, koja je bila izvođena na RTV Slovenija; u su-autorstvu s Zoranom Rajšičem dječju igru<span class="Apple-converted-space"> </span><i>Vodni bik</i>, koja je izašla u kazališnoj reviji TmačaArt, BiH i bila uprizorena u kazalištu Krsmanac, Beograd, Srbija.<br />
Saška je jedna od ustanovitelja međunarodnoga umjetničkoga kolektiva Marvelous World Wide, jedna od ustanovitelja  nEEd Circuit New Writing Platform u Londonu te inicijator međunarodnoga interdisciplinarnog istraživačkog projekta Mit kao sudbina.[/vc_column_text][/vc_column][/vc_row][vc_row][vc_column][vc_video link=&#8221;https://youtu.be/gwi9wRaAXBg&#8221; el_width=&#8221;50&#8243; align=&#8221;center&#8221; css=&#8221;&#8221;][/vc_column][/vc_row][vc_row][vc_column][vc_gallery type=&#8221;image_grid&#8221; images=&#8221;49525,49526,49527,49528,49529,49530,49531,49532,49533,49534,49535,49536,49537,49538,49539,49540,49541,49542,49543&#8243; css=&#8221;&#8221;][/vc_column][/vc_row]
</div>

<p>[vc_row equal_height=&#8221;yes&#8221; content_placement=&#8221;middle&#8221;][vc_column width=&#8221;1/3&#8243;][vc_single_image image=&#8221;49305&#8243; img_size=&#8221;medium&#8221; alignment=&#8221;center&#8221; css=&#8221;&#8221;][/vc_column][vc_column width=&#8221;2/3&#8243;][vc_custom_heading text=&#8221;ZOO!&#8221; css=&#8221;&#8221;][/vc_column][/vc_row][vc_row][vc_column][vc_column_text css=&#8221;&#8221;]DRAMSKI STUDIO DADA KAZALIŠNE DRUŽINE PINKLEC i CENTAR ZA MLADE ČAKOVEC ‘’ZOO!’’ Saška Rakef (dramska predstava) Premijera: 28.5. 2015. u 20:00 u Centru za kulturu Čakovec IGRAJU: Vera: Ena Jagec Christiane: Antonija Mrla/Hana Tisaj Bebsi: Ivana Žulić/Asja Vidović Stella: Hana Marciuš/Vita Mikulić Nicol: Nina Bočkaj Ana: Tina Čatlaić Vanda: [&hellip;]</p>
