{"id":49559,"date":"2025-12-29T14:47:36","date_gmt":"2025-12-29T13:47:36","guid":{"rendered":"https:\/\/czk-cakovec.hr\/?page_id=49559"},"modified":"2025-12-29T14:48:06","modified_gmt":"2025-12-29T13:48:06","slug":"vorzisek","status":"publish","type":"page","link":"https:\/\/czk-cakovec.hr\/saturn\/vorzisek\/","title":{"rendered":"Vor\u017ei\u0161ek"},"content":{"rendered":"<div class=\"wpb-content-wrapper\">[vc_row equal_height=&#8221;yes&#8221; content_placement=&#8221;middle&#8221;][vc_column width=&#8221;1\/3&#8243;][vc_single_image image=&#8221;49309&#8243; img_size=&#8221;medium&#8221; alignment=&#8221;center&#8221; css=&#8221;&#8221;][\/vc_column][vc_column width=&#8221;2\/3&#8243;][vc_custom_heading text=&#8221;Vor\u017ei\u0161ek (2006.)&#8221; font_container=&#8221;tag:h1|text_align:left&#8221; css=&#8221;&#8221;][\/vc_column][\/vc_row][vc_row][vc_column][vc_column_text css=&#8221;&#8221;]<strong>VOR\u017dI\u0160EK<\/strong><br \/>\n(prema K. \u010capeku)<\/p>\n<p><strong>GLAZBA:<\/strong>\u00a0Dejan Vuk<strong><br \/>\nSCENOGRAFIJA:<\/strong>\u00a0Marija Vugrinec<strong><br \/>\nKOSTIMI:<\/strong>\u00a0Melita Kukec<\/p>\n<p><strong>IGRAJU:<\/strong>\u00a0Eneja Zadravec, Klara Bili\u0107, Rea \u0160telcer i Ivan Modri\u0107<em><br \/>\n(glumci su prvi i drugi razredi srednje \u0161kole)<\/em><strong><br \/>\nREDATELJ:<\/strong>\u00a0Davor Dokleja<br \/>\n<strong>Trajanje:<\/strong>\u00a023 min.<em><br \/>\n<\/em><strong>Uzrast:<\/strong><em>\u00a0Od 4 do 10 godina<br \/>\n<\/em><\/p>\n<p><strong>O BAJCI:<\/strong>\u00a0Ova je bajka jedna od ponajboljih \u010capekovih ostvarenja. Vrlo je \u017eivahna i suvremena. Bajka je to o psi\u0107u Vor\u017ei\u0161eku na kojeg je pukim slu\u010dajem naletio stari mlinar \u0160ulitka jedne ve\u010deri kad se vra\u010dao ku\u0107i iz kr\u010dme. Pas mu se svidje istoga trena te ga odlu\u010di uzeti u svoj dom. No, Vor\u017ei\u0161ek nije bio obi\u010dan pas. Bio je pomalo \u010dudan, nije znao \u010dak ni lajati. Ubrzo ga \u0160ulitka nau\u010di lajati i on postane pravo psetance, zaigrano i veselo. Ovu pri\u010du ispri\u010dat \u0107e vam \u010detvero mladih glumaca koriste\u0107i uglavnom svoje gluma\u010dko umije\u0107e i pokoji rekvizit.<\/p>\n<p><strong>NAGRADE:<\/strong><\/p>\n<p>FESTIVAL KAM, PRELOG (2008.) \u2013\u00a0<strong>Nagrada za najbolju re\u017eiju<\/strong>\u00a0(Davor Dokleja) za predstavu \u201cVOR\u017dI\u0160EK\u201d[\/vc_column_text][\/vc_column][\/vc_row]\n<\/div>","protected":false},"excerpt":{"rendered":"<p>[vc_row equal_height=&#8221;yes&#8221; content_placement=&#8221;middle&#8221;][vc_column width=&#8221;1\/3&#8243;][vc_single_image image=&#8221;49309&#8243; img_size=&#8221;medium&#8221; alignment=&#8221;center&#8221; css=&#8221;&#8221;][\/vc_column][vc_column width=&#8221;2\/3&#8243;][vc_custom_heading text=&#8221;Vor\u017ei\u0161ek (2006.)&#8221; font_container=&#8221;tag:h1|text_align:left&#8221; css=&#8221;&#8221;][\/vc_column][\/vc_row][vc_row][vc_column][vc_column_text css=&#8221;&#8221;]VOR\u017dI\u0160EK (prema K. \u010capeku) GLAZBA:\u00a0Dejan Vuk SCENOGRAFIJA:\u00a0Marija Vugrinec KOSTIMI:\u00a0Melita Kukec IGRAJU:\u00a0Eneja Zadravec, Klara Bili\u0107, Rea \u0160telcer i Ivan Modri\u0107 (glumci su prvi i drugi razredi srednje \u0161kole) REDATELJ:\u00a0Davor Dokleja Trajanje:\u00a023 min. Uzrast:\u00a0Od 4 do 10 godina O BAJCI:\u00a0Ova je bajka jedna od ponajboljih \u010capekovih ostvarenja. Vrlo je [&hellip;]<\/p>\n","protected":false},"author":2,"featured_media":0,"parent":0,"menu_order":0,"comment_status":"closed","ping_status":"closed","template":"","meta":{"inline_featured_image":false,"footnotes":""},"class_list":["post-49559","page","type-page","status-publish","hentry"],"ulaznica_data":null,"_links":{"self":[{"href":"https:\/\/czk-cakovec.hr\/saturn\/wp-json\/wp\/v2\/pages\/49559","targetHints":{"allow":["GET"]}}],"collection":[{"href":"https:\/\/czk-cakovec.hr\/saturn\/wp-json\/wp\/v2\/pages"}],"about":[{"href":"https:\/\/czk-cakovec.hr\/saturn\/wp-json\/wp\/v2\/types\/page"}],"author":[{"embeddable":true,"href":"https:\/\/czk-cakovec.hr\/saturn\/wp-json\/wp\/v2\/users\/2"}],"replies":[{"embeddable":true,"href":"https:\/\/czk-cakovec.hr\/saturn\/wp-json\/wp\/v2\/comments?post=49559"}],"version-history":[{"count":3,"href":"https:\/\/czk-cakovec.hr\/saturn\/wp-json\/wp\/v2\/pages\/49559\/revisions"}],"predecessor-version":[{"id":49562,"href":"https:\/\/czk-cakovec.hr\/saturn\/wp-json\/wp\/v2\/pages\/49559\/revisions\/49562"}],"wp:attachment":[{"href":"https:\/\/czk-cakovec.hr\/saturn\/wp-json\/wp\/v2\/media?parent=49559"}],"curies":[{"name":"wp","href":"https:\/\/api.w.org\/{rel}","templated":true}]}}