{"id":25077,"date":"2018-10-08T21:38:39","date_gmt":"2018-10-08T19:38:39","guid":{"rendered":"http:\/\/czk-cakovec.hr\/?page_id=25077"},"modified":"2018-10-08T21:43:13","modified_gmt":"2018-10-08T19:43:13","slug":"pravila-privatnosti-i-prikupljanja-kolacica","status":"publish","type":"page","link":"https:\/\/czk-cakovec.hr\/stara\/pravila-privatnosti-i-prikupljanja-kolacica\/","title":{"rendered":"Pravila privatnosti i prikupljanja kola\u010di\u0107a"},"content":{"rendered":"<h1>Cookies<\/h1>\n<div class=\"page_content\">\n<p>Kako bi posjet ovoj internetskoj stranici bio \u0161to ugodniji, funkcionalniji i prakti\u010dniji, ova internet stranica sprema na va\u0161e ra\u010dunalo odre\u0111enu koli\u010dinu informacija, takozvanih\u00a0cookies\u00a0(kola\u010di\u0107i). Oni slu\u017ee da bi web stranica radila optimalno i kako bi se pobolj\u0161alo va\u0161e iskustvo pregledavanja i kori\u0161tenja. Posjetom i kori\u0161tenjem ove web stranice pristajete na upotrebu kola\u010di\u0107a koje je mogu\u0107e i blokirati. Nakon toga \u0107ete i dalje mo\u0107i pregledavati web stranicu, ali vam neke mogu\u0107nosti ne\u0107e biti dostupne.<\/p>\n<h2>\u0160to je cookies (kola\u010di\u0107)?<\/h2>\n<p>Kola\u010di\u0107 je dio informacija spremljenih na va\u0161e ra\u010dunalo, mobitel ili tablet, koje mogu biti dostavljene neposredno od strane web stranice koju posjetite (kola\u010di\u0107i od prve strane) ili u suradnji i za potrebe web stranice od tre\u0107e strane (kola\u010di\u0107i tre\u0107e strane). Kola\u010di\u0107i u pravilu spremaju va\u0161e postavke, postavke za web stranicu i sl. Nakon \u0161to opet otvorite web stranicu, va\u0161 internetski preglednik \u0161alje natrag kola\u010di\u0107e koji pripadaju ovoj web stranici. To omogu\u0107uje stranici da prika\u017ee informacije prilago\u0111ene va\u0161im potrebama. Kola\u010di\u0107i mogu imati \u0161irok raspon informacija, uklju\u010duju\u0107i i dio osobnih informacija. Takve informacije mogu biti spremljene jedino ako vi to omogu\u0107ite. Sama web stranica ne mo\u017ee dobiti pristup informacijama koje im niste dali te ne mogu pristupiti niti jednoj drugoj datoteci na va\u0161em ra\u010dunalu.<\/p>\n<h2>Kako ih onemogu\u0107iti?<\/h2>\n<p>\u017delite li onemogu\u0107iti spremanje kola\u010di\u0107a na svoje ra\u010dunalo, mo\u017eete to u\u010diniti. Sam \u010din blokiranja mogao bi imati negativan u\u010dinak na kori\u0161tenje web stranice. Kako bi isklju\u010dili kola\u010di\u0107e, potrebno je namjestiti postavke i konfiguracije va\u0161eg internetskog preglednika. U izborniku preglednika odaberite pomo\u0107 i informacije o kola\u010di\u0107ima te slijedite upute.<\/p>\n<h2>\u0160to su privremeni kola\u010di\u0107i?<\/h2>\n<p>Privremeni kola\u010di\u0107i ili kola\u010di\u0107i sesije uklanjaju se s ra\u010dunala po zatvaranju internet preglednika. Pomo\u0107u njih web-mjesta pohranjuju privremene podatke.<\/p>\n<h2>\u0160to su stalni kola\u010di\u0107i?<\/h2>\n<p>Stalni ili spremljeni kola\u010di\u0107i ostaju na ra\u010dunalu nakon zatvaranja programa internet preglednika. Pomo\u0107u njih web-mjesta pohranjuju podatke, kao \u0161to su ime za prijavu i lozinka, tako da se ne morate prijavljivati prilikom svakog posjeta odre\u0111enom mjestu.<\/p>\n<p>Vi\u0161e o kola\u010di\u0107ima mo\u017eete pro\u010ditati ovdje:<br \/>\n<a class=\"outlink\" href=\"http:\/\/www.allaboutcookies.org\/\" target=\"_blank\" rel=\"noopener\">http:\/\/www.allaboutcookies.<wbr \/>org\/<\/a><br \/>\n<a class=\"outlink\" href=\"http:\/\/www.youronlinechoices.com\/hr\/\" target=\"_blank\" rel=\"noopener\">http:\/\/www.youronlinechoices.<wbr \/>com\/hr\/<\/a><br \/>\n<a class=\"outlink\" href=\"http:\/\/www.aboutads.info\/choices\/\" target=\"_blank\" rel=\"noopener\">http:\/\/www.aboutads.info\/<wbr \/>choices\/<\/a><\/p>\n<\/div>\n","protected":false},"excerpt":{"rendered":"<p>Cookies Kako bi posjet ovoj internetskoj stranici bio \u0161to ugodniji, funkcionalniji i prakti\u010dniji, ova internet stranica sprema na va\u0161e ra\u010dunalo odre\u0111enu koli\u010dinu informacija, takozvanih\u00a0cookies\u00a0(kola\u010di\u0107i). Oni slu\u017ee da bi web stranica radila optimalno i kako bi se pobolj\u0161alo va\u0161e iskustvo pregledavanja i kori\u0161tenja. Posjetom i kori\u0161tenjem ove web stranice pristajete na upotrebu kola\u010di\u0107a koje je mogu\u0107e [&hellip;]<\/p>\n","protected":false},"author":1,"featured_media":0,"parent":0,"menu_order":0,"comment_status":"closed","ping_status":"closed","template":"","meta":[],"_links":{"self":[{"href":"https:\/\/czk-cakovec.hr\/stara\/wp-json\/wp\/v2\/pages\/25077"}],"collection":[{"href":"https:\/\/czk-cakovec.hr\/stara\/wp-json\/wp\/v2\/pages"}],"about":[{"href":"https:\/\/czk-cakovec.hr\/stara\/wp-json\/wp\/v2\/types\/page"}],"author":[{"embeddable":true,"href":"https:\/\/czk-cakovec.hr\/stara\/wp-json\/wp\/v2\/users\/1"}],"replies":[{"embeddable":true,"href":"https:\/\/czk-cakovec.hr\/stara\/wp-json\/wp\/v2\/comments?post=25077"}],"version-history":[{"count":2,"href":"https:\/\/czk-cakovec.hr\/stara\/wp-json\/wp\/v2\/pages\/25077\/revisions"}],"predecessor-version":[{"id":25080,"href":"https:\/\/czk-cakovec.hr\/stara\/wp-json\/wp\/v2\/pages\/25077\/revisions\/25080"}],"wp:attachment":[{"href":"https:\/\/czk-cakovec.hr\/stara\/wp-json\/wp\/v2\/media?parent=25077"}],"curies":[{"name":"wp","href":"https:\/\/api.w.org\/{rel}","templated":true}]}}